--
-- Host: localhost    Database: abundant_recursos
-- ------------------------------------------------------


--
-- Table structure for table `btdov_assets`
--

CREATE TABLE `btdov_assets` (
  `id` int(10) unsigned NOT NULL AUTO_INCREMENT COMMENT 'Clave primaria',
  `parent_id` int(11) NOT NULL DEFAULT '0' COMMENT 'Anidadas al conjunto padre.',
  `lft` int(11) NOT NULL DEFAULT '0' COMMENT 'Anidadas conjunto lft.',
  `rgt` int(11) NOT NULL DEFAULT '0' COMMENT 'Anidadas conjunto rgt.',
  `level` int(10) unsigned NOT NULL COMMENT 'Nivel de la caché en el árbol anidado.',
  `name` varchar(50) NOT NULL COMMENT 'Nombre único para el activo.\n',
  `title` varchar(100) NOT NULL COMMENT 'Título descriptivo para el activo.',
  `rules` varchar(5120) NOT NULL COMMENT 'Control de acceso codificado de JSON.',
  PRIMARY KEY (`id`),
  UNIQUE KEY `idx_asset_name` (`name`),
  KEY `idx_lft_rgt` (`lft`,`rgt`),
  KEY `idx_parent_id` (`parent_id`)
) ENGINE=MyISAM AUTO_INCREMENT=188 DEFAULT CHARSET=utf8;

--
-- Dumping data for table `btdov_assets`
--

INSERT INTO `btdov_assets` VALUES (1,0,1,452,0,'root.1','Root Asset','{\"core.login.site\":{\"6\":1,\"2\":1},\"core.login.admin\":{\"6\":1},\"core.login.offline\":[],\"core.admin\":{\"8\":1},\"core.manage\":{\"7\":1},\"core.create\":{\"6\":1,\"3\":1},\"core.delete\":{\"6\":1},\"core.edit\":{\"6\":1,\"4\":1},\"core.edit.state\":{\"6\":1,\"5\":1},\"core.edit.own\":{\"6\":1,\"3\":1}}'),(2,1,2,3,1,'com_admin','com_admin','{}'),(3,1,4,11,1,'com_banners','com_banners','{\"core.admin\":{\"7\":1},\"core.manage\":{\"6\":1},\"core.create\":[],\"core.delete\":[],\"core.edit\":[],\"core.edit.state\":[]}'),(4,1,12,13,1,'com_cache','com_cache','{\"core.admin\":{\"7\":1},\"core.manage\":{\"7\":1}}'),(5,1,14,15,1,'com_checkin','com_checkin','{\"core.admin\":{\"7\":1},\"core.manage\":{\"7\":1}}'),(6,1,16,17,1,'com_config','com_config','{}'),(7,1,18,87,1,'com_contact','com_contact','{\"core.admin\":{\"7\":1},\"core.manage\":{\"6\":1},\"core.create\":[],\"core.delete\":[],\"core.edit\":[],\"core.edit.state\":[]}'),(8,1,88,329,1,'com_content','com_content','{\"core.admin\":{\"7\":1},\"core.manage\":{\"6\":1},\"core.create\":{\"3\":1},\"core.delete\":[],\"core.edit\":{\"4\":1},\"core.edit.state\":{\"5\":1},\"core.edit.own\":[]}'),(9,1,330,331,1,'com_cpanel','com_cpanel','{}'),(10,1,332,333,1,'com_installer','com_installer','{\"core.admin\":{\"7\":1},\"core.manage\":{\"7\":1},\"core.create\":[],\"core.delete\":[],\"core.edit.state\":[]}'),(11,1,334,335,1,'com_languages','com_languages','{\"core.admin\":{\"7\":1},\"core.manage\":[],\"core.create\":[],\"core.delete\":[],\"core.edit\":[],\"core.edit.state\":[]}'),(12,1,336,337,1,'com_login','com_login','{}'),(13,1,338,339,1,'com_mailto','com_mailto','{}'),(14,1,340,341,1,'com_massmail','com_massmail','{}'),(15,1,342,343,1,'com_media','com_media','{\"core.admin\":{\"7\":1},\"core.manage\":{\"6\":1},\"core.create\":{\"3\":1},\"core.delete\":{\"5\":1}}'),(16,1,344,345,1,'com_menus','com_menus','{\"core.admin\":{\"7\":1},\"core.manage\":[],\"core.create\":[],\"core.delete\":[],\"core.edit\":[],\"core.edit.state\":[]}'),(17,1,37,38,1,'com_messages','com_messages','{\"core.admin\":{\"7\":1},\"core.manage\":{\"7\":1}}'),(18,1,348,349,1,'com_modules','com_modules','{\"core.admin\":{\"7\":1},\"core.manage\":[],\"core.create\":[],\"core.delete\":[],\"core.edit\":[],\"core.edit.state\":[]}'),(19,1,350,357,1,'com_newsfeeds','com_newsfeeds','{\"core.admin\":{\"7\":1},\"core.manage\":{\"6\":1},\"core.create\":[],\"core.delete\":[],\"core.edit\":[],\"core.edit.state\":[]}'),(20,1,358,359,1,'com_plugins','com_plugins','{\"core.admin\":{\"7\":1},\"core.manage\":[],\"core.create\":[],\"core.delete\":[],\"core.edit\":[],\"core.edit.state\":[]}'),(21,1,360,361,1,'com_redirect','com_redirect','{\"core.admin\":{\"7\":1},\"core.manage\":[]}'),(22,1,362,363,1,'com_search','com_search','{\"core.admin\":{\"7\":1},\"core.manage\":{\"6\":1}}'),(23,1,364,365,1,'com_templates','com_templates','{\"core.admin\":{\"7\":1},\"core.manage\":[],\"core.create\":[],\"core.delete\":[],\"core.edit\":[],\"core.edit.state\":[]}'),(24,1,366,367,1,'com_users','com_users','{\"core.admin\":{\"7\":1},\"core.manage\":[],\"core.create\":[],\"core.delete\":[],\"core.edit\":[],\"core.edit.state\":[],\"core.edit.own\":{\"6\":1}}'),(25,1,368,385,1,'com_weblinks','com_weblinks','{\"core.admin\":{\"7\":1},\"core.manage\":{\"6\":1},\"core.create\":{\"3\":1,\"10\":0,\"12\":0},\"core.delete\":[],\"core.edit\":{\"4\":1},\"core.edit.state\":{\"5\":1}}'),(26,1,386,387,1,'com_wrapper','com_wrapper','{}'),(39,8,109,292,2,'com_content.category.14','Datos Ejemplo Articulos','{\"core.create\":[],\"core.delete\":[],\"core.edit\":[],\"core.edit.state\":[]}'),(38,25,375,376,2,'com_weblinks.category.13','Sin categorizar','{\"core.create\":[],\"core.delete\":[],\"core.edit\":[],\"core.edit.state\":[]}'),(37,19,353,354,2,'com_newsfeeds.category.12','Sin categorizar','{\"core.create\":[],\"core.delete\":[],\"core.edit\":[],\"core.edit.state\":[]}'),(36,7,23,24,2,'com_contact.category.11','Sin categorizar','{\"core.create\":[],\"core.delete\":[],\"core.edit\":[],\"core.edit.state\":[]}'),(35,3,7,8,2,'com_banners.category.10','Sin categorizar','{\"core.create\":[],\"core.delete\":[],\"core.edit\":[],\"core.edit.state\":[]}'),(34,8,105,108,2,'com_content.category.9','Sin categorizar','{\"core.create\":{\"10\":0,\"12\":0},\"core.delete\":[],\"core.edit\":[],\"core.edit.state\":[]}'),(40,3,9,10,2,'com_banners.category.15','Datos Ejemplo Anuncios','{\"core.create\":[],\"core.delete\":[],\"core.edit\":[],\"core.edit.state\":[]}'),(41,7,25,86,2,'com_contact.category.16','Datos Ejemplo Contacto','{\"core.create\":[],\"core.delete\":[],\"core.edit\":[],\"core.edit.state\":[]}'),(42,19,355,356,2,'com_newsfeeds.category.17','Datos Ejemplo Noticias Externas','{\"core.create\":[],\"core.delete\":[],\"core.edit\":[],\"core.edit.state\":[]}'),(43,25,377,384,2,'com_weblinks.category.18','Datos Ejemplo Enlaces Web','{\"core.create\":[],\"core.delete\":[],\"core.edit\":[],\"core.edit.state\":[]}'),(44,39,110,241,3,'com_content.category.19','Joomla!','{\"core.create\":{\"10\":0,\"12\":0},\"core.delete\":[],\"core.edit\":[],\"core.edit.state\":[]}'),(45,44,111,218,4,'com_content.category.20','Extensiones','{\"core.create\":[],\"core.delete\":[],\"core.edit\":[],\"core.edit.state\":[]}'),(46,45,112,127,5,'com_content.category.21','Componentes','{\"core.create\":[],\"core.delete\":[],\"core.edit\":[],\"core.edit.state\":[]}'),(47,45,128,187,5,'com_content.category.22','Modulos','{\"core.create\":[],\"core.delete\":[],\"core.edit\":[],\"core.edit.state\":[]}'),(48,45,188,199,5,'com_content.category.23','Plantillas','{\"core.create\":[],\"core.delete\":[],\"core.edit\":[],\"core.edit.state\":[]}'),(49,45,200,201,5,'com_content.category.24','Idiomas','{\"core.create\":[],\"core.delete\":[],\"core.edit\":[],\"core.edit.state\":[]}'),(50,45,202,217,5,'com_content.category.25','Plugins','{\"core.create\":[],\"core.delete\":[],\"core.edit\":[],\"core.edit.state\":[]}'),(51,39,242,273,3,'com_content.category.26','Sitio Parque','{\"core.create\":{\"10\":0,\"12\":0},\"core.delete\":[],\"core.edit\":[],\"core.edit.state\":[]}'),(52,51,243,248,4,'com_content.category.27','Blog Parque','{\"core.create\":[],\"core.delete\":[],\"core.edit\":[],\"core.edit.state\":[]}'),(53,51,249,270,4,'com_content.category.28','Galeria Fotografica','{\"core.create\":[],\"core.delete\":[],\"core.edit\":[],\"core.edit.state\":[]}'),(54,39,274,287,3,'com_content.category.29','Sitio Tienda de Frutas','{\"core.create\":[],\"core.delete\":[],\"core.edit\":[],\"core.edit.state\":[]}'),(55,54,275,280,4,'com_content.category.30','Productores','{\"core.create\":{\"12\":0},\"core.delete\":[],\"core.edit\":[],\"core.edit.state\":[]}'),(56,43,378,379,3,'com_weblinks.category.31','Enlaces Parque','{\"core.create\":[],\"core.delete\":[],\"core.edit\":[],\"core.edit.state\":[]}'),(57,43,380,383,3,'com_weblinks.category.32','Enlaces eespecificos de Joomla!','{\"core.create\":[],\"core.delete\":[],\"core.edit\":[],\"core.edit.state\":[]}'),(58,57,381,382,4,'com_weblinks.category.33','Otros Recursos','{\"core.create\":[],\"core.delete\":[],\"core.edit\":[],\"core.edit.state\":[]}'),(59,41,26,27,3,'com_contact.category.34','Sitio Parque','{\"core.create\":[],\"core.delete\":[],\"core.edit\":[],\"core.edit.state\":[]}'),(60,41,28,85,3,'com_contact.category.35','Sitio Tienda','{\"core.create\":[],\"core.delete\":[],\"core.edit\":[],\"core.edit.state\":[]}'),(61,60,29,30,4,'com_contact.category.36','Personal','{\"core.create\":[],\"core.delete\":[],\"core.edit\":[],\"core.edit.state\":[]}'),(62,60,31,84,4,'com_contact.category.37','Enciclopedia de Frutas','{\"core.create\":[],\"core.delete\":[],\"core.edit\":[],\"core.edit.state\":[]}'),(63,62,32,33,5,'com_contact.category.38','A','{\"core.create\":[],\"core.delete\":[],\"core.edit\":[],\"core.edit.state\":[]}'),(64,62,34,35,5,'com_contact.category.39','B','{\"core.create\":[],\"core.delete\":[],\"core.edit\":[],\"core.edit.state\":[]}'),(65,62,36,37,5,'com_contact.category.40','C','{\"core.create\":[],\"core.delete\":[],\"core.edit\":[],\"core.edit.state\":[]}'),(66,62,38,39,5,'com_contact.category.41','D','{\"core.create\":[],\"core.delete\":[],\"core.edit\":[],\"core.edit.state\":[]}'),(67,62,40,41,5,'com_contact.category.42','E','{\"core.create\":[],\"core.delete\":[],\"core.edit\":[],\"core.edit.state\":[]}'),(68,62,42,43,5,'com_contact.category.43','F','{\"core.create\":[],\"core.delete\":[],\"core.edit\":[],\"core.edit.state\":[]}'),(69,62,44,45,5,'com_contact.category.44','G','{\"core.create\":[],\"core.delete\":[],\"core.edit\":[],\"core.edit.state\":[]}'),(70,62,46,47,5,'com_contact.category.45','H','{\"core.create\":[],\"core.delete\":[],\"core.edit\":[],\"core.edit.state\":[]}'),(71,62,48,49,5,'com_contact.category.46','I','{\"core.create\":[],\"core.delete\":[],\"core.edit\":[],\"core.edit.state\":[]}'),(72,62,50,51,5,'com_contact.category.47','J','{\"core.create\":[],\"core.delete\":[],\"core.edit\":[],\"core.edit.state\":[]}'),(73,62,52,53,5,'com_contact.category.48','K','{\"core.create\":[],\"core.delete\":[],\"core.edit\":[],\"core.edit.state\":[]}'),(74,62,54,55,5,'com_contact.category.49','L','{\"core.create\":[],\"core.delete\":[],\"core.edit\":[],\"core.edit.state\":[]}'),(75,62,56,57,5,'com_contact.category.50','M','{\"core.create\":[],\"core.delete\":[],\"core.edit\":[],\"core.edit.state\":[]}'),(76,62,58,59,5,'com_contact.category.51','N','{\"core.create\":[],\"core.delete\":[],\"core.edit\":[],\"core.edit.state\":[]}'),(77,62,60,61,5,'com_contact.category.52','O','{\"core.create\":[],\"core.delete\":[],\"core.edit\":[],\"core.edit.state\":[]}'),(78,62,62,63,5,'com_contact.category.53','P','{\"core.create\":[],\"core.delete\":[],\"core.edit\":[],\"core.edit.state\":[]}'),(79,62,64,65,5,'com_contact.category.54','Q','{\"core.create\":[],\"core.delete\":[],\"core.edit\":[],\"core.edit.state\":[]}'),(80,62,66,67,5,'com_contact.category.55','R','{\"core.create\":[],\"core.delete\":[],\"core.edit\":[],\"core.edit.state\":[]}'),(81,62,68,69,5,'com_contact.category.56','S','{\"core.create\":[],\"core.delete\":[],\"core.edit\":[],\"core.edit.state\":[]}'),(82,62,70,71,5,'com_contact.category.57','T','{\"core.create\":[],\"core.delete\":[],\"core.edit\":[],\"core.edit.state\":[]}'),(83,62,72,73,5,'com_contact.category.58','U','{\"core.create\":[],\"core.delete\":[],\"core.edit\":[],\"core.edit.state\":[]}'),(84,62,74,75,5,'com_contact.category.59','V','{\"core.create\":[],\"core.delete\":[],\"core.edit\":[],\"core.edit.state\":[]}'),(85,62,76,77,5,'com_contact.category.60','W','{\"core.create\":[],\"core.delete\":[],\"core.edit\":[],\"core.edit.state\":[]}'),(86,62,78,79,5,'com_contact.category.61','X','{\"core.create\":[],\"core.delete\":[],\"core.edit\":[],\"core.edit.state\":[]}'),(87,62,80,81,5,'com_contact.category.62','Y','{\"core.create\":[],\"core.delete\":[],\"core.edit\":[],\"core.edit.state\":[]}'),(88,62,82,83,5,'com_contact.category.63','Z','{\"core.create\":[],\"core.delete\":[],\"core.edit\":[],\"core.edit.state\":[]}'),(89,46,113,114,6,'com_content.article.1','Administrador de Componentes','{\"core.delete\":[],\"core.edit\":[],\"core.edit.state\":[]}'),(90,93,130,131,7,'com_content.article.2','Modulo Archivo','{\"core.delete\":[],\"core.edit\":[],\"core.edit.state\":[]}'),(91,93,132,133,7,'com_content.article.3','Modulo Articulos Categoria','{\"core.delete\":[],\"core.edit\":[],\"core.edit.state\":[]}'),(92,93,134,135,7,'com_content.article.4','Modulo Articulos Categoria','{\"core.delete\":[],\"core.edit\":[],\"core.edit.state\":[]}'),(93,47,129,144,6,'com_content.category.64','Modulos Contenido','{\"core.create\":[],\"core.delete\":[],\"core.edit\":[],\"core.edit.state\":[]}'),(94,47,145,152,6,'com_content.category.65','Modulos Usuario','{\"core.create\":[],\"core.delete\":[],\"core.edit\":[],\"core.edit.state\":[]}'),(95,47,153,166,6,'com_content.category.66','Mostrar Modulos','{\"core.create\":[],\"core.delete\":[],\"core.edit\":[],\"core.edit.state\":[]}'),(96,47,167,178,6,'com_content.category.67','Utilidad Modulos','{\"core.create\":[],\"core.delete\":[],\"core.edit\":[],\"core.edit.state\":[]}'),(97,48,189,190,6,'com_content.category.68','Atomic','{\"core.create\":[],\"core.delete\":[],\"core.edit\":[],\"core.edit.state\":[]}'),(98,48,191,192,6,'com_content.category.69','Beez 20','{\"core.create\":[],\"core.delete\":[],\"core.edit\":[],\"core.edit.state\":[]}'),(99,48,193,194,6,'com_content.category.70','Beez5','{\"core.create\":[],\"core.delete\":[],\"core.edit\":[],\"core.edit.state\":[]}'),(100,48,195,196,6,'com_content.category.71','Via Lactea','{\"core.create\":[],\"core.delete\":[],\"core.edit\":[],\"core.edit.state\":[]}'),(101,50,203,204,6,'com_content.article.5','Autenticacion','{\"core.delete\":[],\"core.edit\":[],\"core.edit.state\":[]}'),(102,51,271,272,4,'com_content.article.6','Parques Australianos ','{\"core.delete\":[],\"core.edit\":{\"2\":1},\"core.edit.state\":[]}'),(103,95,154,155,7,'com_content.article.7','Modulo Anuncios','{\"core.delete\":[],\"core.edit\":[],\"core.edit.state\":[]}'),(104,44,219,220,4,'com_content.article.8','Principiantes','{\"core.delete\":[],\"core.edit\":[],\"core.edit.state\":[]}'),(105,46,115,116,6,'com_content.article.9','Contacto','{\"core.delete\":[],\"core.edit\":[],\"core.edit.state\":[]}'),(106,46,117,118,6,'com_content.article.10','Contenido','{\"core.delete\":[],\"core.edit\":[],\"core.edit.state\":[]}'),(107,109,261,262,6,'com_content.article.11','Cradle Mountain','{\"core.delete\":[],\"core.edit\":[],\"core.edit.state\":[]}'),(108,53,250,259,5,'com_content.category.72','Animales','{\"core.create\":[],\"core.delete\":[],\"core.edit\":[],\"core.edit.state\":[]}'),(109,53,260,269,5,'com_content.category.73','Escenario','{\"core.create\":[],\"core.delete\":[],\"core.edit\":[],\"core.edit.state\":[]}'),(110,95,156,157,7,'com_content.article.12','Modulo HTML personalizado','{\"core.delete\":[],\"core.edit\":[],\"core.edit.state\":[]}'),(111,54,281,282,4,'com_content.article.13','Direcciones','{\"core.delete\":[],\"core.edit\":[],\"core.edit.state\":[]}'),(112,50,205,206,6,'com_content.article.14','Editores','{\"core.delete\":[],\"core.edit\":[],\"core.edit.state\":[]}'),(113,50,207,208,6,'com_content.article.15','Editores-xtd','{\"core.delete\":[],\"core.edit\":[],\"core.edit.state\":[]}'),(114,95,158,159,7,'com_content.article.16','Mostrar Feed','{\"core.delete\":[],\"core.edit\":[],\"core.edit.state\":[]}'),(115,52,244,245,5,'com_content.article.17','Primer Post Blog','{\"core.delete\":[],\"core.edit\":[],\"core.edit.state\":[]}'),(116,52,246,247,5,'com_content.article.18','Segundo Post Blog','{\"core.delete\":[],\"core.edit\":[],\"core.edit.state\":[]}'),(117,95,160,161,7,'com_content.article.19','Modulo Pie de Pagina','{\"core.delete\":[],\"core.edit\":[],\"core.edit.state\":[]}'),(118,54,283,284,4,'com_content.article.20','Tienda de Frutas','{\"core.delete\":[],\"core.edit\":[],\"core.edit.state\":[]}'),(119,44,221,222,4,'com_content.article.21','Obtener Ayuda','{\"core.delete\":[],\"core.edit\":[],\"core.edit.state\":[]}'),(120,44,223,224,4,'com_content.article.22','Primeros Pasos','{\"core.delete\":[],\"core.edit\":[],\"core.edit.state\":[]}'),(121,55,276,277,5,'com_content.article.23','Happy Orange Orchard','{\"core.delete\":[],\"core.edit\":[],\"core.edit.state\":[]}'),(122,44,225,226,4,'com_content.article.24','Joomla!','{\"core.delete\":[],\"core.edit\":[],\"core.edit.state\":[]}'),(123,108,251,252,6,'com_content.article.25','Koala','{\"core.delete\":[],\"core.edit\":[],\"core.edit.state\":[]}'),(124,96,168,169,7,'com_content.article.26','Conmutar Idioma','{\"core.delete\":[],\"core.edit\":[],\"core.edit.state\":[]}'),(125,93,136,137,7,'com_content.article.27','Modulo Ultimos Articulos','{\"core.delete\":[],\"core.edit\":[],\"core.edit.state\":[]}'),(126,94,146,147,7,'com_content.article.28','Modulo Acceso','{\"core.delete\":[],\"core.edit\":[],\"core.edit.state\":[]}'),(127,166,182,183,7,'com_content.article.29','Modulo Menu','{\"core.delete\":[],\"core.edit\":[],\"core.edit.state\":[]}'),(128,93,138,139,7,'com_content.article.30','Contenido Mas Leido','{\"core.delete\":[],\"core.edit\":[],\"core.edit.state\":[]}'),(129,93,140,141,7,'com_content.article.31','Noticias de Ultima Hora','{\"core.delete\":[],\"core.edit\":[],\"core.edit.state\":[]}'),(130,44,227,228,4,'com_content.article.32','Parametros','{\"core.delete\":[],\"core.edit\":[],\"core.edit.state\":[]}'),(131,108,253,254,6,'com_content.article.33','Phyllopteryx','{\"core.delete\":[],\"core.edit\":[],\"core.edit.state\":[]}'),(132,109,263,264,6,'com_content.article.34','Pinnacles','{\"core.delete\":[],\"core.edit\":[],\"core.edit.state\":[]}'),(133,44,229,230,4,'com_content.article.35','Profesionales','{\"core.delete\":[],\"core.edit\":[],\"core.edit.state\":[]}'),(134,95,162,163,7,'com_content.article.36','Modulo Imagen Aleatoria','{\"core.delete\":[],\"core.edit\":[],\"core.edit.state\":[]}'),(135,93,142,143,7,'com_content.article.37','Modulo Articulos  Relacionados','{\"core.delete\":[],\"core.edit\":[],\"core.edit.state\":[]}'),(136,44,231,232,4,'com_content.article.38','Sitios de Ejemplo','{\"core.delete\":[],\"core.edit\":[],\"core.edit.state\":[]}'),(137,46,119,120,6,'com_content.article.39','Buscar','{\"core.delete\":[],\"core.edit\":[],\"core.edit.state\":[]}'),(138,96,170,171,7,'com_content.article.40','Modulo de Busqueda','{\"core.delete\":[],\"core.edit\":[],\"core.edit.state\":[]}'),(139,50,209,210,6,'com_content.article.41','Buscar ','{\"core.delete\":[],\"core.edit\":[],\"core.edit.state\":[]}'),(140,39,288,289,3,'com_content.article.42','Mapa Web','{\"core.delete\":[],\"core.edit\":[],\"core.edit.state\":[]}'),(141,108,255,256,6,'com_content.article.43','Spotted Quoll','{\"core.delete\":[],\"core.edit\":[],\"core.edit.state\":[]}'),(142,96,172,173,7,'com_content.article.44','Modulo Estadisticas','{\"core.delete\":[],\"core.edit\":[],\"core.edit.state\":[]}'),(143,96,174,175,7,'com_content.article.45','Modulo Redifusion','{\"core.delete\":[],\"core.edit\":[],\"core.edit.state\":[]}'),(144,50,211,212,6,'com_content.article.46','Sistema','{\"core.delete\":[],\"core.edit\":[],\"core.edit.state\":[]}'),(145,44,233,234,4,'com_content.article.47','La Comunidad Joomla!','{\"core.delete\":[],\"core.edit\":[],\"core.edit.state\":[]}'),(146,44,235,236,4,'com_content.article.48','El Proyecto Joomla!','{\"core.delete\":[],\"core.edit\":[],\"core.edit.state\":[]}'),(147,48,197,198,6,'com_content.article.49','Tipografia','{\"core.delete\":[],\"core.edit\":[],\"core.edit.state\":[]}'),(148,44,237,238,4,'com_content.article.50','Mejoras','{\"core.delete\":[],\"core.edit\":[],\"core.edit.state\":[]}'),(149,50,213,214,6,'com_content.article.51','Usuario','{\"core.delete\":[],\"core.edit\":[],\"core.edit.state\":[]}'),(150,46,121,122,6,'com_content.article.52','Usuarios','{\"core.delete\":[],\"core.edit\":[],\"core.edit.state\":[]}'),(151,44,239,240,4,'com_content.article.53','Uso de Joomla!','{\"core.delete\":[],\"core.edit\":[],\"core.edit.state\":[]}'),(152,46,123,124,6,'com_content.article.54','Enlaces Web','{\"core.delete\":[],\"core.edit\":[],\"core.edit.state\":[]}'),(153,95,164,165,7,'com_content.article.55','Modulo Enlaces Web','{\"core.delete\":[],\"core.edit\":[],\"core.edit.state\":[]}'),(154,94,148,149,7,'com_content.article.56','Usuarios en Linea','{\"core.delete\":[],\"core.edit\":[],\"core.edit.state\":[]}'),(155,108,257,258,6,'com_content.article.57','Wobbegone','{\"core.delete\":[],\"core.edit\":[],\"core.edit.state\":[]}'),(156,55,278,279,5,'com_content.article.58','Sandia Maravillosa','{\"core.delete\":[],\"core.edit\":[],\"core.edit.state\":[]}'),(157,96,176,177,7,'com_content.article.59','Modulo Wrapper','{\"core.delete\":[],\"core.edit\":[],\"core.edit.state\":[]}'),(158,46,125,126,6,'com_content.article.60','Noticias Externas','{\"core.delete\":[],\"core.edit\":[],\"core.edit.state\":[]}'),(159,166,184,185,7,'com_content.article.61','Modulo Ruta','{\"core.delete\":[],\"core.edit\":[],\"core.edit.state\":[]}'),(160,50,215,216,6,'com_content.article.62','Contenido','{\"core.delete\":[],\"core.edit\":[],\"core.edit.state\":[]}'),(162,109,265,266,6,'com_content.article.64','Blue Mountain Rain Forest','{\"core.delete\":[],\"core.edit\":[],\"core.edit.state\":[]}'),(163,109,267,268,6,'com_content.article.65','Ormiston Pound','{\"core.delete\":[],\"core.edit\":[],\"core.edit.state\":[]}'),(165,94,150,151,7,'com_content.article.66','Modulo Ultimos Usuarios','{\"core.delete\":[],\"core.edit\":[],\"core.edit.state\":[]}'),(166,47,181,186,6,'com_content.category.75','Modulo del Menu','{\"core.create\":[],\"core.delete\":[],\"core.edit\":[],\"core.edit.state\":[]}'),(167,54,285,286,4,'com_content.category.76','Recetas','{\"core.create\":{\"12\":1},\"core.delete\":[],\"core.edit\":[],\"core.edit.state\":[]}'),(168,34,106,107,3,'com_content.article.67','¿Que hay de nuevo en la 1.5?','{\"core.delete\":[],\"core.edit\":[],\"core.edit.state\":[]}'),(169,172,316,317,3,'com_content.article.68','Bienvenido','{\"core.delete\":[],\"core.edit\":[],\"core.edit.state\":[]}'),(170,8,293,300,2,'com_content.category.77','Audio','{\"core.create\":[],\"core.delete\":[],\"core.edit\":[],\"core.edit.state\":[],\"core.edit.own\":[]}'),(171,8,301,314,2,'com_content.category.78','Video','{\"core.create\":[],\"core.delete\":[],\"core.edit\":[],\"core.edit.state\":[],\"core.edit.own\":[]}'),(172,8,315,320,2,'com_content.category.79','Varios','{\"core.create\":[],\"core.delete\":[],\"core.edit\":[],\"core.edit.state\":[],\"core.edit.own\":[]}'),(173,170,294,295,3,'com_content.article.69','Seccion Audio','{\"core.delete\":[],\"core.edit\":[],\"core.edit.state\":[]}'),(174,171,302,303,3,'com_content.article.70','Seccion Video','{\"core.delete\":[],\"core.edit\":[],\"core.edit.state\":[]}'),(175,176,322,323,3,'com_content.article.71','Inicio','{\"core.delete\":[],\"core.edit\":[],\"core.edit.state\":[]}'),(176,8,321,328,2,'com_content.category.80','Inicio','{\"core.create\":[],\"core.delete\":[],\"core.edit\":[],\"core.edit.state\":[],\"core.edit.own\":[]}'),(177,176,324,325,3,'com_content.article.72','Material Audio','{\"core.delete\":[],\"core.edit\":[],\"core.edit.state\":[]}'),(178,176,326,327,3,'com_content.article.73','Material Video','{\"core.delete\":[],\"core.edit\":[],\"core.edit.state\":[]}'),(179,172,318,319,3,'com_content.article.74','iRadios ','{\"core.delete\":[],\"core.edit\":[],\"core.edit.state\":[]}'),(180,171,304,305,3,'com_content.article.75','Predicas en Video','{\"core.delete\":[],\"core.edit\":[],\"core.edit.state\":[]}'),(181,171,306,307,3,'com_content.article.76','Serie Actual','{\"core.delete\":[],\"core.edit\":[],\"core.edit.state\":[]}'),(182,170,296,297,3,'com_content.article.77','Notas de Vida','{\"core.delete\":[],\"core.edit\":[],\"core.edit.state\":[]}'),(183,1,450,451,1,'com_comprofiler','comprofiler','{}'),(184,170,298,299,3,'com_content.article.78','Faro del Caribe','{\"core.delete\":[],\"core.edit\":[],\"core.edit.state\":[]}'),(185,171,308,309,3,'com_content.article.79','CCI CHANNEL','{\"core.delete\":[],\"core.edit\":[],\"core.edit.state\":[]}'),(186,171,310,311,3,'com_content.article.80','Nunca es  Tarde','{\"core.delete\":[],\"core.edit\":[],\"core.edit.state\":[]}'),(187,171,312,313,3,'com_content.article.81','Notas de Vida','{\"core.delete\":[],\"core.edit\":[],\"core.edit.state\":[]}');

--
-- Table structure for table `btdov_associations`
--

CREATE TABLE `btdov_associations` (
  `id` varchar(50) NOT NULL COMMENT 'A reference to the associated item.',
  `context` varchar(50) NOT NULL COMMENT 'The context of the associated item.',
  `key` char(32) NOT NULL COMMENT 'The key for the association computed from an md5 on associated ids.',
  PRIMARY KEY (`context`,`id`),
  KEY `idx_key` (`key`)
) ENGINE=MyISAM DEFAULT CHARSET=utf8;

--
-- Dumping data for table `btdov_associations`
--


--
-- Table structure for table `btdov_banner_clients`
--

CREATE TABLE `btdov_banner_clients` (
  `id` int(11) NOT NULL AUTO_INCREMENT,
  `name` varchar(255) NOT NULL DEFAULT '',
  `contact` varchar(255) NOT NULL DEFAULT '',
  `email` varchar(255) NOT NULL DEFAULT '',
  `extrainfo` text NOT NULL,
  `state` tinyint(3) NOT NULL DEFAULT '0',
  `checked_out` int(10) unsigned NOT NULL DEFAULT '0',
  `checked_out_time` datetime NOT NULL DEFAULT '0000-00-00 00:00:00',
  `metakey` text NOT NULL,
  `own_prefix` tinyint(4) NOT NULL DEFAULT '0',
  `metakey_prefix` varchar(255) NOT NULL DEFAULT '',
  `purchase_type` tinyint(4) NOT NULL DEFAULT '-1',
  `track_clicks` tinyint(4) NOT NULL DEFAULT '-1',
  `track_impressions` tinyint(4) NOT NULL DEFAULT '-1',
  PRIMARY KEY (`id`),
  KEY `idx_own_prefix` (`own_prefix`),
  KEY `idx_metakey_prefix` (`metakey_prefix`)
) ENGINE=MyISAM AUTO_INCREMENT=4 DEFAULT CHARSET=utf8;

--
-- Dumping data for table `btdov_banner_clients`
--

INSERT INTO `btdov_banner_clients` VALUES (1,'Joomla! Spanish','Administrator','email@email.com','',1,42,'2015-02-24 20:22:48','',0,'',-1,0,0),(2,'Webempresa','Webempresa','info@webempresa.com','',1,0,'0000-00-00 00:00:00','',0,'',-1,0,0),(3,'Complusoft','Complusoft','info@complusfot.es','',1,0,'0000-00-00 00:00:00','',0,'',-1,0,0);

--
-- Table structure for table `btdov_banner_tracks`
--

CREATE TABLE `btdov_banner_tracks` (
  `track_date` datetime NOT NULL,
  `track_type` int(10) unsigned NOT NULL,
  `banner_id` int(10) unsigned NOT NULL,
  `count` int(10) unsigned NOT NULL DEFAULT '0',
  PRIMARY KEY (`track_date`,`track_type`,`banner_id`),
  KEY `idx_track_date` (`track_date`),
  KEY `idx_track_type` (`track_type`),
  KEY `idx_banner_id` (`banner_id`)
) ENGINE=MyISAM DEFAULT CHARSET=utf8;

--
-- Dumping data for table `btdov_banner_tracks`
--


--
-- Table structure for table `btdov_banners`
--

CREATE TABLE `btdov_banners` (
  `id` int(11) NOT NULL AUTO_INCREMENT,
  `cid` int(11) NOT NULL DEFAULT '0',
  `type` int(11) NOT NULL DEFAULT '0',
  `name` varchar(255) NOT NULL DEFAULT '',
  `alias` varchar(255) NOT NULL DEFAULT '',
  `imptotal` int(11) NOT NULL DEFAULT '0',
  `impmade` int(11) NOT NULL DEFAULT '0',
  `clicks` int(11) NOT NULL DEFAULT '0',
  `clickurl` varchar(200) NOT NULL DEFAULT '',
  `state` tinyint(3) NOT NULL DEFAULT '0',
  `catid` int(10) unsigned NOT NULL DEFAULT '0',
  `description` text NOT NULL,
  `custombannercode` varchar(2048) NOT NULL,
  `sticky` tinyint(1) unsigned NOT NULL DEFAULT '0',
  `ordering` int(11) NOT NULL DEFAULT '0',
  `metakey` text NOT NULL,
  `params` text NOT NULL,
  `own_prefix` tinyint(1) NOT NULL DEFAULT '0',
  `metakey_prefix` varchar(255) NOT NULL DEFAULT '',
  `purchase_type` tinyint(4) NOT NULL DEFAULT '-1',
  `track_clicks` tinyint(4) NOT NULL DEFAULT '-1',
  `track_impressions` tinyint(4) NOT NULL DEFAULT '-1',
  `checked_out` int(10) unsigned NOT NULL DEFAULT '0',
  `checked_out_time` datetime NOT NULL DEFAULT '0000-00-00 00:00:00',
  `publish_up` datetime NOT NULL DEFAULT '0000-00-00 00:00:00',
  `publish_down` datetime NOT NULL DEFAULT '0000-00-00 00:00:00',
  `reset` datetime NOT NULL DEFAULT '0000-00-00 00:00:00',
  `created` datetime NOT NULL DEFAULT '0000-00-00 00:00:00',
  `language` char(7) NOT NULL DEFAULT '',
  PRIMARY KEY (`id`),
  KEY `idx_state` (`state`),
  KEY `idx_own_prefix` (`own_prefix`),
  KEY `idx_metakey_prefix` (`metakey_prefix`),
  KEY `idx_banner_catid` (`catid`),
  KEY `idx_language` (`language`)
) ENGINE=MyISAM AUTO_INCREMENT=5 DEFAULT CHARSET=utf8;

--
-- Dumping data for table `btdov_banners`
--

INSERT INTO `btdov_banners` VALUES (2,2,0,'Webempresa','webempresa',0,60,2,'',1,15,'','',1,1,'','{\"imageurl\":\"images\\/banners\\/banners_recursojpg.jpg\",\"width\":\"\",\"height\":\"\",\"alt\":\"\"}',0,'',1,0,0,0,'0000-00-00 00:00:00','2015-02-26 17:57:39','2016-11-04 17:57:30','0000-00-00 00:00:00','2010-01-12 00:25:24','*'),(3,3,0,'Complusoft','complusoft',0,58,1,'http://complusoft.es',-2,15,'Complusoft cursos de Joomla!.','',0,0,'','{\"imageurl\":\"images\\/banners\\/complusoft.png\",\"width\":\"\",\"height\":\"\",\"alt\":\"Complusoft\"}',0,'',-1,0,0,0,'0000-00-00 00:00:00','0000-00-00 00:00:00','0000-00-00 00:00:00','0000-00-00 00:00:00','2010-01-12 00:35:30','*'),(4,1,0,'Soporte Joomla! Spanish','support-joomla-spanish',0,55,0,'http://joomlaspanish.org',-2,15,'Tus contribuciones de tiempo, talento y dinero a Joomla! son posibles.','',0,0,'','{\"imageurl\":\"images\\/banners\\/logo.png\",\"width\":\"\",\"height\":\"\",\"alt\":\"\"}',0,'',-1,0,0,0,'0000-00-00 00:00:00','0000-00-00 00:00:00','0000-00-00 00:00:00','0000-00-00 00:00:00','2010-01-12 00:55:54','*');

--
-- Table structure for table `btdov_categories`
--

CREATE TABLE `btdov_categories` (
  `id` int(11) NOT NULL AUTO_INCREMENT,
  `asset_id` int(10) unsigned NOT NULL DEFAULT '0' COMMENT 'FK para la tabla de #__assets.',
  `parent_id` int(10) unsigned NOT NULL DEFAULT '0',
  `lft` int(11) NOT NULL DEFAULT '0',
  `rgt` int(11) NOT NULL DEFAULT '0',
  `level` int(10) unsigned NOT NULL DEFAULT '0',
  `path` varchar(255) NOT NULL DEFAULT '',
  `extension` varchar(50) NOT NULL DEFAULT '',
  `title` varchar(255) NOT NULL,
  `alias` varchar(255) NOT NULL DEFAULT '',
  `note` varchar(255) NOT NULL DEFAULT '',
  `description` mediumtext NOT NULL,
  `published` tinyint(1) NOT NULL DEFAULT '0',
  `checked_out` int(11) unsigned NOT NULL DEFAULT '0',
  `checked_out_time` datetime NOT NULL DEFAULT '0000-00-00 00:00:00',
  `access` int(10) unsigned NOT NULL DEFAULT '0',
  `params` text NOT NULL,
  `metadesc` varchar(1024) NOT NULL COMMENT 'La meta descripción de la página.',
  `metakey` varchar(1024) NOT NULL COMMENT 'Las palabras clave para la página.',
  `metadata` varchar(2048) NOT NULL COMMENT 'Propiedades de metadatos codificados JSON.',
  `created_user_id` int(10) unsigned NOT NULL DEFAULT '0',
  `created_time` datetime NOT NULL DEFAULT '0000-00-00 00:00:00',
  `modified_user_id` int(10) unsigned NOT NULL DEFAULT '0',
  `modified_time` datetime NOT NULL DEFAULT '0000-00-00 00:00:00',
  `hits` int(10) unsigned NOT NULL DEFAULT '0',
  `language` char(7) NOT NULL,
  PRIMARY KEY (`id`),
  KEY `cat_idx` (`extension`,`published`,`access`),
  KEY `idx_access` (`access`),
  KEY `idx_checkout` (`checked_out`),
  KEY `idx_path` (`path`),
  KEY `idx_left_right` (`lft`,`rgt`),
  KEY `idx_alias` (`alias`),
  KEY `idx_language` (`language`)
) ENGINE=MyISAM AUTO_INCREMENT=81 DEFAULT CHARSET=utf8;

--
-- Dumping data for table `btdov_categories`
--

INSERT INTO `btdov_categories` VALUES (1,0,0,0,141,0,'','system','ROOT','root','','',1,0,'0000-00-00 00:00:00',1,'{}','','','',0,'2009-10-18 16:07:09',0,'0000-00-00 00:00:00',0,'*'),(9,34,1,131,132,1,'uncategorised','com_content','Sin categoría','sin-categoria','','',-2,0,'0000-00-00 00:00:00',1,'{\"target\":\"\",\"image\":\"\"}','','','{\"page_title\":\"\",\"author\":\"\",\"robots\":\"\"}',42,'2010-07-10 13:52:03',42,'2010-07-12 16:09:07',0,'*'),(10,35,1,129,130,1,'uncategorised','com_banners','Sin categoría','sin-categoria','','',1,0,'0000-00-00 00:00:00',1,'{\"target\":\"\",\"image\":\"\",\"foobar\":\"\"}','','','{\"page_title\":\"\",\"author\":\"\",\"robots\":\"\"}',42,'2010-07-10 13:52:16',0,'0000-00-00 00:00:00',0,'*'),(11,36,1,125,126,1,'uncategorised','com_contact','Sin categoría','sin-categoria','','',1,0,'0000-00-00 00:00:00',1,'{\"target\":\"\",\"image\":\"\"}','','','{\"page_title\":\"\",\"author\":\"\",\"robots\":\"\"}',42,'2010-07-10 13:53:00',0,'0000-00-00 00:00:00',0,'*'),(12,37,1,61,62,1,'uncategorised','com_newsfeeds','Sin categoría','sin-categoria','','',1,0,'0000-00-00 00:00:00',1,'{\"target\":\"\",\"image\":\"\"}','','','{\"page_title\":\"\",\"author\":\"\",\"robots\":\"\"}',42,'2010-07-10 13:53:28',0,'0000-00-00 00:00:00',0,'*'),(13,38,1,57,58,1,'uncategorised','com_weblinks','Sin categoría','sin-categoria','','',1,0,'0000-00-00 00:00:00',1,'{\"target\":\"\",\"image\":\"\"}','','','{\"page_title\":\"\",\"author\":\"\",\"robots\":\"\"}',42,'2010-07-10 13:53:59',0,'0000-00-00 00:00:00',0,'*'),(14,39,1,9,56,1,'sample-data-articles','com_content','Datos ejemplo Artículos','sample-data-articles','','',-2,0,'0000-00-00 00:00:00',1,'{\"target\":\"\",\"image\":\"\"}','','','{\"page_title\":\"\",\"author\":\"\",\"robots\":\"\"}',42,'2010-07-10 14:21:35',0,'0000-00-00 00:00:00',0,'*'),(15,40,1,127,128,1,'sample-data-banners','com_banners','Datos ejemplo Anuncios','sample-data-banners','','',1,0,'0000-00-00 00:00:00',1,'{\"target\":\"\",\"image\":\"\",\"foobar\":\"\"}','','','{\"page_title\":\"\",\"author\":\"\",\"robots\":\"\"}',42,'2010-07-10 14:22:27',0,'0000-00-00 00:00:00',0,'*'),(16,41,1,63,124,1,'sample-data-contact','com_contact','Datos ejemplo Contacto','sample-data-contact','','',1,0,'0000-00-00 00:00:00',1,'{\"target\":\"\",\"image\":\"\"}','','','{\"page_title\":\"\",\"author\":\"\",\"robots\":\"\"}',42,'2010-07-10 14:23:15',0,'0000-00-00 00:00:00',0,'*'),(17,42,1,59,60,1,'sample-data-newsfeeds','com_newsfeeds','Datos ejemplo Noticias Externas','sample-data-newsfeeds','','',1,0,'0000-00-00 00:00:00',1,'{\"target\":\"\",\"image\":\"\"}','','','{\"page_title\":\"\",\"author\":\"\",\"robots\":\"\"}',42,'2010-07-10 14:24:14',0,'0000-00-00 00:00:00',0,'*'),(18,43,1,1,8,1,'sample-data-weblinks','com_weblinks','Datos ejemplo Enlaces Web','sample-data-weblinks','','',1,0,'0000-00-00 00:00:00',1,'{\"target\":\"\",\"image\":\"\"}','','','{\"page_title\":\"\",\"author\":\"\",\"robots\":\"\"}',42,'2010-07-10 14:26:42',0,'0000-00-00 00:00:00',0,'*'),(19,44,14,10,39,2,'sample-data-articles/joomla','com_content','Joomla!','joomla','','',-2,0,'0000-00-00 00:00:00',1,'{\"target\":\"\",\"image\":\"\"}','','','{\"page_title\":\"\",\"author\":\"\",\"robots\":\"\"}',42,'2010-07-10 15:19:05',42,'2010-07-12 18:08:51',0,'*'),(20,45,19,11,38,3,'sample-data-articles/joomla/extensions','com_content','Extensiones','extensiones','','<p>El sistema de gestión de contenidos Joomla! permite crear páginas web de diversos tipos utilizando extensiones. Hay cinco tipos básicos de extensiones: componentes, módulos, plantillas, idiomas y plugins. Su sitio web incluye las extensiones que necesita para crear un sitio web básico en Inglés, pero miles de extensiones adicionales de todos los tipos están disponibles. El <a href=\"http://extensions.joomla.org\" style=\"color: #1b57b1; text-decoration: none; font-weight: normal;\">Directorio de Extensiones de Joomla!</a> es el más grande de extensiones para Joomla!.</p>',-2,0,'0000-00-00 00:00:00',1,'{\"target\":\"\",\"image\":\"\"}','','','{\"page_title\":\"\",\"author\":\"\",\"robots\":\"\"}',42,'2010-07-10 15:19:42',42,'2010-07-11 12:21:46',0,'*'),(21,46,20,12,13,4,'sample-data-articles/joomla/extensions/components','com_content','Componentes','componentes','','<p><img src=\"administrator/templates/bluestork/images/header/icon-48-component.png\" class=\"image-left\" alt=\"Component Image\" =\"==\" /\"=\"/\"\" =\"\" />Los componentes son las extensiones más grandes que producen el contenido principal de su sitio. Cada componente tiene un o más \"vistas\" que controlan cómo se muestra el contenido.En el administrador de Joomla! no se encuentran extensiones adicionales como menús, redirecciones y los gestores de extensiones.</p>',-2,0,'0000-00-00 00:00:00',1,'{\"target\":\"\",\"image\":\"\"}','','','{\"page_title\":\"\",\"author\":\"\",\"robots\":\"\"}',42,'2010-07-10 15:20:18',42,'2010-09-14 00:29:05',0,'*'),(22,47,20,14,25,4,'sample-data-articles/joomla/extensions/modules','com_content','Módulos','modulos','','<p><img src=\"administrator/templates/bluestork/images/header/icon-48-module.png\" alt=\"Media Image\" class=\"image-left\" />Los módulos son pequeños bloques de contenido que se pueden mostrar en las posiciones de una página web. Los menús del sitio se muestran en los módulos. El núcleo de Joomla! incluye 17 módulos independientes que van desde el acceso hasta la búsqueda de imágenes aleatorias. Cada módulo tiene un nombre que comienza mod_ pero cuando se muestra tiene un título. En las descripciones de esta sección, los títulos son los mismos que los nombres.</p>',-2,0,'0000-00-00 00:00:00',1,'{\"target\":\"\",\"image\":\"\"}','','','{\"page_title\":\"\",\"author\":\"\",\"robots\":\"\"}',42,'2010-07-10 15:20:49',42,'2010-09-14 00:29:37',0,'*'),(23,48,20,26,33,4,'sample-data-articles/joomla/extensions/templates','com_content','Plantillas','plantillas','','<p><img src=\"administrator/templates/bluestork/images/header/icon-48-themes.png\" border=\"0\" alt=\"Media Image\" align=\"left\" />Plantillas de darle una apariencia a su sitio. Estas determinan el diseño, colores, tipos de letra, gráficos y otros aspectos del diseño que hacen que su sitio sea único. La instalación de Joomla! viene con cuatro plantillas empaquetadas previamente.</p>',-2,0,'0000-00-00 00:00:00',1,'{\"target\":\"\",\"image\":\"\"}','','','{\"page_title\":\"\",\"author\":\"\",\"robots\":\"\"}',42,'2010-07-10 15:21:27',42,'2010-07-12 01:02:27',0,'*'),(75,166,22,23,24,5,'sample-data-articles/joomla/extensions/modules/menu-module','com_content','Módulo Menú','modulo-menu','','<p>Menus provide your site with structure and help your visitors navigate your site. Ã‚Â Although they are all based on the same menu module, the variety of ways menus are used in the sample data show how flexible this module is.</p>\r\n<p>A menu can range from extremely simple (for example the top menu or the menu for the Australian Parks sample site) to extremely complex (for example the About Joomla! menu with its many levels). They can also be used for other types of presentation such as the site map linked from the \"This Site\" menu.</p>',-2,0,'0000-00-00 00:00:00',1,'{\"target\":\"\",\"image\":\"\"}','','','{\"page_title\":\"\",\"author\":\"\",\"robots\":\"\"}',42,'2010-07-11 14:52:30',42,'2010-07-11 14:56:03',0,'*'),(24,49,20,34,35,4,'sample-data-articles/joomla/extensions/languages','com_content','Idiomas','idiomas','','<p><img src=\"administrator/templates/bluestork/images/header/icon-48-language.png\" border=\"0\" alt=\"Languages Image\" align=\"left\" />Joomla se instala en Inglés, pero las traducciones de las interfaces, los datos de muestra y pantallas de ayuda están disponibles en docenas de idiomas.</p>\r\n<p><a href=\"http://community.joomla.org/translations.html\"></p>Traducción de información</a></p>\r\n<p>Si no hay un paquete de idioma disponible para su idioma, las instrucciones están disponibles para la creación de su propia traducción, que también puede contribuir con la comunidad a través de un equipo de traducción para crear una traducción acreditada.</p>\r\n<p>Las traducciones de las interfaces se instalan mediante el gestor de extensiones en el administrador del sitio y luego se gestionan con el gestor de idiomas.Si tiene dos o más idiomas instalados es posible utilizar el módulo y plugin de selección de idiomas. Siempre se deben usar juntos. Puede crear contenidos multilingües y marcar su contenido, los elementos de menú o módulos en un determinado idioma siguiendo las <a href=\"http://docs.joomla.org/Language_Switcher_Tutorial_for_Joomla_1.6\">instrucciones completas</a> para que sus usuarios sean capaces de seleccionar el idioma de contenido específico utilizando el módulo. Por defecto, tanto el plugin y módulo están deshabilitados.</p>\r\n<p>Hay una serie de extensiones que pueden ayudar a manejar las traducciones de contenido disponibles en el <a href=\"http://extensions.joomla.org\"> Directorio de Extensiones de Joomla!.</a>.</p>',-2,0,'0000-00-00 00:00:00',1,'{\"target\":\"\",\"image\":\"\"}','','','{\"page_title\":\"\",\"author\":\"\",\"robots\":\"\"}',42,'2010-07-10 15:22:27',42,'2010-07-12 01:08:26',0,'*'),(25,50,20,36,37,4,'sample-data-articles/joomla/extensions/plugins','com_content','Plugins','plugins','','<p><img src=\"administrator/templates/bluestork/images/header/icon-48-plugin.png\" border=\"0\" alt=\"Plugin Image\" align=\"left\" />Los plugins son pequeñas extensiones orientadas mejorar las tareas del framework de Joomla!. Algunos están asociados con extensiones en particular y otros, tales como editores, se utilizan en todas las de Joomla!. La mayoría de los usuarios principiantes no necesitan cambiar ninguno de los plugins que se instalan con Joomla!.</p>',-2,0,'0000-00-00 00:00:00',1,'{\"target\":\"\",\"image\":\"\"}','','','{\"page_title\":\"\",\"author\":\"\",\"robots\":\"\"}',42,'2010-07-10 15:23:22',42,'2010-07-12 01:07:01',0,'*'),(26,51,14,40,49,2,'sample-data-articles/park-site','com_content','Sitio web Parque','sitio-web-parque','','',-2,0,'0000-00-00 00:00:00',1,'{\"target\":\"\",\"image\":\"\"}','','','{\"page_title\":\"\",\"author\":\"\",\"robots\":\"\"}',42,'2010-07-10 15:26:53',42,'2010-07-12 16:50:51',0,'en-GB'),(27,52,26,41,42,3,'sample-data-articles/park-site/park-blog','com_content','Blog Parque','blog-parque','','<p>Here is where I will blog all about the parks of Australia.</p>\r\n<p><em>You can make a blog on your website by creating a category to write you blog posts in (this one is called Park Blog). Each blog post will be an article in that category. If you make a category blog menu link with 1 column it will look like this page, if you display the category description (this part) displayed. </em></p>\r\n<p><em>To enhance your blog you may want to add Ã‚Â extensions forÃ‚Â <a href=\"http://extensions.joomla.org/extensions/contacts-and-feedback/articles-comments\" style=\"color: #1b57b1; text-decoration: none; font-weight: normal;\">comments</a>,<a href=\"http://extensions.joomla.org/extensions/social-web\" style=\"color: #1b57b1; text-decoration: none; font-weight: normal;\"> interacting with social network sites</a>,Ã‚Â <a href=\"http://extensions.joomla.org/extensions/content-sharing\" style=\"color: #1b57b1; text-decoration: none; font-weight: normal;\">tagging</a>, andÃ‚Â <a href=\"http://extensions.joomla.org/extensions/content-sharing\" style=\"color: #1b57b1; text-decoration: none; font-weight: normal;\">keeping in contact with your readers</a>.Ã‚Â Ã‚Â Ã‚Â You will also enable the syndication that is included in Joomla! (in the Integration Options set Show Feed Link to Show an make sure to display the syndication module on the page).</em></p>',-2,0,'0000-00-00 00:00:00',1,'{\"target\":\"\",\"image\":\"\"}','','','{\"page_title\":\"\",\"author\":\"\",\"robots\":\"\"}',42,'2010-07-10 15:29:34',42,'2010-07-11 22:31:33',0,'en-GB'),(28,53,26,43,48,3,'sample-data-articles/park-site/photo-gallery','com_content','Galería Fotográfica','galeria-fotografica','','<p><img src=\"images/sampledata/parks/banner_cradle.jpg\" border=\"0\" /></p>\r\n<p>These are my photos from parks I have visited (I didn\'t take them, they are all from <a href=\"http://commons.wikimedia.org/wiki/Main_Page\">Wikimedia Commons</a>).</p>\r\n<p><em>This shows you how to make a simple image gallery using articles in com_content. </em></p>\r\n<p><em>In each article put a thumbnail image before a \"readmore\" and the fiull size image after it. Set the article to Show Intro Text: Hide. </em></p>',-2,0,'0000-00-00 00:00:00',1,'{\"target\":\"\",\"image\":\"\"}','','','{\"page_title\":\"\",\"author\":\"\",\"robots\":\"\"}',42,'2010-07-10 15:36:24',42,'2010-07-11 22:39:39',0,'en-GB'),(29,54,14,50,55,2,'sample-data-articles/fruit-shop-site','com_content','Sitio web Tienda de Frutas','sitio-tienda-de-frutas','','',-2,0,'0000-00-00 00:00:00',1,'{\"target\":\"\",\"image\":\"\"}','','','{\"page_title\":\"\",\"author\":\"\",\"robots\":\"\"}',42,'2010-07-10 16:07:22',42,'2010-07-12 19:39:19',0,'*'),(30,55,29,51,52,3,'sample-data-articles/fruit-shop-site/growers','com_content','Productores','productores','','<p>Buscamos en todo el campo los mejores frutos para los productores.</p>\r\n<p><em>Usted puede dejar que cada proveedor tenga una página que él o ella pueda editar. Para ver esto en acción tendrá que crear los usuarios que sean proveedores y asignarlos como autores de los artículos de proveedores.</em></p>',-2,0,'0000-00-00 00:00:00',1,'{\"target\":\"\",\"image\":\"\"}','','','{\"page_title\":\"\",\"author\":\"\",\"robots\":\"\"}',42,'2010-07-10 16:15:26',42,'2010-07-12 20:20:23',0,'*'),(31,56,18,2,3,2,'sample-data-weblinks/park-links','com_weblinks','Enlaces Parque','enlaces-parque','','<p>Aquí se encuentran los enlaces de algunos de mis parques favoritos.</p>\r\n<p><em>El componente de enlaces web proporciona una manera fácil de hacer enlaces a sitios externos que son constantemente formateados y categorizados. Puede crear vínculos a partir de la parte delantera de su sitio web.</em></p>',1,0,'0000-00-00 00:00:00',1,'{\"target\":\"\",\"image\":\"\"}','','','{\"page_title\":\"\",\"author\":\"\",\"robots\":\"\"}',42,'2010-07-10 16:21:00',42,'2010-07-11 22:43:03',0,'en-GB'),(32,57,18,4,7,2,'sample-data-weblinks/joomla-specific-links','com_weblinks','Enlaces especificos Joomla!','joomla-specific-links','','<p><div style=\"font-family: Tahoma, Helvetica, Arial, sans-serif; font-size: 76%; background-color: #ffffff; background-image: initial; background-attachment: initial; background-origin: initial; background-clip: initial; line-height: 1.3em; color: #333333;\"><p>A selection of links that are all related to the Joomla! Project.</p></div></p>',1,0,'0000-00-00 00:00:00',1,'{\"target\":\"\",\"image\":\"\"}','','','{\"page_title\":\"\",\"author\":\"\",\"robots\":\"\"}',42,'2010-07-10 16:22:39',0,'0000-00-00 00:00:00',0,'*'),(33,58,32,5,6,3,'sample-data-weblinks/joomla-specific-links/other-resources','com_weblinks','Otros recuros','other-resources','','',1,0,'0000-00-00 00:00:00',1,'{\"target\":\"\",\"image\":\"\"}','','','{\"page_title\":\"\",\"author\":\"\",\"robots\":\"\"}',42,'2010-07-10 16:24:17',0,'0000-00-00 00:00:00',0,'*'),(34,59,16,64,65,2,'sample-data-contact/park-site','com_contact','Sitio web Parque','sitio-web-parque','','',1,0,'0000-00-00 00:00:00',1,'{\"target\":\"\",\"image\":\"\"}','','','{\"page_title\":\"\",\"author\":\"\",\"robots\":\"\"}',42,'2010-07-10 16:28:06',42,'2010-07-11 22:35:55',0,'en-GB'),(35,60,16,66,123,2,'sample-data-contact/shop-site','com_contact','Sitio web Tienda','sitio-tienda','','',1,0,'0000-00-00 00:00:00',1,'{\"target\":\"\",\"image\":\"\"}','','','{\"page_title\":\"\",\"author\":\"\",\"robots\":\"\"}',42,'2010-07-10 16:28:20',0,'0000-00-00 00:00:00',0,'*'),(36,61,35,67,68,3,'sample-data-contact/shop-site/staff','com_contact','Equipo','equipo','','<p>Por favor, no dude en contactar con nuestro personal en cualquier momento si necesita ayuda.</p>',1,0,'0000-00-00 00:00:00',1,'{\"target\":\"\",\"image\":\"\"}','','','{\"page_title\":\"\",\"author\":\"\",\"robots\":\"\"}',42,'2010-07-10 16:29:22',0,'0000-00-00 00:00:00',0,'*'),(37,62,35,69,122,3,'sample-data-contact/shop-site/fruit-encyclopedia','com_contact','Enciclopedia Frutas','enciclopedia-frutas','','<p></p><p>Nuestro directorio de información sobre los diferentes tipos de frutas.</p><p>Nos encanta la fruta y queremos que el mundo sepa más acerca de todas sus muchas variedades.</p><p>Aunque es pequeña ahora, trabajamos en ella cada vez que tenemos una oportunidad.</p><p>Todas las imágenes se pueden encontrar en <a href=\"http://commons.wikimedia.org/wiki/Main_Page\">Wikimedia Commons</a>.</p><p><img src=\"images/sampledata/fruitshop/apple.jpg\" border=\"0\" alt=\"Apples\" title=\"Apples\" /></p><p><em>Esta enciclopedia se lleva a cabo mediante el componente de contacto, cada fruto se separa en un contacto y una categoría para cada letra. Se utiliza un estilo CSS para crear el diseño horizontal de las líneas del alfabeto.</em></p><p><em>Si quisiera, podría permitir a algunos usuarios (como su cultivadores) tener acceso a esta categoría sólo en el componente de contacto y dejar que le ayuden a crear nuevos contenidos para la enciclopedia.</em></p><p> </p>',1,0,'0000-00-00 00:00:00',1,'{\"target\":\"\",\"image\":\"\"}','','','{\"page_title\":\"\",\"author\":\"\",\"robots\":\"\"}',42,'2010-07-10 16:41:12',0,'0000-00-00 00:00:00',0,'*'),(38,63,37,70,71,4,'sample-data-contact/shop-site/fruit-encyclopedia/a','com_contact','A','a','','',1,0,'0000-00-00 00:00:00',1,'{\"target\":\"\",\"image\":\"\"}','','','{\"page_title\":\"\",\"author\":\"\",\"robots\":\"\"}',42,'2010-07-10 16:43:24',0,'0000-00-00 00:00:00',0,'*'),(39,64,37,72,73,4,'sample-data-contact/shop-site/fruit-encyclopedia/b','com_contact','B','b','','',1,0,'0000-00-00 00:00:00',1,'{\"target\":\"\",\"image\":\"\"}','','','{\"page_title\":\"\",\"author\":\"\",\"robots\":\"\"}',42,'2011-01-01 00:00:01',0,'2011-01-01 00:00:01',0,'*'),(40,65,37,74,75,4,'sample-data-contact/shop-site/fruit-encyclopedia/c','com_contact','C','c','','',1,0,'0000-00-00 00:00:00',1,'{\"target\":\"\",\"image\":\"\"}','','','{\"page_title\":\"\",\"author\":\"\",\"robots\":\"\"}',42,'2011-01-01 00:00:01',0,'2011-01-01 00:00:01',0,'*'),(41,66,37,76,77,4,'sample-data-contact/shop-site/fruit-encyclopedia/d','com_contact','D','d','','',1,0,'0000-00-00 00:00:00',1,'{\"target\":\"\",\"image\":\"\"}','','','{\"page_title\":\"\",\"author\":\"\",\"robots\":\"\"}',42,'2011-01-01 00:00:01',0,'2011-01-01 00:00:01',0,'*'),(42,67,37,78,79,4,'sample-data-contact/shop-site/fruit-encyclopedia/e','com_contact','E','e','','',0,0,'0000-00-00 00:00:00',1,'{\"target\":\"\",\"image\":\"\"}','','','{\"page_title\":\"\",\"author\":\"\",\"robots\":\"\"}',42,'2011-01-01 00:00:01',0,'2011-01-01 00:00:01',0,'*'),(43,68,37,80,81,4,'sample-data-contact/shop-site/fruit-encyclopedia/f','com_contact','F','f','','',1,0,'0000-00-00 00:00:00',1,'{\"target\":\"\",\"image\":\"\"}','','','{\"page_title\":\"\",\"author\":\"\",\"robots\":\"\"}',42,'2011-01-01 00:00:01',0,'2011-01-01 00:00:01',0,'*'),(44,69,37,82,83,4,'sample-data-contact/shop-site/fruit-encyclopedia/g','com_contact','G','g','','',1,0,'0000-00-00 00:00:00',1,'{\"target\":\"\",\"image\":\"\"}','','','{\"page_title\":\"\",\"author\":\"\",\"robots\":\"\"}',42,'2011-01-01 00:00:01',0,'2011-01-01 00:00:01',0,'*'),(45,70,37,84,85,4,'sample-data-contact/shop-site/fruit-encyclopedia/h','com_contact','H','h','','',0,0,'0000-00-00 00:00:00',1,'{\"target\":\"\",\"image\":\"\"}','','','{\"page_title\":\"\",\"author\":\"\",\"robots\":\"\"}',42,'2011-01-01 00:00:01',0,'2011-01-01 00:00:01',0,'*'),(46,71,37,86,87,4,'sample-data-contact/shop-site/fruit-encyclopedia/i','com_contact','I','i','','',1,0,'0000-00-00 00:00:00',1,'{\"target\":\"\",\"image\":\"\"}','','','{\"page_title\":\"\",\"author\":\"\",\"robots\":\"\"}',42,'2011-01-01 00:00:01',0,'2011-01-01 00:00:01',0,'*'),(47,72,37,88,89,4,'sample-data-contact/shop-site/fruit-encyclopedia/j','com_contact','J','j','','',1,0,'0000-00-00 00:00:00',1,'{\"target\":\"\",\"image\":\"\"}','','','{\"page_title\":\"\",\"author\":\"\",\"robots\":\"\"}',42,'2011-01-01 00:00:01',0,'2011-01-01 00:00:01',0,'*'),(48,73,37,90,91,4,'sample-data-contact/shop-site/fruit-encyclopedia/k','com_contact','K','k','','',1,0,'0000-00-00 00:00:00',1,'{\"target\":\"\",\"image\":\"\"}','','','{\"page_title\":\"\",\"author\":\"\",\"robots\":\"\"}',42,'2011-01-01 00:00:01',0,'2011-01-01 00:00:01',0,'*'),(49,74,37,92,93,4,'sample-data-contact/shop-site/fruit-encyclopedia/l','com_contact','L','l','','',1,0,'0000-00-00 00:00:00',1,'{\"target\":\"\",\"image\":\"\"}','','','{\"page_title\":\"\",\"author\":\"\",\"robots\":\"\"}',42,'2011-01-01 00:00:01',0,'2011-01-01 00:00:01',0,'*'),(50,75,37,94,95,4,'sample-data-contact/shop-site/fruit-encyclopedia/m','com_contact','M','m','','',1,0,'0000-00-00 00:00:00',1,'{\"target\":\"\",\"image\":\"\"}','','','{\"page_title\":\"\",\"author\":\"\",\"robots\":\"\"}',42,'2011-01-01 00:00:01',0,'2011-01-01 00:00:01',0,'*'),(51,76,37,96,97,4,'sample-data-contact/shop-site/fruit-encyclopedia/n','com_contact','N','n','','',1,0,'0000-00-00 00:00:00',1,'{\"target\":\"\",\"image\":\"\"}','','','{\"page_title\":\"\",\"author\":\"\",\"robots\":\"\"}',42,'2011-01-01 00:00:01',0,'2011-01-01 00:00:01',0,'*'),(52,77,37,98,99,4,'sample-data-contact/shop-site/fruit-encyclopedia/o','com_contact','O','o','','',1,0,'0000-00-00 00:00:00',1,'{\"target\":\"\",\"image\":\"\"}','','','{\"page_title\":\"\",\"author\":\"\",\"robots\":\"\"}',42,'2011-01-01 00:00:01',0,'2011-01-01 00:00:01',0,'*'),(53,78,37,100,101,4,'sample-data-contact/shop-site/fruit-encyclopedia/p','com_contact','P','p','','',1,0,'0000-00-00 00:00:00',1,'{\"target\":\"\",\"image\":\"\"}','','','{\"page_title\":\"\",\"author\":\"\",\"robots\":\"\"}',42,'2011-01-01 00:00:01',0,'2011-01-01 00:00:01',0,'*'),(54,79,37,102,103,4,'sample-data-contact/shop-site/fruit-encyclopedia/q','com_contact','Q','q','','',1,0,'0000-00-00 00:00:00',1,'{\"target\":\"\",\"image\":\"\"}','','','{\"page_title\":\"\",\"author\":\"\",\"robots\":\"\"}',42,'2011-01-01 00:00:01',0,'2011-01-01 00:00:01',0,'*'),(55,80,37,104,105,4,'sample-data-contact/shop-site/fruit-encyclopedia/r','com_contact','R','r','','',1,0,'0000-00-00 00:00:00',1,'{\"target\":\"\",\"image\":\"\"}','','','{\"page_title\":\"\",\"author\":\"\",\"robots\":\"\"}',42,'2011-01-01 00:00:01',0,'2011-01-01 00:00:01',0,'*'),(56,81,37,106,107,4,'sample-data-contact/shop-site/fruit-encyclopedia/s','com_contact','S','s','','',1,0,'0000-00-00 00:00:00',1,'{\"target\":\"\",\"image\":\"\"}','','','{\"page_title\":\"\",\"author\":\"\",\"robots\":\"\"}',42,'2011-01-01 00:00:01',0,'2011-01-01 00:00:01',0,'*'),(57,82,37,108,109,4,'sample-data-contact/shop-site/fruit-encyclopedia/t','com_contact','T','t','','',1,0,'0000-00-00 00:00:00',1,'{\"target\":\"\",\"image\":\"\"}','','','{\"page_title\":\"\",\"author\":\"\",\"robots\":\"\"}',42,'2011-01-01 00:00:01',0,'2011-01-01 00:00:01',0,'*'),(58,83,37,110,111,4,'sample-data-contact/shop-site/fruit-encyclopedia/u','com_contact','U','u','','',1,0,'0000-00-00 00:00:00',1,'{\"target\":\"\",\"image\":\"\"}','','','{\"page_title\":\"\",\"author\":\"\",\"robots\":\"\"}',42,'2011-01-01 00:00:01',0,'2011-01-01 00:00:01',0,'*'),(59,84,37,112,113,4,'sample-data-contact/shop-site/fruit-encyclopedia/v','com_contact','V','v','','',1,0,'0000-00-00 00:00:00',1,'{\"target\":\"\",\"image\":\"\"}','','','{\"page_title\":\"\",\"author\":\"\",\"robots\":\"\"}',42,'2011-01-01 00:00:01',0,'2011-01-01 00:00:01',0,'*'),(60,85,37,114,115,4,'sample-data-contact/shop-site/fruit-encyclopedia/w','com_contact','W','w','','',1,0,'0000-00-00 00:00:00',1,'{\"target\":\"\",\"image\":\"\"}','','','{\"page_title\":\"\",\"author\":\"\",\"robots\":\"\"}',42,'2011-01-01 00:00:01',0,'2011-01-01 00:00:01',0,'*'),(61,86,37,116,117,4,'sample-data-contact/shop-site/fruit-encyclopedia/x','com_contact','X','x','','',1,0,'0000-00-00 00:00:00',1,'{\"target\":\"\",\"image\":\"\"}','','','{\"page_title\":\"\",\"author\":\"\",\"robots\":\"\"}',42,'2011-01-01 00:00:01',0,'2011-01-01 00:00:01',0,'*'),(62,87,37,118,119,4,'sample-data-contact/shop-site/fruit-encyclopedia/y','com_contact','Y','y','','',1,0,'0000-00-00 00:00:00',1,'{\"target\":\"\",\"image\":\"\"}','','','{\"page_title\":\"\",\"author\":\"\",\"robots\":\"\"}',42,'2011-01-01 00:00:01',0,'2011-01-01 00:00:01',0,'*'),(63,88,37,120,121,4,'sample-data-contact/shop-site/fruit-encyclopedia/z','com_contact','Z','z','','',1,0,'0000-00-00 00:00:00',1,'{\"target\":\"\",\"image\":\"\"}','','','{\"page_title\":\"\",\"author\":\"\",\"robots\":\"\"}',42,'2011-01-01 00:00:01',0,'2011-01-01 00:00:01',0,'*'),(64,93,22,15,16,5,'sample-data-articles/joomla/extensions/modules/articles-modules','com_content','Módulos Contenido','articles-modules','','<p>Los módulos de contenido muestran el artículo y otra información del componente de contenido.</p>',-2,0,'0000-00-00 00:00:00',1,'{\"target\":\"\",\"image\":\"\"}','','','{\"page_title\":\"\",\"author\":\"\",\"robots\":\"\"}',42,'2010-07-10 18:32:13',42,'2010-07-11 13:34:00',0,'*'),(65,94,22,17,18,5,'sample-data-articles/joomla/extensions/modules/user-modules','com_content','Módulos Usuario','user-modules','','<p>Los módulos de usuario interactuan con el sistema del usuario, permitiendo a los usuarios acceder, mostrar quien está conectado, y mostrar la mayoría de los usuarios registrados recientemente.</p>',-2,0,'0000-00-00 00:00:00',1,'{\"target\":\"\",\"image\":\"\"}','','','{\"page_title\":\"\",\"author\":\"\",\"robots\":\"\"}',42,'2010-07-10 18:33:19',0,'0000-00-00 00:00:00',0,'*'),(66,95,22,19,20,5,'sample-data-articles/joomla/extensions/modules/display-modules','com_content','Mostrar Módulos','display-modules','','<p>Estos módulos muestran información de otros componentes de contenido y usuario. Estos incluyen vínculos, fuentes de noticias y el gestor multimedia.</p>',-2,0,'0000-00-00 00:00:00',1,'{\"target\":\"\",\"image\":\"\"}','','','{\"page_title\":\"\",\"author\":\"\",\"robots\":\"\"}',42,'2010-07-10 18:34:49',0,'0000-00-00 00:00:00',0,'*'),(67,96,22,21,22,5,'sample-data-articles/joomla/extensions/modules/utility-modules','com_content','Utilidad Módulos','utility-modules','','<p>La utilidad de módulos proporciona una buena funcionalidad, como la búsqueda, la sindicación y las estadísticas.</p>',-2,0,'0000-00-00 00:00:00',1,'{\"target\":\"\",\"image\":\"\"}','','','{\"page_title\":\"\",\"author\":\"\",\"robots\":\"\"}',42,'2010-07-10 18:36:18',0,'0000-00-00 00:00:00',0,'*'),(68,97,23,31,32,5,'sample-data-articles/joomla/extensions/templates/atomic','com_content','Atomic','atomic','','<p>Atómic es una plantilla mínima diseñada para ser un esqueleto para realizar su propia plantilla y aprender sobre las plantillas de Joomla!.</p>\r\n<p style=\"margin-top: 8px; margin-right: 0px; margin-bottom: 8px; margin-left: 0px; line-height: 1.7em; padding: 0px;\">[screen shot]</p>\r\n<p style=\"margin-top: 8px; margin-right: 0px; margin-bottom: 8px; margin-left: 0px; line-height: 1.7em; padding: 0px;\">\r\n<ul>\r\n<li>Pagina de Inicio</li>\r\n<li>Tipografía</li>\r\n</ul>\r\n</p>',-2,0,'0000-00-00 00:00:00',1,'{\"target\":\"\",\"image\":\"\"}','','','{\"page_title\":\"\",\"author\":\"\",\"robots\":\"\"}',42,'2010-07-10 19:03:11',42,'2010-07-11 16:14:38',0,'*'),(69,98,23,27,28,5,'sample-data-articles/joomla/extensions/templates/beez-20','com_content','Beez 20','beez-20','','<p><img src=\"templates/beez_20/template_thumbnail.png\" border=\"0\" alt=\"Beez_20 thumbnail\" align=\"right\" style=\"float: right; margin: 5px,80px,5px,25px;\" /></p>\r\n<p>Beez 2.0 es una plantilla versátil y fácil de personalizar que trabaja para una variedad de sitios. Cumple con los estándares de accesibilidad y demuestra una serie de técnicas CSS y Javascript. Es la plantilla predeterminada que se instala con Joomla!</p>\r\n<ul>\r\n<li>Pagina de Inicio</li>\r\n<li>Tipografía</li>\r\n</ul>',-2,0,'0000-00-00 00:00:00',1,'{\"target\":\"\",\"image\":\"\"}','','','{\"page_title\":\"\",\"author\":\"\",\"robots\":\"\"}',42,'2010-07-10 19:06:19',42,'2010-07-11 16:01:27',0,'*'),(70,99,23,29,30,5,'sample-data-articles/joomla/extensions/templates/beez5','com_content','Beez5','beez5','','<p><img src=\"templates/beez5/template_thumbnail.png\" border=\"0\" alt=\"Beez5 Thumbnail\" align=\"right\" style=\"float: right;\" /></p>\r\n<p>Ã‚Â </p>\r\n<p>Beez 5 es una implementación de HTML5 en una plantilla de Joomla!. Utiliza una serie de técnicas HTML5 para mejorar la presentación de un sitio. Se utiliza como plantilla para el sitio de muestra de la tienda de frutas.</p>\r\n<ul>\r\n<li>Pagina de Inicio</li>\r\n<li>Tipografía</li>\r\n</ul>',-2,0,'0000-00-00 00:00:00',1,'{\"target\":\"\",\"image\":\"\"}','','','{\"page_title\":\"\",\"author\":\"\",\"robots\":\"\"}',42,'2010-07-10 19:10:16',42,'2010-07-11 16:07:51',0,'*'),(72,108,28,44,45,4,'sample-data-articles/park-site/photo-gallery/animals','com_content','Animales','animals','','',-2,0,'0000-00-00 00:00:00',1,'{\"target\":\"\",\"image\":\"\"}','','','{\"page_title\":\"\",\"author\":\"\",\"robots\":\"\"}',42,'2010-07-10 20:04:21',42,'2010-07-11 22:31:53',0,'en-GB'),(73,109,28,46,47,4,'sample-data-articles/park-site/photo-gallery/scenery','com_content','Escenario','scenery','','',-2,0,'0000-00-00 00:00:00',1,'{\"target\":\"\",\"image\":\"\"}','','','{\"page_title\":\"\",\"author\":\"\",\"robots\":\"\"}',42,'2010-07-10 20:04:44',42,'2010-07-11 22:32:00',0,'en-GB'),(76,167,29,53,54,3,'sample-data-articles/fruit-shop-site/recipes','com_content','Recetas','recetas','','<p>Los clientes pueden publicar aquí sus recetas favoritas de frutas.</p>\r\n<p>A good idea is to promote the use of metadata keywords to make finding other recipes for the same fruit easier.</p>\r\n<p><em>To see this in action, create a user assigned to the customer group and a user assigned to the suppliers group. These users will be able to create their own recipe pages and edit those pages. The will not be able to edit other users\' pages.</em><br /><br /></p>',-2,0,'0000-00-00 00:00:00',1,'{\"category_layout\":\"\",\"image\":\"\"}','','','{\"author\":\"\",\"robots\":\"\"}',42,'2011-01-01 00:00:01',42,'2011-01-01 00:00:01',0,'*'),(77,170,1,133,134,1,'audio','com_content','Audio','audio','','',1,42,'2015-02-24 22:45:32',1,'{\"category_layout\":\"\",\"image\":\"\"}','','','{\"author\":\"\",\"robots\":\"\"}',42,'2011-10-10 22:03:36',0,'0000-00-00 00:00:00',0,'*'),(78,171,1,135,136,1,'video','com_content','Video','video','','',1,42,'2015-02-24 22:45:17',1,'{\"category_layout\":\"\",\"image\":\"\"}','','','{\"author\":\"\",\"robots\":\"\"}',42,'2011-10-10 22:03:44',0,'0000-00-00 00:00:00',0,'*'),(79,172,1,137,138,1,'varios','com_content','Varios','varios','','',1,42,'2015-02-24 22:45:03',1,'{\"category_layout\":\"\",\"image\":\"\"}','','','{\"author\":\"\",\"robots\":\"\"}',42,'2011-10-10 22:03:54',0,'0000-00-00 00:00:00',0,'*'),(80,176,1,139,140,1,'inicio','com_content','Inicio','inicio','','',1,42,'2015-02-24 22:44:45',2,'{\"category_layout\":\"\",\"image\":\"\"}','','','{\"author\":\"\",\"robots\":\"\"}',42,'2011-10-11 16:22:55',42,'2011-10-11 16:29:50',0,'*');

--
-- Table structure for table `btdov_comprofiler`
--

CREATE TABLE `btdov_comprofiler` (
  `id` int(11) NOT NULL DEFAULT '0',
  `user_id` int(11) NOT NULL DEFAULT '0',
  `firstname` varchar(100) DEFAULT NULL,
  `middlename` varchar(100) DEFAULT NULL,
  `lastname` varchar(100) DEFAULT NULL,
  `hits` int(11) NOT NULL DEFAULT '0',
  `message_last_sent` datetime NOT NULL DEFAULT '0000-00-00 00:00:00',
  `message_number_sent` int(11) NOT NULL DEFAULT '0',
  `avatar` varchar(255) DEFAULT NULL,
  `avatarapproved` tinyint(4) NOT NULL DEFAULT '1',
  `approved` tinyint(4) NOT NULL DEFAULT '1',
  `confirmed` tinyint(4) NOT NULL DEFAULT '1',
  `lastupdatedate` datetime NOT NULL DEFAULT '0000-00-00 00:00:00',
  `registeripaddr` varchar(50) NOT NULL DEFAULT '',
  `cbactivation` varchar(50) NOT NULL DEFAULT '',
  `banned` tinyint(4) NOT NULL DEFAULT '0',
  `banneddate` datetime DEFAULT NULL,
  `unbanneddate` datetime DEFAULT NULL,
  `bannedby` int(11) DEFAULT NULL,
  `unbannedby` int(11) DEFAULT NULL,
  `bannedreason` mediumtext,
  `acceptedterms` tinyint(1) NOT NULL DEFAULT '0',
  `website` varchar(255) DEFAULT NULL,
  `location` varchar(255) DEFAULT NULL,
  `occupation` varchar(255) DEFAULT NULL,
  `interests` varchar(255) DEFAULT NULL,
  `company` varchar(255) DEFAULT NULL,
  `address` varchar(255) DEFAULT NULL,
  `city` varchar(255) DEFAULT NULL,
  `state` varchar(255) DEFAULT NULL,
  `zipcode` varchar(255) DEFAULT NULL,
  `country` varchar(255) DEFAULT NULL,
  `phone` varchar(255) DEFAULT NULL,
  `fax` varchar(255) DEFAULT NULL,
  PRIMARY KEY (`id`),
  UNIQUE KEY `user_id` (`user_id`),
  KEY `apprconfbanid` (`approved`,`confirmed`,`banned`,`id`),
  KEY `avatappr_apr_conf_ban_avatar` (`avatarapproved`,`approved`,`confirmed`,`banned`,`avatar`),
  KEY `lastupdatedate` (`lastupdatedate`)
) ENGINE=MyISAM DEFAULT CHARSET=utf8;

--
-- Dumping data for table `btdov_comprofiler`
--

INSERT INTO `btdov_comprofiler` VALUES (42,42,NULL,NULL,NULL,0,'0000-00-00 00:00:00',0,NULL,1,1,1,'0000-00-00 00:00:00','','',0,NULL,NULL,NULL,NULL,NULL,0,NULL,NULL,NULL,NULL,NULL,NULL,NULL,NULL,NULL,NULL,NULL,NULL),(45,45,NULL,NULL,NULL,0,'0000-00-00 00:00:00',0,NULL,1,1,1,'0000-00-00 00:00:00','','',0,NULL,NULL,NULL,NULL,NULL,0,NULL,NULL,NULL,NULL,NULL,NULL,NULL,NULL,NULL,NULL,NULL,NULL),(46,46,NULL,NULL,NULL,0,'0000-00-00 00:00:00',0,NULL,1,1,1,'0000-00-00 00:00:00','','',0,NULL,NULL,NULL,NULL,NULL,0,NULL,NULL,NULL,NULL,NULL,NULL,NULL,NULL,NULL,NULL,NULL,NULL),(47,47,NULL,NULL,NULL,0,'0000-00-00 00:00:00',0,NULL,1,1,1,'0000-00-00 00:00:00','','',0,NULL,NULL,NULL,NULL,NULL,0,NULL,NULL,NULL,NULL,NULL,NULL,NULL,NULL,NULL,NULL,NULL,NULL),(49,49,'Matamoros','','Mora',0,'0000-00-00 00:00:00',0,NULL,1,1,1,'0000-00-00 00:00:00','186.15.19.222','',0,NULL,NULL,NULL,NULL,NULL,0,NULL,NULL,NULL,NULL,'','','','','','','',''),(73,73,'jennifer','jenny','cubillo',0,'0000-00-00 00:00:00',0,'gallery/butterfly.gif',1,0,0,'2013-03-17 22:39:54','','',0,NULL,NULL,NULL,NULL,NULL,0,'','','','','','','','','','','','');

--
-- Table structure for table `btdov_comprofiler_field_values`
--

CREATE TABLE `btdov_comprofiler_field_values` (
  `fieldvalueid` int(11) NOT NULL AUTO_INCREMENT,
  `fieldid` int(11) NOT NULL DEFAULT '0',
  `fieldtitle` varchar(255) NOT NULL DEFAULT '',
  `ordering` int(11) NOT NULL DEFAULT '0',
  `sys` tinyint(4) NOT NULL DEFAULT '0',
  PRIMARY KEY (`fieldvalueid`),
  KEY `fieldid_ordering` (`fieldid`,`ordering`),
  KEY `fieldtitle_id` (`fieldtitle`,`fieldid`)
) ENGINE=MyISAM AUTO_INCREMENT=16 DEFAULT CHARSET=utf8;

--
-- Dumping data for table `btdov_comprofiler_field_values`
--


--
-- Table structure for table `btdov_comprofiler_fields`
--

CREATE TABLE `btdov_comprofiler_fields` (
  `fieldid` int(11) NOT NULL AUTO_INCREMENT,
  `name` varchar(50) NOT NULL DEFAULT '',
  `tablecolumns` text NOT NULL,
  `table` varchar(50) NOT NULL DEFAULT '#__comprofiler',
  `title` varchar(255) NOT NULL DEFAULT '',
  `description` mediumtext NOT NULL,
  `type` varchar(50) NOT NULL DEFAULT '',
  `maxlength` int(11) DEFAULT NULL,
  `size` int(11) DEFAULT NULL,
  `required` tinyint(4) DEFAULT '0',
  `tabid` int(11) DEFAULT NULL,
  `ordering` int(11) DEFAULT NULL,
  `cols` int(11) DEFAULT NULL,
  `rows` int(11) DEFAULT NULL,
  `value` varchar(50) DEFAULT NULL,
  `default` mediumtext,
  `published` tinyint(1) NOT NULL DEFAULT '1',
  `registration` tinyint(1) NOT NULL DEFAULT '0',
  `profile` tinyint(1) NOT NULL DEFAULT '1',
  `displaytitle` tinyint(1) NOT NULL DEFAULT '1',
  `readonly` tinyint(1) NOT NULL DEFAULT '0',
  `searchable` tinyint(1) NOT NULL DEFAULT '0',
  `calculated` tinyint(1) NOT NULL DEFAULT '0',
  `sys` tinyint(4) NOT NULL DEFAULT '0',
  `pluginid` int(11) NOT NULL DEFAULT '0',
  `params` mediumtext,
  PRIMARY KEY (`fieldid`),
  KEY `tabid_pub_prof_order` (`tabid`,`published`,`profile`,`ordering`),
  KEY `readonly_published_tabid` (`readonly`,`published`,`tabid`),
  KEY `registration_published_order` (`registration`,`published`,`ordering`)
) ENGINE=MyISAM AUTO_INCREMENT=54 DEFAULT CHARSET=utf8;

--
-- Dumping data for table `btdov_comprofiler_fields`
--



--
-- Table structure for table `btdov_comprofiler_lists`
--

CREATE TABLE `btdov_comprofiler_lists` (
  `listid` int(11) NOT NULL AUTO_INCREMENT,
  `title` varchar(255) NOT NULL DEFAULT '',
  `description` mediumtext,
  `published` tinyint(1) NOT NULL DEFAULT '0',
  `default` tinyint(1) NOT NULL DEFAULT '0',
  `usergroupids` varchar(255) DEFAULT NULL,
  `useraccessgroupid` int(9) NOT NULL DEFAULT '18',
  `sortfields` varchar(255) DEFAULT NULL,
  `filterfields` mediumtext,
  `ordering` int(11) NOT NULL DEFAULT '0',
  `col1title` varchar(255) DEFAULT NULL,
  `col1enabled` tinyint(1) NOT NULL DEFAULT '0',
  `col1fields` mediumtext,
  `col2title` varchar(255) DEFAULT NULL,
  `col2enabled` tinyint(1) NOT NULL DEFAULT '0',
  `col1captions` tinyint(1) NOT NULL DEFAULT '0',
  `col2fields` mediumtext,
  `col2captions` tinyint(1) NOT NULL DEFAULT '0',
  `col3title` varchar(255) DEFAULT NULL,
  `col3enabled` tinyint(1) NOT NULL DEFAULT '0',
  `col3fields` mediumtext,
  `col3captions` tinyint(1) NOT NULL DEFAULT '0',
  `col4title` varchar(255) DEFAULT NULL,
  `col4enabled` tinyint(1) NOT NULL DEFAULT '0',
  `col4fields` mediumtext,
  `col4captions` tinyint(1) NOT NULL DEFAULT '0',
  `params` mediumtext,
  PRIMARY KEY (`listid`),
  KEY `pub_ordering` (`published`,`ordering`),
  KEY `default_published` (`default`,`published`)
) ENGINE=MyISAM AUTO_INCREMENT=4 DEFAULT CHARSET=utf8;

--
-- Dumping data for table `btdov_comprofiler_lists`
--

INSERT INTO `btdov_comprofiler_lists` VALUES (2,'Members List','my Description',1,1,'1, 2, 3, 4, 5, 6, 7, 8',18,'`username` ASC',NULL,0,'Image',1,'29','Username',1,0,'42',0,'Other',1,'26|*|28|*|27',1,'',0,'',0,NULL);

--
-- Table structure for table `btdov_comprofiler_members`
--

CREATE TABLE `btdov_comprofiler_members` (
  `referenceid` int(11) NOT NULL DEFAULT '0',
  `memberid` int(11) NOT NULL DEFAULT '0',
  `accepted` tinyint(1) NOT NULL DEFAULT '1',
  `pending` tinyint(1) NOT NULL DEFAULT '0',
  `membersince` date NOT NULL DEFAULT '0000-00-00',
  `reason` mediumtext,
  `description` varchar(255) DEFAULT NULL,
  `type` mediumtext,
  PRIMARY KEY (`referenceid`,`memberid`),
  KEY `pamr` (`pending`,`accepted`,`memberid`,`referenceid`),
  KEY `aprm` (`accepted`,`pending`,`referenceid`,`memberid`),
  KEY `membrefid` (`memberid`,`referenceid`)
) ENGINE=MyISAM DEFAULT CHARSET=utf8;

--
-- Dumping data for table `btdov_comprofiler_members`
--


--
-- Table structure for table `btdov_comprofiler_plugin`
--

CREATE TABLE `btdov_comprofiler_plugin` (
  `id` int(11) NOT NULL AUTO_INCREMENT,
  `name` varchar(100) NOT NULL DEFAULT '',
  `element` varchar(100) NOT NULL DEFAULT '',
  `type` varchar(100) DEFAULT '',
  `folder` varchar(100) DEFAULT '',
  `backend_menu` varchar(255) NOT NULL DEFAULT '',
  `access` tinyint(3) unsigned NOT NULL DEFAULT '0',
  `ordering` int(11) NOT NULL DEFAULT '0',
  `published` tinyint(3) NOT NULL DEFAULT '0',
  `iscore` tinyint(3) NOT NULL DEFAULT '0',
  `client_id` tinyint(3) NOT NULL DEFAULT '0',
  `checked_out` int(11) unsigned NOT NULL DEFAULT '0',
  `checked_out_time` datetime NOT NULL DEFAULT '0000-00-00 00:00:00',
  `params` text NOT NULL,
  PRIMARY KEY (`id`),
  KEY `idx_folder` (`published`,`client_id`,`access`,`folder`),
  KEY `type_pub_order` (`type`,`published`,`ordering`)
) ENGINE=MyISAM AUTO_INCREMENT=500 DEFAULT CHARSET=utf8;

--
-- Dumping data for table `btdov_comprofiler_plugin`
--

INSERT INTO `btdov_comprofiler_plugin` VALUES (1,'CB Core','cb.core','user','plug_cbcore','',0,1,1,1,0,0,'0000-00-00 00:00:00',''),(2,'CB Connections','cb.connections','user','plug_cbconnections','',0,3,1,1,0,0,'0000-00-00 00:00:00',''),(3,'Content Author','cb.authortab','user','plug_cbmamboauthortab','',0,4,1,1,0,0,'0000-00-00 00:00:00',''),(4,'Forum integration','cb.simpleboardtab','user','plug_cbsimpleboardtab','',0,5,0,1,0,0,'0000-00-00 00:00:00',''),(5,'Mamblog Blog','cb.mamblogtab','user','plug_cbmamblogtab','',0,6,0,1,0,0,'0000-00-00 00:00:00',''),(6,'YaNC Newsletters','yanc','user','plug_yancintegration','',0,7,0,1,0,0,'0000-00-00 00:00:00',''),(7,'Default','default','templates','default','',0,1,1,1,0,0,'0000-00-00 00:00:00',''),(8,'WinClassic','winclassic','templates','winclassic','',0,2,1,1,0,0,'0000-00-00 00:00:00',''),(9,'WebFX','webfx','templates','webfx','',0,3,1,1,0,0,'0000-00-00 00:00:00',''),(10,'OSX','osx','templates','osx','',0,4,1,1,0,0,'0000-00-00 00:00:00',''),(11,'Luna','luna','templates','luna','',0,5,1,1,0,0,'0000-00-00 00:00:00',''),(12,'Dark','dark','templates','dark','',0,6,1,1,0,0,'0000-00-00 00:00:00',''),(13,'Default language (English)','default_language','language','default_language','',0,-1,1,1,0,0,'0000-00-00 00:00:00',''),(14,'CB Menu','cb.menu','user','plug_cbmenu','',0,2,1,1,0,0,'0000-00-00 00:00:00',''),(15,'Private Message System','pms.mypmspro','user','plug_pms_mypmspro','',0,8,0,1,0,0,'0000-00-00 00:00:00','');

--
-- Table structure for table `btdov_comprofiler_sessions`
--

CREATE TABLE `btdov_comprofiler_sessions` (
  `username` varchar(50) NOT NULL DEFAULT '',
  `userid` int(11) unsigned NOT NULL DEFAULT '0',
  `ui` tinyint(4) NOT NULL DEFAULT '0',
  `incoming_ip` varchar(39) NOT NULL DEFAULT '',
  `client_ip` varchar(39) NOT NULL DEFAULT '',
  `session_id` varchar(33) NOT NULL DEFAULT '',
  `session_data` mediumtext NOT NULL,
  `expiry_time` int(14) unsigned NOT NULL DEFAULT '0',
  PRIMARY KEY (`session_id`),
  KEY `expiry_time` (`expiry_time`),
  KEY `userid` (`userid`)
) ENGINE=MyISAM DEFAULT CHARSET=utf8;

--
-- Dumping data for table `btdov_comprofiler_sessions`
--


--
-- Table structure for table `btdov_comprofiler_tabs`
--

CREATE TABLE `btdov_comprofiler_tabs` (
  `tabid` int(11) NOT NULL AUTO_INCREMENT,
  `title` varchar(50) NOT NULL DEFAULT '',
  `description` text,
  `ordering` int(11) NOT NULL DEFAULT '0',
  `ordering_register` int(11) NOT NULL DEFAULT '10',
  `width` varchar(10) NOT NULL DEFAULT '.5',
  `enabled` tinyint(1) NOT NULL DEFAULT '1',
  `pluginclass` varchar(255) DEFAULT NULL,
  `pluginid` int(11) DEFAULT NULL,
  `fields` tinyint(1) NOT NULL DEFAULT '1',
  `params` mediumtext,
  `sys` tinyint(4) NOT NULL DEFAULT '0',
  `displaytype` varchar(255) NOT NULL DEFAULT '',
  `position` varchar(255) NOT NULL DEFAULT '',
  `useraccessgroupid` int(9) NOT NULL DEFAULT '-2',
  PRIMARY KEY (`tabid`),
  KEY `enabled_position_ordering` (`enabled`,`position`,`ordering`),
  KEY `orderreg_enabled_pos_order` (`enabled`,`ordering_register`,`position`,`ordering`)
) ENGINE=MyISAM AUTO_INCREMENT=23 DEFAULT CHARSET=utf8;

--
-- Dumping data for table `btdov_comprofiler_tabs`
--

INSERT INTO `btdov_comprofiler_tabs` VALUES (11,'_UE_CONTACT_INFO_HEADER','',-4,10,'1',1,'getContactTab',1,1,NULL,2,'tab','cb_tabmain',-2),(12,'_UE_AUTHORTAB','',-3,10,'1',0,'getAuthorTab',3,0,NULL,1,'tab','cb_tabmain',-2),(13,'_UE_FORUMTAB','',-2,10,'1',0,'getForumTab',4,1,NULL,1,'tab','cb_tabmain',-2),(14,'_UE_BLOGTAB','',-1,10,'1',0,'getBlogTab',5,0,NULL,1,'tab','cb_tabmain',-2),(15,'_UE_CONNECTION','',99,10,'1',0,'getConnectionTab',2,0,NULL,1,'tab','cb_tabmain',-2),(16,'_UE_NEWSLETTER_HEADER','_UE_NEWSLETTER_INTRODCUTION',99,10,'1',0,'getNewslettersTab',6,0,NULL,1,'tab','cb_tabmain',-2),(17,'_UE_MENU','',-10,10,'1',1,'getMenuTab',14,0,NULL,1,'html','cb_head',-2),(18,'_UE_CONNECTIONPATHS','',-9,10,'1',1,'getConnectionPathsTab',2,0,NULL,1,'html','cb_head',-2),(19,'_UE_PROFILE_PAGE_TITLE','',-8,10,'1',1,'getPageTitleTab',1,0,NULL,1,'html','cb_head',-2),(20,'_UE_PORTRAIT','',-7,10,'1',1,'getPortraitTab',1,1,NULL,1,'html','cb_middle',-2),(21,'_UE_USER_STATUS','',-6,10,'.5',1,'getStatusTab',14,1,NULL,1,'html','cb_right',-2),(22,'_UE_PMSTAB','',-5,10,'.5',0,'getmypmsproTab',15,0,NULL,1,'html','cb_right',-2),(2,'_UE_ADDITIONAL_INFO_HEADER',NULL,1,10,'.5',1,NULL,NULL,1,NULL,0,'tab','cb_tabmain',-2);

--
-- Table structure for table `btdov_comprofiler_userreports`
--

CREATE TABLE `btdov_comprofiler_userreports` (
  `reportid` int(11) NOT NULL AUTO_INCREMENT,
  `reporteduser` int(11) NOT NULL DEFAULT '0',
  `reportedbyuser` int(11) NOT NULL DEFAULT '0',
  `reportedondate` date NOT NULL DEFAULT '0000-00-00',
  `reportexplaination` text NOT NULL,
  `reportedstatus` tinyint(4) NOT NULL DEFAULT '0',
  PRIMARY KEY (`reportid`),
  KEY `status_user_date` (`reportedstatus`,`reporteduser`,`reportedondate`),
  KEY `reportedbyuser_ondate` (`reportedbyuser`,`reportedondate`)
) ENGINE=MyISAM AUTO_INCREMENT=11 DEFAULT CHARSET=utf8;

--
-- Dumping data for table `btdov_comprofiler_userreports`
--


--
-- Table structure for table `btdov_comprofiler_views`
--

CREATE TABLE `btdov_comprofiler_views` (
  `viewer_id` int(11) NOT NULL DEFAULT '0',
  `profile_id` int(11) NOT NULL DEFAULT '0',
  `lastip` varchar(50) NOT NULL DEFAULT '',
  `lastview` datetime NOT NULL DEFAULT '0000-00-00 00:00:00',
  `viewscount` int(11) NOT NULL DEFAULT '0',
  `vote` tinyint(3) DEFAULT NULL,
  `lastvote` datetime NOT NULL DEFAULT '0000-00-00 00:00:00',
  PRIMARY KEY (`viewer_id`,`profile_id`,`lastip`),
  KEY `lastview` (`lastview`),
  KEY `profile_id_lastview` (`profile_id`,`lastview`,`viewer_id`)
) ENGINE=MyISAM DEFAULT CHARSET=utf8;

--
-- Dumping data for table `btdov_comprofiler_views`
--


--
-- Table structure for table `btdov_contact_details`
--

CREATE TABLE `btdov_contact_details` (
  `id` int(11) NOT NULL AUTO_INCREMENT,
  `name` varchar(255) NOT NULL DEFAULT '',
  `alias` varchar(255) NOT NULL DEFAULT '',
  `con_position` varchar(255) DEFAULT NULL,
  `address` text,
  `suburb` varchar(100) DEFAULT NULL,
  `state` varchar(100) DEFAULT NULL,
  `country` varchar(100) DEFAULT NULL,
  `postcode` varchar(100) DEFAULT NULL,
  `telephone` varchar(255) DEFAULT NULL,
  `fax` varchar(255) DEFAULT NULL,
  `misc` mediumtext,
  `image` varchar(255) DEFAULT NULL,
  `imagepos` varchar(20) DEFAULT NULL,
  `email_to` varchar(255) DEFAULT NULL,
  `default_con` tinyint(1) unsigned NOT NULL DEFAULT '0',
  `published` tinyint(1) NOT NULL DEFAULT '0',
  `checked_out` int(10) unsigned NOT NULL DEFAULT '0',
  `checked_out_time` datetime NOT NULL DEFAULT '0000-00-00 00:00:00',
  `ordering` int(11) NOT NULL DEFAULT '0',
  `params` text NOT NULL,
  `user_id` int(11) NOT NULL DEFAULT '0',
  `catid` int(11) NOT NULL DEFAULT '0',
  `access` int(10) unsigned NOT NULL DEFAULT '0',
  `mobile` varchar(255) NOT NULL DEFAULT '',
  `webpage` varchar(255) NOT NULL DEFAULT '',
  `sortname1` varchar(255) NOT NULL,
  `sortname2` varchar(255) NOT NULL,
  `sortname3` varchar(255) NOT NULL,
  `language` char(7) NOT NULL,
  `created` datetime NOT NULL DEFAULT '0000-00-00 00:00:00',
  `created_by` int(10) unsigned NOT NULL DEFAULT '0',
  `created_by_alias` varchar(255) NOT NULL DEFAULT '',
  `modified` datetime NOT NULL DEFAULT '0000-00-00 00:00:00',
  `modified_by` int(10) unsigned NOT NULL DEFAULT '0',
  `metakey` text NOT NULL,
  `metadesc` text NOT NULL,
  `metadata` text NOT NULL,
  `featured` tinyint(3) unsigned NOT NULL DEFAULT '0' COMMENT 'Establecer si el artículo aparece.',
  `xreference` varchar(50) NOT NULL COMMENT 'Una referencia para los vínculos a datos externos conjuntos.',
  `publish_up` datetime NOT NULL DEFAULT '0000-00-00 00:00:00',
  `publish_down` datetime NOT NULL DEFAULT '0000-00-00 00:00:00',
  PRIMARY KEY (`id`),
  KEY `idx_access` (`access`),
  KEY `idx_checkout` (`checked_out`),
  KEY `idx_state` (`published`),
  KEY `idx_catid` (`catid`),
  KEY `idx_createdby` (`created_by`),
  KEY `idx_featured_catid` (`featured`,`catid`),
  KEY `idx_language` (`language`),
  KEY `idx_xreference` (`xreference`)
) ENGINE=MyISAM AUTO_INCREMENT=9 DEFAULT CHARSET=utf8;

--
-- Dumping data for table `btdov_contact_details`
--

INSERT INTO `btdov_contact_details` VALUES (1,'Nombre de contacto aquí','name','Position','Street Address','Suburb','State','Country','Zip Code','Telephone','Fax','<p>Information about or by the contact.</p>','images/powered_by.png','top','email@email.com',1,-2,0,'0000-00-00 00:00:00',1,'{\"show_contact_category\":\"\",\"show_contact_list\":\"\",\"presentation_style\":\"\",\"show_name\":\"\",\"show_position\":\"\",\"show_email\":\"\",\"show_street_address\":\"\",\"show_suburb\":\"\",\"show_state\":\"\",\"show_postcode\":\"\",\"show_country\":\"\",\"show_telephone\":\"\",\"show_mobile\":\"\",\"show_fax\":\"\",\"show_webpage\":\"\",\"show_misc\":\"\",\"show_image\":\"\",\"allow_vcard\":\"\",\"show_articles\":\"\",\"show_profile\":\"\",\"show_links\":\"\",\"linka_name\":\"Twitter\",\"linka\":\"http:\\/\\/twitter.com\\/joomla\",\"linkb_name\":\"YouTube\",\"linkb\":\"http:\\/\\/www.youtube.com\\/user\\/joomla\",\"linkc_name\":\"Ustream\",\"linkc\":\"http:\\/\\/www.ustream.tv\\/joomla\",\"linkd_name\":\"FriendFeed\",\"linkd\":\"http:\\/\\/friendfeed.com\\/joomla\",\"linke_name\":\"Scribed\",\"linke\":\"http:\\/\\/www.scribd.com\\/people\\/view\\/504592-joomla\",\"show_email_form\":\"\",\"show_email_copy\":\"\",\"banned_email\":\"\",\"banned_subject\":\"\",\"banned_text\":\"\",\"validate_session\":\"\",\"custom_reply\":\"\",\"redirect\":\"\"}',0,16,1,'','','last','first','middle','en-GB','0000-00-00 00:00:00',0,'','2010-07-11 13:07:29',42,'','','{\"robots\":\"\",\"rights\":\"\"}',1,'','0000-00-00 00:00:00','0000-00-00 00:00:00'),(2,'Webmaster','webmaster','','','','','','','','','','',NULL,'webmaster@example.com',0,-2,0,'0000-00-00 00:00:00',1,'{\"show_contact_category\":\"\",\"show_contact_list\":\"\",\"presentation_style\":\"\",\"show_name\":\"\",\"show_position\":\"\",\"show_email\":\"\",\"show_street_address\":\"\",\"show_suburb\":\"\",\"show_state\":\"\",\"show_postcode\":\"\",\"show_country\":\"\",\"show_telephone\":\"\",\"show_mobile\":\"\",\"show_fax\":\"\",\"show_webpage\":\"\",\"show_misc\":\"\",\"show_image\":\"\",\"allow_vcard\":\"\",\"show_articles\":\"\",\"show_profile\":\"\",\"show_links\":\"\",\"linka_name\":\"\",\"linka\":\"\",\"linkb_name\":\"\",\"linkb\":\"\",\"linkc_name\":\"\",\"linkc\":\"\",\"linkd_name\":\"\",\"linkd\":\"\",\"linke_name\":\"\",\"linke\":\"\",\"show_email_form\":\"1\",\"show_email_copy\":\"1\",\"banned_email\":\"\",\"banned_subject\":\"\",\"banned_text\":\"\",\"validate_session\":\"1\",\"custom_reply\":\"\",\"redirect\":\"\"}',0,34,1,'','','','','','en-GB','0000-00-00 00:00:00',0,'','2010-08-23 03:03:54',42,'','','{\"robots\":\"\",\"rights\":\"\"}',1,'','0000-00-00 00:00:00','0000-00-00 00:00:00'),(3,'Propietario','owner','','','','','','','','','<p>Yo soy el dueño de esta tienda.</p>','',NULL,'',0,-2,0,'0000-00-00 00:00:00',2,'{\"show_contact_category\":\"\",\"show_contact_list\":\"\",\"presentation_style\":\"\",\"show_name\":\"\",\"show_position\":\"\",\"show_email\":\"\",\"show_street_address\":\"\",\"show_suburb\":\"\",\"show_state\":\"\",\"show_postcode\":\"\",\"show_country\":\"\",\"show_telephone\":\"\",\"show_mobile\":\"\",\"show_fax\":\"\",\"show_webpage\":\"\",\"show_misc\":\"\",\"show_image\":\"\",\"allow_vcard\":\"\",\"show_articles\":\"\",\"show_profile\":\"\",\"show_links\":\"\",\"linka_name\":\"\",\"linka\":\"\",\"linkb_name\":\"\",\"linkb\":\"\",\"linkc_name\":\"\",\"linkc\":\"\",\"linkd_name\":\"\",\"linkd\":\"\",\"linke_name\":\"\",\"linke\":\"\",\"show_email_form\":\"\",\"show_email_copy\":\"\",\"banned_email\":\"\",\"banned_subject\":\"\",\"banned_text\":\"\",\"validate_session\":\"\",\"custom_reply\":\"\",\"redirect\":\"\"}',0,36,1,'','','','','','*','0000-00-00 00:00:00',0,'','2010-07-11 13:07:22',42,'','','{\"robots\":\"\",\"rights\":\"\"}',1,'','0000-00-00 00:00:00','0000-00-00 00:00:00'),(4,'Comprador','buyer','','','','','','','','','<p>I am in charge of buying fruit. If you sell good fruit, contact me.</p>','',NULL,'',0,-2,0,'0000-00-00 00:00:00',1,'{\"show_contact_category\":\"\",\"show_contact_list\":\"\",\"presentation_style\":\"\",\"show_name\":\"\",\"show_position\":\"\",\"show_email\":\"\",\"show_street_address\":\"\",\"show_suburb\":\"\",\"show_state\":\"\",\"show_postcode\":\"\",\"show_country\":\"\",\"show_telephone\":\"\",\"show_mobile\":\"\",\"show_fax\":\"\",\"show_webpage\":\"\",\"show_misc\":\"\",\"show_image\":\"\",\"allow_vcard\":\"\",\"show_articles\":\"\",\"show_profile\":\"\",\"show_links\":\"0\",\"linka_name\":\"\",\"linka\":\"\",\"linkb_name\":\"\",\"linkb\":\"\",\"linkc_name\":\"\",\"linkc\":\"\",\"linkd_name\":\"\",\"linkd\":\"\",\"linke_name\":\"\",\"linke\":\"\",\"show_email_form\":\"\",\"show_email_copy\":\"\",\"banned_email\":\"\",\"banned_subject\":\"\",\"banned_text\":\"\",\"validate_session\":\"\",\"custom_reply\":\"\",\"redirect\":\"\"}',0,36,1,'','','','','','*','0000-00-00 00:00:00',0,'','2010-07-10 23:48:49',42,'','','{\"robots\":\"\",\"rights\":\"\"}',1,'','0000-00-00 00:00:00','0000-00-00 00:00:00'),(5,'Plátanos','bananas','','','','','','','','','<p>Bananas are a great source of potassium.</p><p>Ã‚Â </p>','images/sampledata/fruitshop/bananas_2.jpg',NULL,'',0,-2,0,'0000-00-00 00:00:00',1,'{\"show_contact_category\":\"\",\"show_contact_list\":\"\",\"presentation_style\":\"plain\",\"show_name\":\"\",\"show_position\":\"\",\"show_email\":\"\",\"show_street_address\":\"\",\"show_suburb\":\"\",\"show_state\":\"\",\"show_postcode\":\"\",\"show_country\":\"\",\"show_telephone\":\"\",\"show_mobile\":\"\",\"show_fax\":\"\",\"show_webpage\":\"\",\"show_misc\":\"\",\"show_image\":\"\",\"allow_vcard\":\"\",\"show_articles\":\"\",\"show_profile\":\"\",\"show_links\":\"0\",\"linka_name\":\"\",\"linka\":\"\",\"linkb_name\":\"\",\"linkb\":\"\",\"linkc_name\":\"\",\"linkc\":\"\",\"linkd_name\":\"\",\"linkd\":\"\",\"linke_name\":\"\",\"linke\":\"\",\"show_email_form\":\"\",\"show_email_copy\":\"\",\"banned_email\":\"\",\"banned_subject\":\"\",\"banned_text\":\"\",\"validate_session\":\"\",\"custom_reply\":\"\",\"redirect\":\"\"}',0,39,1,'','http://en.wikipedia.org/wiki/Banana','','','','*','0000-00-00 00:00:00',0,'','2010-07-10 23:49:11',42,'','','{\"robots\":\"\",\"rights\":\"\"}',0,'','0000-00-00 00:00:00','0000-00-00 00:00:00'),(6,'Manzanas','apples','','','','','','','','','<p>Applies are a versatile fruit, used for eating, cooking, and preserving.</p><p>There are more that 7500 different kinds of apples grown around the world.</p>','images/sampledata/fruitshop/apple.jpg',NULL,'',0,-2,0,'0000-00-00 00:00:00',1,'{\"show_contact_category\":\"\",\"show_contact_list\":\"\",\"presentation_style\":\"plain\",\"show_name\":\"\",\"show_position\":\"\",\"show_email\":\"\",\"show_street_address\":\"\",\"show_suburb\":\"\",\"show_state\":\"\",\"show_postcode\":\"\",\"show_country\":\"\",\"show_telephone\":\"\",\"show_mobile\":\"\",\"show_fax\":\"\",\"show_webpage\":\"\",\"show_misc\":\"\",\"show_image\":\"\",\"allow_vcard\":\"\",\"show_articles\":\"\",\"show_profile\":\"\",\"show_links\":\"0\",\"linka_name\":\"\",\"linka\":\"\",\"linkb_name\":\"\",\"linkb\":\"\",\"linkc_name\":\"\",\"linkc\":\"\",\"linkd_name\":\"\",\"linkd\":\"\",\"linke_name\":\"\",\"linke\":\"\",\"show_email_form\":\"\",\"show_email_copy\":\"\",\"banned_email\":\"\",\"banned_subject\":\"\",\"banned_text\":\"\",\"validate_session\":\"\",\"custom_reply\":\"\",\"redirect\":\"\"}',0,38,1,'','http://en.wikipedia.org/wiki/Apple','','','','*','0000-00-00 00:00:00',0,'','2010-07-10 23:49:11',42,'','','{\"robots\":\"\",\"rights\":\"\"}',0,'','0000-00-00 00:00:00','0000-00-00 00:00:00'),(7,'Tamarindos','tamarind','','','','','','','','','<p>Tamarinds are a versatile fruit used around the world. In its young form it is used in hot sauces; ripened it is the basis for many freshing drinks.</p><p>Ã‚Â </p>','images/sampledata/fruitshop/tamarind.jpg',NULL,'',0,-2,0,'0000-00-00 00:00:00',1,'{\"show_contact_category\":\"\",\"show_contact_list\":\"\",\"presentation_style\":\"plain\",\"show_name\":\"\",\"show_position\":\"\",\"show_email\":\"\",\"show_street_address\":\"\",\"show_suburb\":\"\",\"show_state\":\"\",\"show_postcode\":\"\",\"show_country\":\"\",\"show_telephone\":\"\",\"show_mobile\":\"\",\"show_fax\":\"\",\"show_webpage\":\"\",\"show_misc\":\"\",\"show_image\":\"\",\"allow_vcard\":\"\",\"show_articles\":\"\",\"show_profile\":\"\",\"show_links\":\"\",\"linka_name\":\"\",\"linka\":\"\",\"linkb_name\":\"\",\"linkb\":\"\",\"linkc_name\":\"\",\"linkc\":\"\",\"linkd_name\":\"\",\"linkd\":\"\",\"linke_name\":\"\",\"linke\":\"\",\"show_email_form\":\"\",\"show_email_copy\":\"\",\"banned_email\":\"\",\"banned_subject\":\"\",\"banned_text\":\"\",\"validate_session\":\"\",\"custom_reply\":\"\",\"redirect\":\"\"}',0,57,1,'','http://en.wikipedia.org/wiki/Tamarind','','','','*','0000-00-00 00:00:00',0,'','2010-07-10 23:49:11',42,'','','{\"robots\":\"\",\"rights\":\"\"}',0,'','0000-00-00 00:00:00','0000-00-00 00:00:00'),(8,'Dirección Tienda','shop-address','','','Our City','Our Province','Our Country','','555-555-5555','','<p>Aquí están las direcciones de cómo llegar a nuestra tienda.</p>','',NULL,'',0,-2,0,'0000-00-00 00:00:00',1,'{\"show_contact_category\":\"\",\"show_contact_list\":\"\",\"presentation_style\":\"\",\"show_name\":\"\",\"show_position\":\"\",\"show_email\":\"\",\"show_street_address\":\"\",\"show_suburb\":\"\",\"show_state\":\"\",\"show_postcode\":\"\",\"show_country\":\"\",\"show_telephone\":\"\",\"show_mobile\":\"\",\"show_fax\":\"\",\"show_webpage\":\"\",\"show_misc\":\"\",\"show_image\":\"\",\"allow_vcard\":\"\",\"show_articles\":\"\",\"show_profile\":\"\",\"show_links\":\"\",\"linka_name\":\"\",\"linka\":\"\",\"linkb_name\":\"\",\"linkb\":\"\",\"linkc_name\":\"\",\"linkc\":\"\",\"linkd_name\":\"\",\"linkd\":\"\",\"linke_name\":\"\",\"linke\":\"\",\"show_email_form\":\"\",\"show_email_copy\":\"\",\"banned_email\":\"\",\"banned_subject\":\"\",\"banned_text\":\"\",\"validate_session\":\"\",\"custom_reply\":\"\",\"redirect\":\"\"}',0,35,1,'','','','','','*','0000-00-00 00:00:00',0,'','2010-08-23 03:03:54',42,'','','{\"robots\":\"\",\"rights\":\"\"}',1,'','0000-00-00 00:00:00','0000-00-00 00:00:00');

--
-- Table structure for table `btdov_content`
--

CREATE TABLE `btdov_content` (
  `id` int(10) unsigned NOT NULL AUTO_INCREMENT,
  `asset_id` int(10) unsigned NOT NULL DEFAULT '0' COMMENT 'FK a la tabla de #__assets.',
  `title` varchar(255) NOT NULL DEFAULT '',
  `alias` varchar(255) NOT NULL DEFAULT '',
  `title_alias` varchar(255) NOT NULL DEFAULT '',
  `introtext` mediumtext NOT NULL,
  `fulltext` mediumtext NOT NULL,
  `state` tinyint(3) NOT NULL DEFAULT '0',
  `sectionid` int(10) unsigned NOT NULL DEFAULT '0',
  `mask` int(10) unsigned NOT NULL DEFAULT '0',
  `catid` int(10) unsigned NOT NULL DEFAULT '0',
  `created` datetime NOT NULL DEFAULT '0000-00-00 00:00:00',
  `created_by` int(10) unsigned NOT NULL DEFAULT '0',
  `created_by_alias` varchar(255) NOT NULL DEFAULT '',
  `modified` datetime NOT NULL DEFAULT '0000-00-00 00:00:00',
  `modified_by` int(10) unsigned NOT NULL DEFAULT '0',
  `checked_out` int(10) unsigned NOT NULL DEFAULT '0',
  `checked_out_time` datetime NOT NULL DEFAULT '0000-00-00 00:00:00',
  `publish_up` datetime NOT NULL DEFAULT '0000-00-00 00:00:00',
  `publish_down` datetime NOT NULL DEFAULT '0000-00-00 00:00:00',
  `images` text NOT NULL,
  `urls` text NOT NULL,
  `attribs` varchar(5120) NOT NULL,
  `version` int(10) unsigned NOT NULL DEFAULT '1',
  `parentid` int(10) unsigned NOT NULL DEFAULT '0',
  `ordering` int(11) NOT NULL DEFAULT '0',
  `metakey` text NOT NULL,
  `metadesc` text NOT NULL,
  `access` int(10) unsigned NOT NULL DEFAULT '0',
  `hits` int(10) unsigned NOT NULL DEFAULT '0',
  `metadata` text NOT NULL,
  `featured` tinyint(3) unsigned NOT NULL DEFAULT '0' COMMENT 'Establecer si el artículo aparece.',
  `language` char(7) NOT NULL COMMENT 'El código de idioma para el artículo.',
  `xreference` varchar(50) NOT NULL COMMENT 'Una referencia para los vínculos a datos externos conjuntos.',
  PRIMARY KEY (`id`),
  KEY `idx_access` (`access`),
  KEY `idx_checkout` (`checked_out`),
  KEY `idx_state` (`state`),
  KEY `idx_catid` (`catid`),
  KEY `idx_createdby` (`created_by`),
  KEY `idx_featured_catid` (`featured`,`catid`),
  KEY `idx_language` (`language`),
  KEY `idx_xreference` (`xreference`)
) ENGINE=MyISAM AUTO_INCREMENT=82 DEFAULT CHARSET=utf8;

--
-- Dumping data for table `btdov_content`
--



--
-- Table structure for table `btdov_content_frontpage`
--

CREATE TABLE `btdov_content_frontpage` (
  `content_id` int(11) NOT NULL DEFAULT '0',
  `ordering` int(11) NOT NULL DEFAULT '0',
  PRIMARY KEY (`content_id`)
) ENGINE=MyISAM DEFAULT CHARSET=utf8;

--
-- Dumping data for table `btdov_content_frontpage`
--

INSERT INTO `btdov_content_frontpage` VALUES (8,7),(35,9),(24,6),(50,8),(80,2),(69,3),(70,5),(79,4),(77,1);

--
-- Table structure for table `btdov_content_rating`
--

CREATE TABLE `btdov_content_rating` (
  `content_id` int(11) NOT NULL DEFAULT '0',
  `rating_sum` int(10) unsigned NOT NULL DEFAULT '0',
  `rating_count` int(10) unsigned NOT NULL DEFAULT '0',
  `lastip` varchar(50) NOT NULL DEFAULT '',
  PRIMARY KEY (`content_id`)
) ENGINE=MyISAM DEFAULT CHARSET=utf8;

--
-- Dumping data for table `btdov_content_rating`
--


--
-- Table structure for table `btdov_core_log_searches`
--

CREATE TABLE `btdov_core_log_searches` (
  `search_term` varchar(128) NOT NULL DEFAULT '',
  `hits` int(10) unsigned NOT NULL DEFAULT '0'
) ENGINE=MyISAM DEFAULT CHARSET=utf8;

--
-- Dumping data for table `btdov_core_log_searches`
--


--
-- Table structure for table `btdov_extensions`
--

CREATE TABLE `btdov_extensions` (
  `extension_id` int(11) NOT NULL AUTO_INCREMENT,
  `name` varchar(100) NOT NULL,
  `type` varchar(20) NOT NULL,
  `element` varchar(100) NOT NULL,
  `folder` varchar(100) NOT NULL,
  `client_id` tinyint(3) NOT NULL,
  `enabled` tinyint(3) NOT NULL DEFAULT '1',
  `access` int(10) unsigned NOT NULL DEFAULT '1',
  `protected` tinyint(3) NOT NULL DEFAULT '0',
  `manifest_cache` text NOT NULL,
  `params` text NOT NULL,
  `custom_data` text NOT NULL,
  `system_data` text NOT NULL,
  `checked_out` int(10) unsigned NOT NULL DEFAULT '0',
  `checked_out_time` datetime NOT NULL DEFAULT '0000-00-00 00:00:00',
  `ordering` int(11) DEFAULT '0',
  `state` int(11) DEFAULT '0',
  PRIMARY KEY (`extension_id`),
  KEY `element_clientid` (`element`,`client_id`),
  KEY `element_folder_clientid` (`element`,`folder`,`client_id`),
  KEY `extension` (`type`,`element`,`folder`,`client_id`)
) ENGINE=MyISAM AUTO_INCREMENT=10007 DEFAULT CHARSET=utf8;

--
-- Dumping data for table `btdov_extensions`
--

INSERT INTO `btdov_extensions` VALUES (1,'com_mailto','component','com_mailto','',0,1,1,1,'{\"legacy\":false,\"name\":\"com_mailto\",\"type\":\"component\",\"creationDate\":\"April 2006\",\"author\":\"Joomla! Project\",\"copyright\":\"(C) 2005 - 2011 Open Source Matters. All rights reserved.\\t\",\"authorEmail\":\"admin@joomla.org\",\"authorUrl\":\"www.joomla.org\",\"version\":\"1.7.0\",\"description\":\"COM_MAILTO_XML_DESCRIPTION\",\"group\":\"\"}','','','',0,'0000-00-00 00:00:00',0,0),(2,'com_wrapper','component','com_wrapper','',0,1,1,1,'{\"legacy\":false,\"name\":\"com_wrapper\",\"type\":\"component\",\"creationDate\":\"April 2006\",\"author\":\"Joomla! Project\",\"copyright\":\"(C) 2005 - 2011 Open Source Matters. All rights reserved.\\n\\t\",\"authorEmail\":\"admin@joomla.org\",\"authorUrl\":\"www.joomla.org\",\"version\":\"1.7.0\",\"description\":\"COM_WRAPPER_XML_DESCRIPTION\",\"group\":\"\"}','','','',0,'0000-00-00 00:00:00',0,0),(3,'com_admin','component','com_admin','',1,1,1,1,'{\"legacy\":false,\"name\":\"com_admin\",\"type\":\"component\",\"creationDate\":\"April 2006\",\"author\":\"Joomla! Project\",\"copyright\":\"(C) 2005 - 2011 Open Source Matters. All rights reserved.\\n\\t\",\"authorEmail\":\"admin@joomla.org\",\"authorUrl\":\"www.joomla.org\",\"version\":\"1.7.0\",\"description\":\"COM_ADMIN_XML_DESCRIPTION\",\"group\":\"\"}','','','',0,'0000-00-00 00:00:00',0,0),(4,'com_banners','component','com_banners','',1,1,1,0,'{\"legacy\":false,\"name\":\"com_banners\",\"type\":\"component\",\"creationDate\":\"April 2006\",\"author\":\"Joomla! Project\",\"copyright\":\"(C) 2005 - 2011 Open Source Matters. All rights reserved.\\n\\t\",\"authorEmail\":\"admin@joomla.org\",\"authorUrl\":\"www.joomla.org\",\"version\":\"1.7.0\",\"description\":\"COM_BANNERS_XML_DESCRIPTION\",\"group\":\"\"}','{\"purchase_type\":\"3\",\"track_impressions\":\"0\",\"track_clicks\":\"0\",\"metakey_prefix\":\"\"}','','',0,'0000-00-00 00:00:00',0,0),(5,'com_cache','component','com_cache','',1,1,1,1,'{\"legacy\":false,\"name\":\"com_cache\",\"type\":\"component\",\"creationDate\":\"April 2006\",\"author\":\"Joomla! Project\",\"copyright\":\"(C) 2005 - 2011 Open Source Matters. All rights reserved.\\t\",\"authorEmail\":\"admin@joomla.org\",\"authorUrl\":\"www.joomla.org\",\"version\":\"1.7.0\",\"description\":\"COM_CACHE_XML_DESCRIPTION\",\"group\":\"\"}','','','',0,'0000-00-00 00:00:00',0,0),(6,'com_categories','component','com_categories','',1,1,1,1,'{\"legacy\":false,\"name\":\"com_categories\",\"type\":\"component\",\"creationDate\":\"December 2007\",\"author\":\"Joomla! Project\",\"copyright\":\"(C) 2005 - 2011 Open Source Matters. All rights reserved.\",\"authorEmail\":\"admin@joomla.org\",\"authorUrl\":\"www.joomla.org\",\"version\":\"1.7.0\",\"description\":\"COM_CATEGORIES_XML_DESCRIPTION\",\"group\":\"\"}','','','',0,'0000-00-00 00:00:00',0,0),(7,'com_checkin','component','com_checkin','',1,1,1,1,'{\"legacy\":false,\"name\":\"com_checkin\",\"type\":\"component\",\"creationDate\":\"Unknown\",\"author\":\"Joomla! Project\",\"copyright\":\"(C) 2005 - 2008 Open Source Matters. All rights reserved.\\n\\t\",\"authorEmail\":\"admin@joomla.org\",\"authorUrl\":\"www.joomla.org\",\"version\":\"1.7.0\",\"description\":\"COM_CHECKIN_XML_DESCRIPTION\",\"group\":\"\"}','','','',0,'0000-00-00 00:00:00',0,0),(8,'com_contact','component','com_contact','',1,1,1,0,'{\"legacy\":false,\"name\":\"com_contact\",\"type\":\"component\",\"creationDate\":\"April 2006\",\"author\":\"Joomla! Project\",\"copyright\":\"(C) 2005 - 2011 Open Source Matters. All rights reserved.\\n\\t\",\"authorEmail\":\"admin@joomla.org\",\"authorUrl\":\"www.joomla.org\",\"version\":\"1.7.0\",\"description\":\"COM_CONTACT_XML_DESCRIPTION\",\"group\":\"\"}','{\"show_contact_category\":\"hide\",\"show_contact_list\":\"0\",\"presentation_style\":\"sliders\",\"show_name\":\"1\",\"show_position\":\"1\",\"show_email\":\"0\",\"show_street_address\":\"1\",\"show_suburb\":\"1\",\"show_state\":\"1\",\"show_postcode\":\"1\",\"show_country\":\"1\",\"show_telephone\":\"1\",\"show_mobile\":\"1\",\"show_fax\":\"1\",\"show_webpage\":\"1\",\"show_misc\":\"1\",\"show_image\":\"1\",\"image\":\"\",\"allow_vcard\":\"0\",\"show_articles\":\"0\",\"show_profile\":\"0\",\"show_links\":\"0\",\"linka_name\":\"\",\"linkb_name\":\"\",\"linkc_name\":\"\",\"linkd_name\":\"\",\"linke_name\":\"\",\"contact_icons\":\"0\",\"icon_address\":\"\",\"icon_email\":\"\",\"icon_telephone\":\"\",\"icon_mobile\":\"\",\"icon_fax\":\"\",\"icon_misc\":\"\",\"show_headings\":\"1\",\"show_position_headings\":\"1\",\"show_email_headings\":\"0\",\"show_telephone_headings\":\"1\",\"show_mobile_headings\":\"0\",\"show_fax_headings\":\"0\",\"allow_vcard_headings\":\"0\",\"show_suburb_headings\":\"1\",\"show_state_headings\":\"1\",\"show_country_headings\":\"1\",\"show_email_form\":\"1\",\"show_email_copy\":\"1\",\"banned_email\":\"\",\"banned_subject\":\"\",\"banned_text\":\"\",\"validate_session\":\"1\",\"custom_reply\":\"0\",\"redirect\":\"\",\"show_category_crumb\":\"0\",\"metakey\":\"\",\"metadesc\":\"\",\"robots\":\"\",\"author\":\"\",\"rights\":\"\",\"xreference\":\"\"}','','',0,'0000-00-00 00:00:00',0,0),(9,'com_cpanel','component','com_cpanel','',1,1,1,1,'{\"legacy\":false,\"name\":\"com_cpanel\",\"type\":\"component\",\"creationDate\":\"April 2006\",\"author\":\"Joomla! Project\",\"copyright\":\"(C) 2005 - 2011 Open Source Matters. All rights reserved.\",\"authorEmail\":\"admin@joomla.org\",\"authorUrl\":\"www.joomla.org\",\"version\":\"1.7.0\",\"description\":\"COM_CPANEL_XML_DESCRIPTION\",\"group\":\"\"}','','','',0,'0000-00-00 00:00:00',0,0),(10,'com_installer','component','com_installer','',1,1,1,1,'{\"legacy\":false,\"name\":\"com_installer\",\"type\":\"component\",\"creationDate\":\"April 2006\",\"author\":\"Joomla! Project\",\"copyright\":\"(C) 2005 - 2011 Open Source Matters. All rights reserved.\\t\",\"authorEmail\":\"admin@joomla.org\",\"authorUrl\":\"www.joomla.org\",\"version\":\"1.7.0\",\"description\":\"COM_INSTALLER_XML_DESCRIPTION\",\"group\":\"\"}','{}','','',0,'0000-00-00 00:00:00',0,0),(11,'com_languages','component','com_languages','',1,1,1,1,'{\"legacy\":false,\"name\":\"com_languages\",\"type\":\"component\",\"creationDate\":\"2006\",\"author\":\"Joomla! Project\",\"copyright\":\"(C) 2005 - 2011 Open Source Matters. All rights reserved.\\n\\t\",\"authorEmail\":\"admin@joomla.org\",\"authorUrl\":\"www.joomla.org\",\"version\":\"1.7.0\",\"description\":\"COM_LANGUAGES_XML_DESCRIPTION\",\"group\":\"\"}','{\"administrator\":\"es-ES\",\"site\":\"es-ES\"}','','',0,'0000-00-00 00:00:00',0,0),(12,'com_login','component','com_login','',1,1,1,1,'{\"legacy\":false,\"name\":\"com_login\",\"type\":\"component\",\"creationDate\":\"April 2006\",\"author\":\"Joomla! Project\",\"copyright\":\"(C) 2005 - 2011 Open Source Matters. All rights reserved.\\t\",\"authorEmail\":\"admin@joomla.org\",\"authorUrl\":\"www.joomla.org\",\"version\":\"1.7.0\",\"description\":\"COM_LOGIN_XML_DESCRIPTION\",\"group\":\"\"}','','','',0,'0000-00-00 00:00:00',0,0),(13,'com_media','component','com_media','',1,1,0,1,'{\"legacy\":false,\"name\":\"com_media\",\"type\":\"component\",\"creationDate\":\"April 2006\",\"author\":\"Joomla! Project\",\"copyright\":\"(C) 2005 - 2011 Open Source Matters. All rights reserved.\\t\",\"authorEmail\":\"admin@joomla.org\",\"authorUrl\":\"www.joomla.org\",\"version\":\"1.7.0\",\"description\":\"COM_MEDIA_XML_DESCRIPTION\",\"group\":\"\"}','{\"upload_extensions\":\"bmp,csv,doc,gif,ico,jpg,php,jpeg,odg,odp,php,odt,pdf,png,ppt,swf,txt,xcf,xls,BMP,CSV,DOC,GIF,ICO,JPG,PHP,JPEG,ODG,ODP,PHP,ODT,PDF,PNG,PPT,SWF,TXT,XCF,XLS\",\"upload_maxsize\":\"10\",\"file_path\":\"images\",\"image_path\":\"images\",\"restrict_uploads\":\"0\",\"check_mime\":\"0\",\"image_extensions\":\"bmp,gif,jpg,png,php\",\"ignore_extensions\":\"\",\"upload_mime\":\"image\\/jpeg,image\\/gif,image\\/png,image\\/bmp,application\\/x-shockwave-flash,application\\/msword,application\\/excel,application\\/pdf,application\\/powerpoint,text\\/plain,application\\/x-zip\",\"upload_mime_illegal\":\"text\\/html\",\"enable_flash\":\"0\"}','','',0,'0000-00-00 00:00:00',0,0),(14,'com_menus','component','com_menus','',1,1,1,1,'{\"legacy\":false,\"name\":\"com_menus\",\"type\":\"component\",\"creationDate\":\"April 2006\",\"author\":\"Joomla! Project\",\"copyright\":\"(C) 2005 - 2011 Open Source Matters. All rights reserved.\\t\",\"authorEmail\":\"admin@joomla.org\",\"authorUrl\":\"www.joomla.org\",\"version\":\"1.7.0\",\"description\":\"COM_MENUS_XML_DESCRIPTION\",\"group\":\"\"}','{}','','',0,'0000-00-00 00:00:00',0,0),(15,'com_messages','component','com_messages','',1,1,1,1,'{\"legacy\":false,\"name\":\"com_messages\",\"type\":\"component\",\"creationDate\":\"April 2006\",\"author\":\"Joomla! Project\",\"copyright\":\"(C) 2005 - 2011 Open Source Matters. All rights reserved.\\t\",\"authorEmail\":\"admin@joomla.org\",\"authorUrl\":\"www.joomla.org\",\"version\":\"1.7.0\",\"description\":\"COM_MESSAGES_XML_DESCRIPTION\",\"group\":\"\"}','','','',0,'0000-00-00 00:00:00',0,0),(16,'com_modules','component','com_modules','',1,1,1,1,'{\"legacy\":false,\"name\":\"com_modules\",\"type\":\"component\",\"creationDate\":\"April 2006\",\"author\":\"Joomla! Project\",\"copyright\":\"(C) 2005 - 2011 Open Source Matters. All rights reserved.\\t\",\"authorEmail\":\"admin@joomla.org\",\"authorUrl\":\"www.joomla.org\",\"version\":\"1.7.0\",\"description\":\"COM_MODULES_XML_DESCRIPTION\",\"group\":\"\"}','{}','','',0,'0000-00-00 00:00:00',0,0),(17,'com_newsfeeds','component','com_newsfeeds','',1,1,1,0,'{\"legacy\":false,\"name\":\"com_newsfeeds\",\"type\":\"component\",\"creationDate\":\"April 2006\",\"author\":\"Joomla! Project\",\"copyright\":\"(C) 2005 - 2011 Open Source Matters. All rights reserved.\\t\",\"authorEmail\":\"admin@joomla.org\",\"authorUrl\":\"www.joomla.org\",\"version\":\"1.7.0\",\"description\":\"COM_NEWSFEEDS_XML_DESCRIPTION\",\"group\":\"\"}','{\"show_feed_image\":\"1\",\"show_feed_description\":\"1\",\"show_item_description\":\"1\",\"feed_word_count\":\"0\",\"show_headings\":\"1\",\"show_name\":\"1\",\"show_articles\":\"0\",\"show_link\":\"1\",\"show_description\":\"1\",\"show_description_image\":\"1\",\"display_num\":\"\",\"show_pagination_limit\":\"1\",\"show_pagination\":\"1\",\"show_pagination_results\":\"1\",\"show_cat_items\":\"1\"}','','',0,'0000-00-00 00:00:00',0,0),(18,'com_plugins','component','com_plugins','',1,1,1,1,'{\"legacy\":false,\"name\":\"com_plugins\",\"type\":\"component\",\"creationDate\":\"April 2006\",\"author\":\"Joomla! Project\",\"copyright\":\"(C) 2005 - 2011 Open Source Matters. All rights reserved.\\t\",\"authorEmail\":\"admin@joomla.org\",\"authorUrl\":\"www.joomla.org\",\"version\":\"1.7.0\",\"description\":\"COM_PLUGINS_XML_DESCRIPTION\",\"group\":\"\"}','{}','','',0,'0000-00-00 00:00:00',0,0),(19,'com_search','component','com_search','',1,1,1,1,'{\"legacy\":false,\"name\":\"com_search\",\"type\":\"component\",\"creationDate\":\"April 2006\",\"author\":\"Joomla! Project\",\"copyright\":\"(C) 2005 - 2011 Open Source Matters. All rights reserved.\\n\\t\",\"authorEmail\":\"admin@joomla.org\",\"authorUrl\":\"www.joomla.org\",\"version\":\"1.7.0\",\"description\":\"COM_SEARCH_XML_DESCRIPTION\",\"group\":\"\"}','{\"enabled\":\"0\",\"show_date\":\"1\"}','','',0,'0000-00-00 00:00:00',0,0),(20,'com_templates','component','com_templates','',1,1,1,1,'{\"legacy\":false,\"name\":\"com_templates\",\"type\":\"component\",\"creationDate\":\"April 2006\",\"author\":\"Joomla! Project\",\"copyright\":\"(C) 2005 - 2011 Open Source Matters. All rights reserved.\\t\",\"authorEmail\":\"admin@joomla.org\",\"authorUrl\":\"www.joomla.org\",\"version\":\"1.7.0\",\"description\":\"COM_TEMPLATES_XML_DESCRIPTION\",\"group\":\"\"}','{}','','',0,'0000-00-00 00:00:00',0,0),(21,'com_weblinks','component','com_weblinks','',1,1,1,0,'{\"legacy\":false,\"name\":\"com_weblinks\",\"type\":\"component\",\"creationDate\":\"April 2006\",\"author\":\"Joomla! Project\",\"copyright\":\"(C) 2005 - 2011 Open Source Matters. All rights reserved.\\n\\t\",\"authorEmail\":\"admin@joomla.org\",\"authorUrl\":\"www.joomla.org\",\"version\":\"1.7.0\",\"description\":\"COM_WEBLINKS_XML_DESCRIPTION\",\"group\":\"\"}','{\"show_comp_description\":\"1\",\"comp_description\":\"\",\"show_link_hits\":\"1\",\"show_link_description\":\"1\",\"show_other_cats\":\"0\",\"show_headings\":\"0\",\"show_numbers\":\"0\",\"show_report\":\"1\",\"count_clicks\":\"1\",\"target\":\"0\",\"link_icons\":\"\"}','','',0,'0000-00-00 00:00:00',0,0),(22,'com_content','component','com_content','',1,1,0,1,'{\"legacy\":false,\"name\":\"com_content\",\"type\":\"component\",\"creationDate\":\"April 2006\",\"author\":\"Joomla! Project\",\"copyright\":\"(C) 2005 - 2011 Open Source Matters. All rights reserved.\\t\",\"authorEmail\":\"admin@joomla.org\",\"authorUrl\":\"www.joomla.org\",\"version\":\"1.7.0\",\"description\":\"COM_CONTENT_XML_DESCRIPTION\",\"group\":\"\"}','{\"article_layout\":\"_:default\",\"show_title\":\"1\",\"link_titles\":\"1\",\"show_intro\":\"0\",\"show_category\":\"0\",\"link_category\":\"0\",\"show_parent_category\":\"0\",\"link_parent_category\":\"0\",\"show_author\":\"0\",\"link_author\":\"0\",\"show_create_date\":\"0\",\"show_modify_date\":\"0\",\"show_publish_date\":\"0\",\"show_item_navigation\":\"0\",\"show_vote\":\"0\",\"show_readmore\":\"1\",\"show_readmore_title\":\"1\",\"readmore_limit\":\"100\",\"show_icons\":\"0\",\"show_print_icon\":\"0\",\"show_email_icon\":\"0\",\"show_hits\":\"0\",\"show_noauth\":\"0\",\"category_layout\":\"_:blog\",\"show_category_title\":\"0\",\"show_description\":\"0\",\"show_description_image\":\"0\",\"maxLevel\":\"1\",\"show_empty_categories\":\"0\",\"show_no_articles\":\"1\",\"show_subcat_desc\":\"1\",\"show_cat_num_articles\":\"0\",\"show_base_description\":\"1\",\"maxLevelcat\":\"-1\",\"show_empty_categories_cat\":\"0\",\"show_subcat_desc_cat\":\"1\",\"show_cat_num_articles_cat\":\"1\",\"num_leading_articles\":\"1\",\"num_intro_articles\":\"4\",\"num_columns\":\"2\",\"num_links\":\"4\",\"multi_column_order\":\"0\",\"show_subcategory_content\":\"0\",\"show_pagination_limit\":\"1\",\"filter_field\":\"hide\",\"show_headings\":\"1\",\"list_show_date\":\"0\",\"date_format\":\"\",\"list_show_hits\":\"1\",\"list_show_author\":\"1\",\"orderby_pri\":\"order\",\"orderby_sec\":\"rdate\",\"order_date\":\"published\",\"show_pagination\":\"2\",\"show_pagination_results\":\"1\",\"show_feed_link\":\"1\",\"feed_summary\":\"0\",\"filters\":{\"1\":{\"filter_type\":\"BL\",\"filter_tags\":\"\",\"filter_attributes\":\"\"},\"6\":{\"filter_type\":\"BL\",\"filter_tags\":\"\",\"filter_attributes\":\"\"},\"7\":{\"filter_type\":\"BL\",\"filter_tags\":\"\",\"filter_attributes\":\"\"},\"2\":{\"filter_type\":\"BL\",\"filter_tags\":\"\",\"filter_attributes\":\"\"},\"3\":{\"filter_type\":\"BL\",\"filter_tags\":\"\",\"filter_attributes\":\"\"},\"4\":{\"filter_type\":\"BL\",\"filter_tags\":\"\",\"filter_attributes\":\"\"},\"5\":{\"filter_type\":\"BL\",\"filter_tags\":\"\",\"filter_attributes\":\"\"},\"10\":{\"filter_type\":\"BL\",\"filter_tags\":\"\",\"filter_attributes\":\"\"},\"12\":{\"filter_type\":\"BL\",\"filter_tags\":\"\",\"filter_attributes\":\"\"},\"8\":{\"filter_type\":\"BL\",\"filter_tags\":\"\",\"filter_attributes\":\"\"}}}','','',0,'0000-00-00 00:00:00',0,0),(23,'com_config','component','com_config','',1,1,0,1,'{\"legacy\":false,\"name\":\"com_config\",\"type\":\"component\",\"creationDate\":\"April 2006\",\"author\":\"Joomla! Project\",\"copyright\":\"(C) 2005 - 2011 Open Source Matters. All rights reserved.\\t\",\"authorEmail\":\"admin@joomla.org\",\"authorUrl\":\"www.joomla.org\",\"version\":\"1.7.0\",\"description\":\"COM_CONFIG_XML_DESCRIPTION\",\"group\":\"\"}','','','',0,'0000-00-00 00:00:00',0,0),(24,'com_redirect','component','com_redirect','',1,1,0,1,'{\"legacy\":false,\"name\":\"com_redirect\",\"type\":\"component\",\"creationDate\":\"April 2006\",\"author\":\"Joomla! Project\",\"copyright\":\"(C) 2005 - 2011 Open Source Matters. All rights reserved.\\t\",\"authorEmail\":\"admin@joomla.org\",\"authorUrl\":\"www.joomla.org\",\"version\":\"1.7.0\",\"description\":\"COM_REDIRECT_XML_DESCRIPTION\",\"group\":\"\"}','{}','','',0,'0000-00-00 00:00:00',0,0),(25,'com_users','component','com_users','',1,1,0,1,'{\"legacy\":false,\"name\":\"com_users\",\"type\":\"component\",\"creationDate\":\"April 2006\",\"author\":\"Joomla! Project\",\"copyright\":\"(C) 2005 - 2011 Open Source Matters. All rights reserved.\\t\",\"authorEmail\":\"admin@joomla.org\",\"authorUrl\":\"www.joomla.org\",\"version\":\"1.7.0\",\"description\":\"COM_USERS_XML_DESCRIPTION\",\"group\":\"\"}','{\"allowUserRegistration\":\"0\",\"new_usertype\":\"2\",\"guest_usergroup\":\"1\",\"useractivation\":\"1\",\"frontend_userparams\":\"1\",\"site_language\":\"0\",\"mailSubjectPrefix\":\"\",\"mailBodySuffix\":\"\"}','','',0,'0000-00-00 00:00:00',0,0),(100,'PHPMailer','library','phpmailer','',0,1,1,1,'{\"legacy\":false,\"name\":\"PHPMailer\",\"type\":\"library\",\"creationDate\":\"2008\",\"author\":\"PHPMailer\",\"copyright\":\"Copyright (C) PHPMailer.\",\"authorEmail\":\"\",\"authorUrl\":\"http:\\/\\/phpmailer.codeworxtech.com\\/\",\"version\":\"1.7.0\",\"description\":\"LIB_PHPMAILER_XML_DESCRIPTION\",\"group\":\"\"}','','','',0,'0000-00-00 00:00:00',0,0),(101,'SimplePie','library','simplepie','',0,1,1,1,'{\"legacy\":false,\"name\":\"SimplePie\",\"type\":\"library\",\"creationDate\":\"2008\",\"author\":\"SimplePie\",\"copyright\":\"Copyright (C) 2008 SimplePie\",\"authorEmail\":\"\",\"authorUrl\":\"http:\\/\\/simplepie.org\\/\",\"version\":\"1.0.1\",\"description\":\"LIB_SIMPLEPIE_XML_DESCRIPTION\",\"group\":\"\"}','','','',0,'0000-00-00 00:00:00',0,0),(102,'phputf8','library','phputf8','',0,1,1,1,'{\"legacy\":false,\"name\":\"phputf8\",\"type\":\"library\",\"creationDate\":\"2008\",\"author\":\"Harry Fuecks\",\"copyright\":\"Copyright various authors\",\"authorEmail\":\"\",\"authorUrl\":\"http:\\/\\/sourceforge.net\\/projects\\/phputf8\",\"version\":\"1.7.0\",\"description\":\"LIB_PHPUTF8_XML_DESCRIPTION\",\"group\":\"\"}','','','',0,'0000-00-00 00:00:00',0,0),(103,'Joomla! Web Application Framework','library','joomla','',0,1,1,1,'{\"legacy\":false,\"name\":\"Joomla! Web Application Framework\",\"type\":\"library\",\"creationDate\":\"2008\",\"author\":\"Joomla\",\"copyright\":\"Copyright (C) 2005 - 2011 Open Source Matters. All rights reserved.\",\"authorEmail\":\"admin@joomla.org\",\"authorUrl\":\"http:\\/\\/www.joomla.org\",\"version\":\"1.7.0\",\"description\":\"LIB_JOOMLA_XML_DESCRIPTION\",\"group\":\"\"}','{}','','',0,'0000-00-00 00:00:00',0,0),(200,'mod_articles_archive','module','mod_articles_archive','',0,1,1,1,'{\"legacy\":false,\"name\":\"mod_articles_archive\",\"type\":\"module\",\"creationDate\":\"July 2006\",\"author\":\"Joomla! Project\",\"copyright\":\"Copyright (C) 2005 - 2011 Open Source Matters.\\n\\t\\tAll rights reserved.\",\"authorEmail\":\"admin@joomla.org\",\"authorUrl\":\"www.joomla.org\",\"version\":\"1.7.0\",\"description\":\"MOD_ARTICLES_ARCHIVE_XML_DESCRIPTION\",\"group\":\"\"}','','','',0,'0000-00-00 00:00:00',0,0),(201,'mod_articles_latest','module','mod_articles_latest','',0,1,1,1,'{\"legacy\":false,\"name\":\"mod_articles_latest\",\"type\":\"module\",\"creationDate\":\"July 2004\",\"author\":\"Joomla! Project\",\"copyright\":\"Copyright (C) 2005 - 2011 Open Source Matters. All rights reserved.\",\"authorEmail\":\"admin@joomla.org\",\"authorUrl\":\"www.joomla.org\",\"version\":\"1.7.0\",\"description\":\"MOD_LATEST_NEWS_XML_DESCRIPTION\",\"group\":\"\"}','','','',0,'0000-00-00 00:00:00',0,0),(202,'mod_articles_popular','module','mod_articles_popular','',0,1,1,0,'{\"legacy\":false,\"name\":\"mod_articles_popular\",\"type\":\"module\",\"creationDate\":\"July 2006\",\"author\":\"Joomla! Project\",\"copyright\":\"Copyright (C) 2005 - 2011 Open Source Matters. All rights reserved.\",\"authorEmail\":\"admin@joomla.org\",\"authorUrl\":\"www.joomla.org\",\"version\":\"1.7.0\",\"description\":\"MOD_POPULAR_XML_DESCRIPTION\",\"group\":\"\"}','','','',0,'0000-00-00 00:00:00',0,0),(203,'mod_banners','module','mod_banners','',0,1,1,1,'{\"legacy\":false,\"name\":\"mod_banners\",\"type\":\"module\",\"creationDate\":\"July 2006\",\"author\":\"Joomla! Project\",\"copyright\":\"Copyright (C) 2005 - 2011 Open Source Matters. All rights reserved.\",\"authorEmail\":\"admin@joomla.org\",\"authorUrl\":\"www.joomla.org\",\"version\":\"1.7.0\",\"description\":\"MOD_BANNERS_XML_DESCRIPTION\",\"group\":\"\"}','','','',0,'0000-00-00 00:00:00',0,0),(204,'mod_breadcrumbs','module','mod_breadcrumbs','',0,1,1,1,'{\"legacy\":false,\"name\":\"mod_breadcrumbs\",\"type\":\"module\",\"creationDate\":\"July 2006\",\"author\":\"Joomla! Project\",\"copyright\":\"Copyright (C) 2005 - 2011 Open Source Matters. All rights reserved.\",\"authorEmail\":\"admin@joomla.org\",\"authorUrl\":\"www.joomla.org\",\"version\":\"1.7.0\",\"description\":\"MOD_BREADCRUMBS_XML_DESCRIPTION\",\"group\":\"\"}','','','',0,'0000-00-00 00:00:00',0,0),(205,'mod_custom','module','mod_custom','',0,1,1,1,'{\"legacy\":false,\"name\":\"mod_custom\",\"type\":\"module\",\"creationDate\":\"July 2004\",\"author\":\"Joomla! Project\",\"copyright\":\"Copyright (C) 2005 - 2011 Open Source Matters. All rights reserved.\",\"authorEmail\":\"admin@joomla.org\",\"authorUrl\":\"www.joomla.org\",\"version\":\"1.7.0\",\"description\":\"MOD_CUSTOM_XML_DESCRIPTION\",\"group\":\"\"}','','','',0,'0000-00-00 00:00:00',0,0),(206,'mod_feed','module','mod_feed','',0,1,1,1,'{\"legacy\":false,\"name\":\"mod_feed\",\"type\":\"module\",\"creationDate\":\"July 2005\",\"author\":\"Joomla! Project\",\"copyright\":\"Copyright (C) 2005 - 2011 Open Source Matters. All rights reserved.\",\"authorEmail\":\"admin@joomla.org\",\"authorUrl\":\"www.joomla.org\",\"version\":\"1.7.0\",\"description\":\"MOD_FEED_XML_DESCRIPTION\",\"group\":\"\"}','','','',0,'0000-00-00 00:00:00',0,0),(207,'mod_footer','module','mod_footer','',0,1,1,1,'{\"legacy\":false,\"name\":\"mod_footer\",\"type\":\"module\",\"creationDate\":\"July 2006\",\"author\":\"Joomla! Project\",\"copyright\":\"Copyright (C) 2005 - 2011 Open Source Matters. All rights reserved.\",\"authorEmail\":\"admin@joomla.org\",\"authorUrl\":\"www.joomla.org\",\"version\":\"1.7.0\",\"description\":\"MOD_FOOTER_XML_DESCRIPTION\",\"group\":\"\"}','','','',0,'0000-00-00 00:00:00',0,0),(208,'mod_login','module','mod_login','',0,1,1,1,'{\"legacy\":false,\"name\":\"mod_login\",\"type\":\"module\",\"creationDate\":\"July 2006\",\"author\":\"Joomla! Project\",\"copyright\":\"Copyright (C) 2005 - 2011 Open Source Matters. All rights reserved.\",\"authorEmail\":\"admin@joomla.org\",\"authorUrl\":\"www.joomla.org\",\"version\":\"1.7.0\",\"description\":\"MOD_LOGIN_XML_DESCRIPTION\",\"group\":\"\"}','','','',0,'0000-00-00 00:00:00',0,0),(209,'mod_menu','module','mod_menu','',0,1,1,1,'{\"legacy\":false,\"name\":\"mod_menu\",\"type\":\"module\",\"creationDate\":\"July 2004\",\"author\":\"Joomla! Project\",\"copyright\":\"Copyright (C) 2005 - 2011 Open Source Matters. All rights reserved.\",\"authorEmail\":\"admin@joomla.org\",\"authorUrl\":\"www.joomla.org\",\"version\":\"1.7.0\",\"description\":\"MOD_MENU_XML_DESCRIPTION\",\"group\":\"\"}','','','',0,'0000-00-00 00:00:00',0,0),(210,'mod_articles_news','module','mod_articles_news','',0,1,1,0,'{\"legacy\":false,\"name\":\"mod_articles_news\",\"type\":\"module\",\"creationDate\":\"July 2006\",\"author\":\"Joomla! Project\",\"copyright\":\"Copyright (C) 2005 - 2011 Open Source Matters. All rights reserved.\",\"authorEmail\":\"admin@joomla.org\",\"authorUrl\":\"www.joomla.org\",\"version\":\"1.7.0\",\"description\":\"MOD_ARTICLES_NEWS_XML_DESCRIPTION\",\"group\":\"\"}','','','',0,'0000-00-00 00:00:00',0,0),(211,'mod_random_image','module','mod_random_image','',0,1,1,0,'{\"legacy\":false,\"name\":\"mod_random_image\",\"type\":\"module\",\"creationDate\":\"July 2006\",\"author\":\"Joomla! Project\",\"copyright\":\"Copyright (C) 2005 - 2011 Open Source Matters. All rights reserved.\",\"authorEmail\":\"admin@joomla.org\",\"authorUrl\":\"www.joomla.org\",\"version\":\"1.7.0\",\"description\":\"MOD_RANDOM_IMAGE_XML_DESCRIPTION\",\"group\":\"\"}','','','',0,'0000-00-00 00:00:00',0,0),(212,'mod_related_items','module','mod_related_items','',0,1,1,0,'{\"legacy\":false,\"name\":\"mod_related_items\",\"type\":\"module\",\"creationDate\":\"July 2004\",\"author\":\"Joomla! Project\",\"copyright\":\"Copyright (C) 2005 - 2011 Open Source Matters. All rights reserved.\",\"authorEmail\":\"admin@joomla.org\",\"authorUrl\":\"www.joomla.org\",\"version\":\"1.7.0\",\"description\":\"MOD_RELATED_XML_DESCRIPTION\",\"group\":\"\"}','','','',0,'0000-00-00 00:00:00',0,0),(213,'mod_search','module','mod_search','',0,1,1,0,'{\"legacy\":false,\"name\":\"mod_search\",\"type\":\"module\",\"creationDate\":\"July 2004\",\"author\":\"Joomla! Project\",\"copyright\":\"Copyright (C) 2005 - 2011 Open Source Matters. All rights reserved.\",\"authorEmail\":\"admin@joomla.org\",\"authorUrl\":\"www.joomla.org\",\"version\":\"1.7.0\",\"description\":\"MOD_SEARCH_XML_DESCRIPTION\",\"group\":\"\"}','','','',0,'0000-00-00 00:00:00',0,0),(214,'mod_stats','module','mod_stats','',0,1,1,0,'{\"legacy\":false,\"name\":\"mod_stats\",\"type\":\"module\",\"creationDate\":\"July 2004\",\"author\":\"Joomla! Project\",\"copyright\":\"Copyright (C) 2005 - 2011 Open Source Matters. All rights reserved.\",\"authorEmail\":\"admin@joomla.org\",\"authorUrl\":\"www.joomla.org\",\"version\":\"1.7.0\",\"description\":\"MOD_STATS_XML_DESCRIPTION\",\"group\":\"\"}','','','',0,'0000-00-00 00:00:00',0,0),(215,'mod_syndicate','module','mod_syndicate','',0,1,1,1,'{\"legacy\":false,\"name\":\"mod_syndicate\",\"type\":\"module\",\"creationDate\":\"May 2006\",\"author\":\"Joomla! Project\",\"copyright\":\"Copyright (C) 2005 - 2011 Open Source Matters. All rights reserved.\",\"authorEmail\":\"admin@joomla.org\",\"authorUrl\":\"www.joomla.org\",\"version\":\"1.7.0\",\"description\":\"MOD_SYNDICATE_XML_DESCRIPTION\",\"group\":\"\"}','','','',0,'0000-00-00 00:00:00',0,0),(216,'mod_users_latest','module','mod_users_latest','',0,1,1,1,'{\"legacy\":false,\"name\":\"mod_users_latest\",\"type\":\"module\",\"creationDate\":\"December 2009\",\"author\":\"Joomla! Project\",\"copyright\":\"Copyright (C) 2005 - 2011 Open Source Matters. All rights reserved.\",\"authorEmail\":\"admin@joomla.org\",\"authorUrl\":\"www.joomla.org\",\"version\":\"1.7.0\",\"description\":\"MOD_USERS_LATEST_XML_DESCRIPTION\",\"group\":\"\"}','','','',0,'0000-00-00 00:00:00',0,0),(217,'mod_weblinks','module','mod_weblinks','',0,1,1,0,'{\"legacy\":false,\"name\":\"mod_weblinks\",\"type\":\"module\",\"creationDate\":\"July 2009\",\"author\":\"Joomla! Project\",\"copyright\":\"Copyright (C) 2005 - 2011 Open Source Matters. All rights reserved.\",\"authorEmail\":\"admin@joomla.org\",\"authorUrl\":\"www.joomla.org\",\"version\":\"1.7.0\",\"description\":\"MOD_WEBLINKS_XML_DESCRIPTION\",\"group\":\"\"}','','','',0,'0000-00-00 00:00:00',0,0),(218,'mod_whosonline','module','mod_whosonline','',0,1,1,0,'{\"legacy\":false,\"name\":\"mod_whosonline\",\"type\":\"module\",\"creationDate\":\"July 2004\",\"author\":\"Joomla! Project\",\"copyright\":\"Copyright (C) 2005 - 2011 Open Source Matters. All rights reserved.\",\"authorEmail\":\"admin@joomla.org\",\"authorUrl\":\"www.joomla.org\",\"version\":\"1.7.0\",\"description\":\"MOD_WHOSONLINE_XML_DESCRIPTION\",\"group\":\"\"}','','','',0,'0000-00-00 00:00:00',0,0),(219,'mod_wrapper','module','mod_wrapper','',0,1,1,0,'{\"legacy\":false,\"name\":\"mod_wrapper\",\"type\":\"module\",\"creationDate\":\"October 2004\",\"author\":\"Joomla! Project\",\"copyright\":\"Copyright (C) 2005 - 2011 Open Source Matters. All rights reserved.\",\"authorEmail\":\"admin@joomla.org\",\"authorUrl\":\"www.joomla.org\",\"version\":\"1.7.0\",\"description\":\"MOD_WRAPPER_XML_DESCRIPTION\",\"group\":\"\"}','','','',0,'0000-00-00 00:00:00',0,0),(220,'mod_articles_category','module','mod_articles_category','',0,1,1,1,'{\"legacy\":false,\"name\":\"mod_articles_category\",\"type\":\"module\",\"creationDate\":\"February 2010\",\"author\":\"Joomla! Project\",\"copyright\":\"Copyright (C) 2005 - 2011 Open Source Matters. All rights reserved.\",\"authorEmail\":\"admin@joomla.org\",\"authorUrl\":\"www.joomla.org\",\"version\":\"1.7.0\",\"description\":\"MOD_ARTICLES_CATEGORY_XML_DESCRIPTION\",\"group\":\"\"}','','','',0,'0000-00-00 00:00:00',0,0),(221,'mod_articles_categories','module','mod_articles_categories','',0,1,1,1,'{\"legacy\":false,\"name\":\"mod_articles_categories\",\"type\":\"module\",\"creationDate\":\"February 2010\",\"author\":\"Joomla! Project\",\"copyright\":\"Copyright (C) 2005 - 2011 Open Source Matters. All rights reserved.\",\"authorEmail\":\"admin@joomla.org\",\"authorUrl\":\"www.joomla.org\",\"version\":\"1.7.0\",\"description\":\"MOD_ARTICLES_CATEGORIES_XML_DESCRIPTION\",\"group\":\"\"}','','','',0,'0000-00-00 00:00:00',0,0),(222,'mod_languages','module','mod_languages','',0,1,1,1,'{\"legacy\":false,\"name\":\"mod_languages\",\"type\":\"module\",\"creationDate\":\"February 2010\",\"author\":\"Joomla! Project\",\"copyright\":\"Copyright (C) 2005 - 2011 Open Source Matters. All rights reserved.\",\"authorEmail\":\"admin@joomla.org\",\"authorUrl\":\"www.joomla.org\",\"version\":\"1.7.0\",\"description\":\"MOD_LANGUAGES_XML_DESCRIPTION\",\"group\":\"\"}','','','',0,'0000-00-00 00:00:00',0,0),(300,'mod_custom','module','mod_custom','',1,1,1,1,'{\"legacy\":false,\"name\":\"mod_custom\",\"type\":\"module\",\"creationDate\":\"July 2004\",\"author\":\"Joomla! Project\",\"copyright\":\"Copyright (C) 2005 - 2011 Open Source Matters. All rights reserved.\",\"authorEmail\":\"admin@joomla.org\",\"authorUrl\":\"www.joomla.org\",\"version\":\"1.7.0\",\"description\":\"MOD_CUSTOM_XML_DESCRIPTION\",\"group\":\"\"}','','','',0,'0000-00-00 00:00:00',0,0),(301,'mod_feed','module','mod_feed','',1,1,1,0,'{\"legacy\":false,\"name\":\"mod_feed\",\"type\":\"module\",\"creationDate\":\"July 2005\",\"author\":\"Joomla! Project\",\"copyright\":\"Copyright (C) 2005 - 2011 Open Source Matters. All rights reserved.\",\"authorEmail\":\"admin@joomla.org\",\"authorUrl\":\"www.joomla.org\",\"version\":\"1.7.0\",\"description\":\"MOD_FEED_XML_DESCRIPTION\",\"group\":\"\"}','','','',0,'0000-00-00 00:00:00',0,0),(302,'mod_latest','module','mod_latest','',1,1,1,0,'{\"legacy\":false,\"name\":\"mod_latest\",\"type\":\"module\",\"creationDate\":\"July 2004\",\"author\":\"Joomla! Project\",\"copyright\":\"Copyright (C) 2005 - 2011 Open Source Matters. All rights reserved.\",\"authorEmail\":\"admin@joomla.org\",\"authorUrl\":\"www.joomla.org\",\"version\":\"1.7.0\",\"description\":\"MOD_LATEST_XML_DESCRIPTION\",\"group\":\"\"}','','','',0,'0000-00-00 00:00:00',0,0),(303,'mod_logged','module','mod_logged','',1,1,1,0,'{\"legacy\":false,\"name\":\"mod_logged\",\"type\":\"module\",\"creationDate\":\"January 2005\",\"author\":\"Joomla! Project\",\"copyright\":\"Copyright (C) 2005 - 2011 Open Source Matters. All rights reserved.\",\"authorEmail\":\"admin@joomla.org\",\"authorUrl\":\"www.joomla.org\",\"version\":\"1.7.0\",\"description\":\"MOD_LOGGED_XML_DESCRIPTION\",\"group\":\"\"}','','','',0,'0000-00-00 00:00:00',0,0),(304,'mod_login','module','mod_login','',1,1,1,1,'{\"legacy\":false,\"name\":\"mod_login\",\"type\":\"module\",\"creationDate\":\"March 2005\",\"author\":\"Joomla! Project\",\"copyright\":\"Copyright (C) 2005 - 2011 Open Source Matters. All rights reserved.\",\"authorEmail\":\"admin@joomla.org\",\"authorUrl\":\"www.joomla.org\",\"version\":\"1.7.0\",\"description\":\"MOD_LOGIN_XML_DESCRIPTION\",\"group\":\"\"}','','','',0,'0000-00-00 00:00:00',0,0),(305,'mod_menu','module','mod_menu','',1,1,1,0,'{\"legacy\":false,\"name\":\"mod_menu\",\"type\":\"module\",\"creationDate\":\"March 2006\",\"author\":\"Joomla! Project\",\"copyright\":\"Copyright (C) 2005 - 2011 Open Source Matters. All rights reserved.\",\"authorEmail\":\"admin@joomla.org\",\"authorUrl\":\"www.joomla.org\",\"version\":\"1.7.0\",\"description\":\"MOD_MENU_XML_DESCRIPTION\",\"group\":\"\"}','','','',0,'0000-00-00 00:00:00',0,0),(307,'mod_popular','module','mod_popular','',1,1,1,0,'{\"legacy\":false,\"name\":\"mod_popular\",\"type\":\"module\",\"creationDate\":\"July 2004\",\"author\":\"Joomla! Project\",\"copyright\":\"Copyright (C) 2005 - 2011 Open Source Matters. All rights reserved.\",\"authorEmail\":\"admin@joomla.org\",\"authorUrl\":\"www.joomla.org\",\"version\":\"1.7.0\",\"description\":\"MOD_POPULAR_XML_DESCRIPTION\",\"group\":\"\"}','','','',0,'0000-00-00 00:00:00',0,0),(308,'mod_quickicon','module','mod_quickicon','',1,1,1,1,'{\"legacy\":false,\"name\":\"mod_quickicon\",\"type\":\"module\",\"creationDate\":\"Nov 2005\",\"author\":\"Joomla! Project\",\"copyright\":\"Copyright (C) 2005 - 2011 Open Source Matters. All rights reserved.\",\"authorEmail\":\"admin@joomla.org\",\"authorUrl\":\"www.joomla.org\",\"version\":\"1.7.0\",\"description\":\"MOD_QUICKICON_XML_DESCRIPTION\",\"group\":\"\"}','','','',0,'0000-00-00 00:00:00',0,0),(309,'mod_status','module','mod_status','',1,1,1,0,'{\"legacy\":false,\"name\":\"mod_status\",\"type\":\"module\",\"creationDate\":\"Feb 2006\",\"author\":\"Joomla! Project\",\"copyright\":\"(C) 2005 - 2011 Open Source Matters. All rights reserved.\",\"authorEmail\":\"admin@joomla.org\",\"authorUrl\":\"www.joomla.org\",\"version\":\"1.7.0\",\"description\":\"MOD_STATUS_XML_DESCRIPTION\",\"group\":\"\"}','','','',0,'0000-00-00 00:00:00',0,0),(310,'mod_submenu','module','mod_submenu','',1,1,1,0,'{\"legacy\":false,\"name\":\"mod_submenu\",\"type\":\"module\",\"creationDate\":\"Feb 2006\",\"author\":\"Joomla! Project\",\"copyright\":\"Copyright (C) 2005 - 2011 Open Source Matters. All rights reserved.\",\"authorEmail\":\"admin@joomla.org\",\"authorUrl\":\"www.joomla.org\",\"version\":\"1.7.0\",\"description\":\"MOD_SUBMENU_XML_DESCRIPTION\",\"group\":\"\"}','','','',0,'0000-00-00 00:00:00',0,0),(311,'mod_title','module','mod_title','',1,1,1,0,'{\"legacy\":false,\"name\":\"mod_title\",\"type\":\"module\",\"creationDate\":\"Nov 2005\",\"author\":\"Joomla! Project\",\"copyright\":\"Copyright (C) 2005 - 2011 Open Source Matters. All rights reserved.\",\"authorEmail\":\"admin@joomla.org\",\"authorUrl\":\"www.joomla.org\",\"version\":\"1.7.0\",\"description\":\"MOD_TITLE_XML_DESCRIPTION\",\"group\":\"\"}','','','',0,'0000-00-00 00:00:00',0,0),(312,'mod_toolbar','module','mod_toolbar','',1,1,1,1,'{\"legacy\":false,\"name\":\"mod_toolbar\",\"type\":\"module\",\"creationDate\":\"Nov 2005\",\"author\":\"Joomla! Project\",\"copyright\":\"Copyright (C) 2005 - 2011 Open Source Matters. All rights reserved.\",\"authorEmail\":\"admin@joomla.org\",\"authorUrl\":\"www.joomla.org\",\"version\":\"1.7.0\",\"description\":\"MOD_TOOLBAR_XML_DESCRIPTION\",\"group\":\"\"}','','','',0,'0000-00-00 00:00:00',0,0),(313,'mod_multilangstatus','module','mod_multilangstatus','',1,1,1,0,'{\"legacy\":false,\"name\":\"mod_multilangstatus\",\"type\":\"module\",\"creationDate\":\"September 2011\",\"author\":\"Joomla! Project\",\"copyright\":\"Copyright (C) 2005 - 2011 Open Source Matters. All rights reserved.\",\"authorEmail\":\"admin@joomla.org\",\"authorUrl\":\"www.joomla.org\",\"version\":\"1.7.1\",\"description\":\"MOD_MULTILANGSTATUS_XML_DESCRIPTION\",\"group\":\"\"}','{\"cache\":\"0\"}','','',0,'0000-00-00 00:00:00',0,0),(400,'plg_authentication_gmail','plugin','gmail','authentication',0,0,1,0,'{\"legacy\":false,\"name\":\"plg_authentication_gmail\",\"type\":\"plugin\",\"creationDate\":\"February 2006\",\"author\":\"Joomla! Project\",\"copyright\":\"Copyright (C) 2005 - 2011 Open Source Matters. All rights reserved.\",\"authorEmail\":\"admin@joomla.org\",\"authorUrl\":\"www.joomla.org\",\"version\":\"1.7.0\",\"description\":\"PLG_GMAIL_XML_DESCRIPTION\",\"group\":\"\"}','{\"applysuffix\":\"0\",\"suffix\":\"\",\"verifypeer\":\"1\",\"user_blacklist\":\"\"}','','',0,'0000-00-00 00:00:00',1,0),(401,'plg_authentication_joomla','plugin','joomla','authentication',0,1,1,1,'{\"legacy\":false,\"name\":\"plg_authentication_joomla\",\"type\":\"plugin\",\"creationDate\":\"November 2005\",\"author\":\"Joomla! Project\",\"copyright\":\"Copyright (C) 2005 - 2011 Open Source Matters. All rights reserved.\",\"authorEmail\":\"admin@joomla.org\",\"authorUrl\":\"www.joomla.org\",\"version\":\"1.7.0\",\"description\":\"PLG_AUTH_JOOMLA_XML_DESCRIPTION\",\"group\":\"\"}','{}','','',0,'0000-00-00 00:00:00',0,0),(402,'plg_authentication_ldap','plugin','ldap','authentication',0,0,1,0,'{\"legacy\":false,\"name\":\"plg_authentication_ldap\",\"type\":\"plugin\",\"creationDate\":\"November 2005\",\"author\":\"Joomla! Project\",\"copyright\":\"Copyright (C) 2005 - 2011 Open Source Matters. All rights reserved.\",\"authorEmail\":\"admin@joomla.org\",\"authorUrl\":\"www.joomla.org\",\"version\":\"1.7.0\",\"description\":\"PLG_LDAP_XML_DESCRIPTION\",\"group\":\"\"}','{\"host\":\"\",\"port\":\"389\",\"use_ldapV3\":\"0\",\"negotiate_tls\":\"0\",\"no_referrals\":\"0\",\"auth_method\":\"bind\",\"base_dn\":\"\",\"search_string\":\"\",\"users_dn\":\"\",\"username\":\"admin\",\"password\":\"bobby7\",\"ldap_fullname\":\"fullName\",\"ldap_email\":\"mail\",\"ldap_uid\":\"uid\"}','','',0,'0000-00-00 00:00:00',3,0),(404,'plg_content_emailcloak','plugin','emailcloak','content',0,1,1,0,'{\"legacy\":false,\"name\":\"plg_content_emailcloak\",\"type\":\"plugin\",\"creationDate\":\"November 2005\",\"author\":\"Joomla! Project\",\"copyright\":\"Copyright (C) 2005 - 2011 Open Source Matters. All rights reserved.\",\"authorEmail\":\"admin@joomla.org\",\"authorUrl\":\"www.joomla.org\",\"version\":\"1.7.0\",\"description\":\"PLG_CONTENT_EMAILCLOAK_XML_DESCRIPTION\",\"group\":\"\"}','{\"mode\":\"1\"}','','',0,'0000-00-00 00:00:00',1,0),(405,'plg_content_geshi','plugin','geshi','content',0,0,1,0,'{\"legacy\":false,\"name\":\"plg_content_geshi\",\"type\":\"plugin\",\"creationDate\":\"November 2005\",\"author\":\"Joomla! Project\",\"copyright\":\"Copyright (C) 2005 - 2011 Open Source Matters. All rights reserved.\",\"authorEmail\":\"\",\"authorUrl\":\"qbnz.com\\/highlighter\",\"version\":\"1.7.0\",\"description\":\"PLG_CONTENT_GESHI_XML_DESCRIPTION\",\"group\":\"\"}','{}','','',0,'0000-00-00 00:00:00',2,0),(406,'plg_content_loadmodule','plugin','loadmodule','content',0,1,1,0,'{\"legacy\":false,\"name\":\"plg_content_loadmodule\",\"type\":\"plugin\",\"creationDate\":\"November 2005\",\"author\":\"Joomla! Project\",\"copyright\":\"Copyright (C) 2005 - 2011 Open Source Matters. All rights reserved.\",\"authorEmail\":\"admin@joomla.org\",\"authorUrl\":\"www.joomla.org\",\"version\":\"1.7.0\",\"description\":\"PLG_LOADMODULE_XML_DESCRIPTION\",\"group\":\"\"}','{\"style\":\"xhtml\"}','','',0,'2011-09-18 15:22:50',0,0),(407,'plg_content_pagebreak','plugin','pagebreak','content',0,0,1,1,'{\"legacy\":false,\"name\":\"plg_content_pagebreak\",\"type\":\"plugin\",\"creationDate\":\"November 2005\",\"author\":\"Joomla! Project\",\"copyright\":\"Copyright (C) 2005 - 2011 Open Source Matters. All rights reserved.\",\"authorEmail\":\"admin@joomla.org\",\"authorUrl\":\"www.joomla.org\",\"version\":\"1.7.0\",\"description\":\"PLG_CONTENT_PAGEBREAK_XML_DESCRIPTION\",\"group\":\"\"}','{\"title\":\"1\",\"multipage_toc\":\"1\",\"showall\":\"1\"}','','',0,'0000-00-00 00:00:00',4,0),(408,'plg_content_pagenavigation','plugin','pagenavigation','content',0,0,1,1,'{\"legacy\":false,\"name\":\"plg_content_pagenavigation\",\"type\":\"plugin\",\"creationDate\":\"January 2006\",\"author\":\"Joomla! Project\",\"copyright\":\"Copyright (C) 2005 - 2011 Open Source Matters. All rights reserved.\",\"authorEmail\":\"admin@joomla.org\",\"authorUrl\":\"www.joomla.org\",\"version\":\"1.7.0\",\"description\":\"PLG_PAGENAVIGATION_XML_DESCRIPTION\",\"group\":\"\"}','{\"position\":\"1\"}','','',0,'0000-00-00 00:00:00',5,0),(409,'plg_content_vote','plugin','vote','content',0,0,1,1,'{\"legacy\":false,\"name\":\"plg_content_vote\",\"type\":\"plugin\",\"creationDate\":\"November 2005\",\"author\":\"Joomla! Project\",\"copyright\":\"Copyright (C) 2005 - 2011 Open Source Matters. All rights reserved.\",\"authorEmail\":\"admin@joomla.org\",\"authorUrl\":\"www.joomla.org\",\"version\":\"1.7.0\",\"description\":\"PLG_VOTE_XML_DESCRIPTION\",\"group\":\"\"}','{}','','',0,'0000-00-00 00:00:00',6,0),(410,'plg_editors_codemirror','plugin','codemirror','editors',0,1,1,1,'{\"legacy\":false,\"name\":\"plg_editors_codemirror\",\"type\":\"plugin\",\"creationDate\":\"28 March 2011\",\"author\":\"Marijn Haverbeke\",\"copyright\":\"\",\"authorEmail\":\"N\\/A\",\"authorUrl\":\"\",\"version\":\"1.0\",\"description\":\"PLG_CODEMIRROR_XML_DESCRIPTION\",\"group\":\"\"}','{\"linenumbers\":\"0\",\"tabmode\":\"indent\"}','','',0,'0000-00-00 00:00:00',1,0),(411,'plg_editors_none','plugin','none','editors',0,1,1,1,'{\"legacy\":false,\"name\":\"plg_editors_none\",\"type\":\"plugin\",\"creationDate\":\"August 2004\",\"author\":\"Unknown\",\"copyright\":\"\",\"authorEmail\":\"N\\/A\",\"authorUrl\":\"\",\"version\":\"1.7.0\",\"description\":\"PLG_NONE_XML_DESCRIPTION\",\"group\":\"\"}','{}','','',0,'0000-00-00 00:00:00',2,0),(412,'plg_editors_tinymce','plugin','tinymce','editors',0,1,1,1,'{\"legacy\":false,\"name\":\"plg_editors_tinymce\",\"type\":\"plugin\",\"creationDate\":\"2005-2011\",\"author\":\"Moxiecode Systems AB\",\"copyright\":\"Moxiecode Systems AB\",\"authorEmail\":\"N\\/A\",\"authorUrl\":\"tinymce.moxiecode.com\\/\",\"version\":\"3.4.4\",\"description\":\"PLG_TINY_XML_DESCRIPTION\",\"group\":\"\"}','{\"mode\":\"1\",\"skin\":\"0\",\"compressed\":\"0\",\"cleanup_startup\":\"0\",\"cleanup_save\":\"2\",\"entity_encoding\":\"raw\",\"lang_mode\":\"0\",\"lang_code\":\"es\",\"text_direction\":\"ltr\",\"content_css\":\"1\",\"content_css_custom\":\"\",\"relative_urls\":\"1\",\"newlines\":\"0\",\"invalid_elements\":\"script,applet,iframe\",\"extended_elements\":\"\",\"toolbar\":\"top\",\"toolbar_align\":\"left\",\"html_height\":\"550\",\"html_width\":\"750\",\"element_path\":\"1\",\"fonts\":\"1\",\"paste\":\"1\",\"searchreplace\":\"1\",\"insertdate\":\"1\",\"format_date\":\"%Y-%m-%d\",\"inserttime\":\"1\",\"format_time\":\"%H:%M:%S\",\"colors\":\"1\",\"table\":\"1\",\"smilies\":\"1\",\"media\":\"1\",\"hr\":\"1\",\"directionality\":\"1\",\"fullscreen\":\"1\",\"style\":\"1\",\"layer\":\"1\",\"xhtmlxtras\":\"1\",\"visualchars\":\"1\",\"nonbreaking\":\"1\",\"template\":\"1\",\"blockquote\":\"1\",\"wordcount\":\"1\",\"advimage\":\"1\",\"advlink\":\"1\",\"autosave\":\"1\",\"contextmenu\":\"1\",\"inlinepopups\":\"1\",\"safari\":\"0\",\"custom_plugin\":\"\",\"custom_button\":\"\"}','','',0,'0000-00-00 00:00:00',3,0),(413,'plg_editors-xtd_article','plugin','article','editors-xtd',0,1,1,1,'{\"legacy\":false,\"name\":\"plg_editors-xtd_article\",\"type\":\"plugin\",\"creationDate\":\"October 2009\",\"author\":\"Joomla! Project\",\"copyright\":\"Copyright (C) 2005 - 2011 Open Source Matters. All rights reserved.\",\"authorEmail\":\"admin@joomla.org\",\"authorUrl\":\"www.joomla.org\",\"version\":\"1.7.0\",\"description\":\"PLG_ARTICLE_XML_DESCRIPTION\",\"group\":\"\"}','{}','','',42,'2013-09-13 23:25:20',1,0),(414,'plg_editors-xtd_image','plugin','image','editors-xtd',0,1,1,0,'{\"legacy\":false,\"name\":\"plg_editors-xtd_image\",\"type\":\"plugin\",\"creationDate\":\"August 2004\",\"author\":\"Joomla! Project\",\"copyright\":\"Copyright (C) 2005 - 2011 Open Source Matters. All rights reserved.\",\"authorEmail\":\"admin@joomla.org\",\"authorUrl\":\"www.joomla.org\",\"version\":\"1.7.0\",\"description\":\"PLG_IMAGE_XML_DESCRIPTION\",\"group\":\"\"}','{}','','',0,'0000-00-00 00:00:00',2,0),(415,'plg_editors-xtd_pagebreak','plugin','pagebreak','editors-xtd',0,1,1,0,'{\"legacy\":false,\"name\":\"plg_editors-xtd_pagebreak\",\"type\":\"plugin\",\"creationDate\":\"August 2004\",\"author\":\"Joomla! Project\",\"copyright\":\"Copyright (C) 2005 - 2011 Open Source Matters. All rights reserved.\",\"authorEmail\":\"admin@joomla.org\",\"authorUrl\":\"www.joomla.org\",\"version\":\"1.7.0\",\"description\":\"PLG_EDITORSXTD_PAGEBREAK_XML_DESCRIPTION\",\"group\":\"\"}','{}','','',0,'0000-00-00 00:00:00',3,0),(416,'plg_editors-xtd_readmore','plugin','readmore','editors-xtd',0,1,1,0,'{\"legacy\":false,\"name\":\"plg_editors-xtd_readmore\",\"type\":\"plugin\",\"creationDate\":\"March 2006\",\"author\":\"Joomla! Project\",\"copyright\":\"Copyright (C) 2005 - 2011 Open Source Matters. All rights reserved.\",\"authorEmail\":\"admin@joomla.org\",\"authorUrl\":\"www.joomla.org\",\"version\":\"1.7.0\",\"description\":\"PLG_READMORE_XML_DESCRIPTION\",\"group\":\"\"}','{}','','',0,'0000-00-00 00:00:00',4,0),(417,'plg_search_categories','plugin','categories','search',0,1,1,0,'{\"legacy\":false,\"name\":\"plg_search_categories\",\"type\":\"plugin\",\"creationDate\":\"November 2005\",\"author\":\"Joomla! Project\",\"copyright\":\"Copyright (C) 2005 - 2011 Open Source Matters. All rights reserved.\",\"authorEmail\":\"admin@joomla.org\",\"authorUrl\":\"www.joomla.org\",\"version\":\"1.7.0\",\"description\":\"PLG_SEARCH_CATEGORIES_XML_DESCRIPTION\",\"group\":\"\"}','{\"search_limit\":\"50\",\"search_content\":\"1\",\"search_archived\":\"1\"}','','',0,'0000-00-00 00:00:00',0,0),(418,'plg_search_contacts','plugin','contacts','search',0,1,1,0,'{\"legacy\":false,\"name\":\"plg_search_contacts\",\"type\":\"plugin\",\"creationDate\":\"November 2005\",\"author\":\"Joomla! Project\",\"copyright\":\"Copyright (C) 2005 - 2011 Open Source Matters. All rights reserved.\",\"authorEmail\":\"admin@joomla.org\",\"authorUrl\":\"www.joomla.org\",\"version\":\"1.7.0\",\"description\":\"PLG_SEARCH_CONTACTS_XML_DESCRIPTION\",\"group\":\"\"}','{\"search_limit\":\"50\",\"search_content\":\"1\",\"search_archived\":\"1\"}','','',0,'0000-00-00 00:00:00',0,0),(419,'plg_search_content','plugin','content','search',0,1,1,0,'{\"legacy\":false,\"name\":\"plg_search_content\",\"type\":\"plugin\",\"creationDate\":\"November 2005\",\"author\":\"Joomla! Project\",\"copyright\":\"Copyright (C) 2005 - 2011 Open Source Matters. All rights reserved.\",\"authorEmail\":\"admin@joomla.org\",\"authorUrl\":\"www.joomla.org\",\"version\":\"1.7.0\",\"description\":\"PLG_SEARCH_CONTENT_XML_DESCRIPTION\",\"group\":\"\"}','{\"search_limit\":\"50\",\"search_content\":\"1\",\"search_archived\":\"1\"}','','',0,'0000-00-00 00:00:00',0,0),(420,'plg_search_newsfeeds','plugin','newsfeeds','search',0,1,1,0,'{\"legacy\":false,\"name\":\"plg_search_newsfeeds\",\"type\":\"plugin\",\"creationDate\":\"November 2005\",\"author\":\"Joomla! Project\",\"copyright\":\"Copyright (C) 2005 - 2011 Open Source Matters. All rights reserved.\",\"authorEmail\":\"admin@joomla.org\",\"authorUrl\":\"www.joomla.org\",\"version\":\"1.7.0\",\"description\":\"PLG_SEARCH_NEWSFEEDS_XML_DESCRIPTION\",\"group\":\"\"}','{\"search_limit\":\"50\",\"search_content\":\"1\",\"search_archived\":\"1\"}','','',0,'0000-00-00 00:00:00',0,0),(421,'plg_search_weblinks','plugin','weblinks','search',0,0,1,0,'{\"legacy\":false,\"name\":\"plg_search_weblinks\",\"type\":\"plugin\",\"creationDate\":\"November 2005\",\"author\":\"Joomla! Project\",\"copyright\":\"Copyright (C) 2005 - 2011 Open Source Matters. All rights reserved.\",\"authorEmail\":\"admin@joomla.org\",\"authorUrl\":\"www.joomla.org\",\"version\":\"1.7.0\",\"description\":\"PLG_SEARCH_WEBLINKS_XML_DESCRIPTION\",\"group\":\"\"}','{\"search_limit\":\"50\",\"search_content\":\"1\",\"search_archived\":\"1\"}','','',0,'0000-00-00 00:00:00',0,0),(422,'plg_system_languagefilter','plugin','languagefilter','system',0,0,1,1,'{\"legacy\":false,\"name\":\"plg_system_languagefilter\",\"type\":\"plugin\",\"creationDate\":\"July 2010\",\"author\":\"Joomla! Project\",\"copyright\":\"Copyright (C) 2005 - 2011 Open Source Matters. All rights reserved.\",\"authorEmail\":\"admin@joomla.org\",\"authorUrl\":\"www.joomla.org\",\"version\":\"1.7.0\",\"description\":\"PLG_SYSTEM_LANGUAGEFILTER_XML_DESCRIPTION\",\"group\":\"\"}','{}','','',0,'0000-00-00 00:00:00',1,0),(423,'plg_system_p3p','plugin','p3p','system',0,0,1,1,'{\"legacy\":false,\"name\":\"plg_system_p3p\",\"type\":\"plugin\",\"creationDate\":\"September 2010\",\"author\":\"Joomla! Project\",\"copyright\":\"Copyright (C) 2005 - 2011 Open Source Matters. All rights reserved.\",\"authorEmail\":\"admin@joomla.org\",\"authorUrl\":\"www.joomla.org\",\"version\":\"1.7.0\",\"description\":\"PLG_P3P_XML_DESCRIPTION\",\"group\":\"\"}','{\"headers\":\"NOI ADM DEV PSAi COM NAV OUR OTRo STP IND DEM\"}','','',0,'0000-00-00 00:00:00',2,0),(424,'plg_system_cache','plugin','cache','system',0,0,1,1,'{\"legacy\":false,\"name\":\"plg_system_cache\",\"type\":\"plugin\",\"creationDate\":\"February 2007\",\"author\":\"Joomla! Project\",\"copyright\":\"Copyright (C) 2005 - 2011 Open Source Matters. All rights reserved.\",\"authorEmail\":\"admin@joomla.org\",\"authorUrl\":\"www.joomla.org\",\"version\":\"1.7.0\",\"description\":\"PLG_CACHE_XML_DESCRIPTION\",\"group\":\"\"}','{\"browsercache\":\"0\",\"cachetime\":\"15\"}','','',0,'0000-00-00 00:00:00',9,0),(425,'plg_system_debug','plugin','debug','system',0,1,1,0,'{\"legacy\":false,\"name\":\"plg_system_debug\",\"type\":\"plugin\",\"creationDate\":\"December 2006\",\"author\":\"Joomla! Project\",\"copyright\":\"Copyright (C) 2005 - 2011 Open Source Matters. All rights reserved.\",\"authorEmail\":\"admin@joomla.org\",\"authorUrl\":\"www.joomla.org\",\"version\":\"1.7.0\",\"description\":\"PLG_DEBUG_XML_DESCRIPTION\",\"group\":\"\"}','{\"profile\":\"1\",\"queries\":\"1\",\"memory\":\"1\",\"language_files\":\"1\",\"language_strings\":\"1\",\"strip-first\":\"1\",\"strip-prefix\":\"\",\"strip-suffix\":\"\"}','','',0,'0000-00-00 00:00:00',4,0),(426,'plg_system_log','plugin','log','system',0,1,1,1,'{\"legacy\":false,\"name\":\"plg_system_log\",\"type\":\"plugin\",\"creationDate\":\"April 2007\",\"author\":\"Joomla! Project\",\"copyright\":\"Copyright (C) 2005 - 2011 Open Source Matters. All rights reserved.\",\"authorEmail\":\"admin@joomla.org\",\"authorUrl\":\"www.joomla.org\",\"version\":\"1.7.0\",\"description\":\"PLG_LOG_XML_DESCRIPTION\",\"group\":\"\"}','{}','','',0,'0000-00-00 00:00:00',5,0),(427,'plg_system_redirect','plugin','redirect','system',0,1,1,1,'{\"legacy\":false,\"name\":\"plg_system_redirect\",\"type\":\"plugin\",\"creationDate\":\"April 2009\",\"author\":\"Joomla! Project\",\"copyright\":\"Copyright (C) 2005 - 2011 Open Source Matters. All rights reserved.\",\"authorEmail\":\"admin@joomla.org\",\"authorUrl\":\"www.joomla.org\",\"version\":\"1.7.0\",\"description\":\"PLG_REDIRECT_XML_DESCRIPTION\",\"group\":\"\"}','{}','','',0,'0000-00-00 00:00:00',6,0),(428,'plg_system_remember','plugin','remember','system',0,1,1,1,'{\"legacy\":false,\"name\":\"plg_system_remember\",\"type\":\"plugin\",\"creationDate\":\"April 2007\",\"author\":\"Joomla! Project\",\"copyright\":\"Copyright (C) 2005 - 2011 Open Source Matters. All rights reserved.\",\"authorEmail\":\"admin@joomla.org\",\"authorUrl\":\"www.joomla.org\",\"version\":\"1.7.0\",\"description\":\"PLG_REMEMBER_XML_DESCRIPTION\",\"group\":\"\"}','{}','','',0,'0000-00-00 00:00:00',7,0),(429,'plg_system_sef','plugin','sef','system',0,0,1,0,'{\"legacy\":false,\"name\":\"plg_system_sef\",\"type\":\"plugin\",\"creationDate\":\"December 2007\",\"author\":\"Joomla! Project\",\"copyright\":\"Copyright (C) 2005 - 2011 Open Source Matters. All rights reserved.\",\"authorEmail\":\"admin@joomla.org\",\"authorUrl\":\"www.joomla.org\",\"version\":\"1.7.0\",\"description\":\"PLG_SEF_XML_DESCRIPTION\",\"group\":\"\"}','{}','','',0,'0000-00-00 00:00:00',8,0),(430,'plg_system_logout','plugin','logout','system',0,1,1,1,'{\"legacy\":false,\"name\":\"plg_system_logout\",\"type\":\"plugin\",\"creationDate\":\"April 2009\",\"author\":\"Joomla! Project\",\"copyright\":\"Copyright (C) 2005 - 2011 Open Source Matters. All rights reserved.\",\"authorEmail\":\"admin@joomla.org\",\"authorUrl\":\"www.joomla.org\",\"version\":\"1.7.0\",\"description\":\"PLG_SYSTEM_LOGOUT_XML_DESCRIPTION\",\"group\":\"\"}','{}','','',0,'0000-00-00 00:00:00',3,0),(431,'plg_user_contactcreator','plugin','contactcreator','user',0,0,1,1,'{\"legacy\":false,\"name\":\"plg_user_contactcreator\",\"type\":\"plugin\",\"creationDate\":\"August 2009\",\"author\":\"Joomla! Project\",\"copyright\":\"(C) 2005 - 2011 Open Source Matters. All rights reserved.\",\"authorEmail\":\"admin@joomla.org\",\"authorUrl\":\"www.joomla.org\",\"version\":\"1.7.0\",\"description\":\"PLG_CONTACTCREATOR_XML_DESCRIPTION\",\"group\":\"\"}','{\"autowebpage\":\"\",\"category\":\"34\",\"autopublish\":\"0\"}','','',0,'0000-00-00 00:00:00',1,0),(432,'plg_user_joomla','plugin','joomla','user',0,1,1,0,'{\"legacy\":false,\"name\":\"plg_user_joomla\",\"type\":\"plugin\",\"creationDate\":\"December 2006\",\"author\":\"Joomla! Project\",\"copyright\":\"(C) 2005 - 2009 Open Source Matters. All rights reserved.\",\"authorEmail\":\"admin@joomla.org\",\"authorUrl\":\"www.joomla.org\",\"version\":\"1.7.0\",\"description\":\"PLG_USER_JOOMLA_XML_DESCRIPTION\",\"group\":\"\"}','{\"autoregister\":\"1\"}','','',0,'0000-00-00 00:00:00',2,0),(433,'plg_user_profile','plugin','profile','user',0,0,1,1,'{\"legacy\":false,\"name\":\"plg_user_profile\",\"type\":\"plugin\",\"creationDate\":\"January 2008\",\"author\":\"Joomla! Project\",\"copyright\":\"(C) 2005 - 2011 Open Source Matters. All rights reserved.\",\"authorEmail\":\"admin@joomla.org\",\"authorUrl\":\"www.joomla.org\",\"version\":\"1.7.0\",\"description\":\"PLG_USER_PROFILE_XML_DESCRIPTION\",\"group\":\"\"}','{\"register-require_address1\":\"1\",\"register-require_address2\":\"1\",\"register-require_city\":\"1\",\"register-require_region\":\"1\",\"register-require_country\":\"1\",\"register-require_postal_code\":\"1\",\"register-require_phone\":\"1\",\"register-require_website\":\"1\",\"register-require_favoritebook\":\"1\",\"register-require_aboutme\":\"1\",\"register-require_tos\":\"1\",\"register-require_dob\":\"1\",\"profile-require_address1\":\"1\",\"profile-require_address2\":\"1\",\"profile-require_city\":\"1\",\"profile-require_region\":\"1\",\"profile-require_country\":\"1\",\"profile-require_postal_code\":\"1\",\"profile-require_phone\":\"1\",\"profile-require_website\":\"1\",\"profile-require_favoritebook\":\"1\",\"profile-require_aboutme\":\"1\",\"profile-require_tos\":\"1\",\"profile-require_dob\":\"1\"}','','',0,'0000-00-00 00:00:00',0,0),(434,'plg_extension_joomla','plugin','joomla','extension',0,0,1,1,'{\"legacy\":false,\"name\":\"plg_extension_joomla\",\"type\":\"plugin\",\"creationDate\":\"May 2010\",\"author\":\"Joomla! Project\",\"copyright\":\"Copyright (C) 2005 - 2011 Open Source Matters. All rights reserved.\",\"authorEmail\":\"admin@joomla.org\",\"authorUrl\":\"www.joomla.org\",\"version\":\"1.7.0\",\"description\":\"PLG_EXTENSION_JOOMLA_XML_DESCRIPTION\",\"group\":\"\"}','{}','','',0,'0000-00-00 00:00:00',1,0),(435,'plg_content_joomla','plugin','joomla','content',0,0,1,0,'{\"legacy\":false,\"name\":\"plg_content_joomla\",\"type\":\"plugin\",\"creationDate\":\"November 2010\",\"author\":\"Joomla! Project\",\"copyright\":\"Copyright (C) 2005 - 2011 Open Source Matters. All rights reserved.\",\"authorEmail\":\"admin@joomla.org\",\"authorUrl\":\"www.joomla.org\",\"version\":\"1.7.0\",\"description\":\"PLG_CONTENT_JOOMLA_XML_DESCRIPTION\",\"group\":\"\"}','{}','','',0,'0000-00-00 00:00:00',0,0),(500,'atomic','template','atomic','',0,1,1,0,'{\"legacy\":false,\"name\":\"atomic\",\"type\":\"template\",\"creationDate\":\"10\\/10\\/09\",\"author\":\"Ron Severdia\",\"copyright\":\"Copyright (C) 2005 - 2011 Open Source Matters, Inc. All rights reserved.\",\"authorEmail\":\"contact@kontentdesign.com\",\"authorUrl\":\"http:\\/\\/www.kontentdesign.com\",\"version\":\"1.7.0\",\"description\":\"TPL_ATOMIC_XML_DESCRIPTION\",\"group\":\"\"}','{}','','',0,'0000-00-00 00:00:00',0,0),(502,'bluestork','template','bluestork','',1,1,1,0,'{\"legacy\":false,\"name\":\"bluestork\",\"type\":\"template\",\"creationDate\":\"07\\/02\\/09\",\"author\":\"Ron Severdia\",\"copyright\":\"Copyright (C) 2005 - 2011 Open Source Matters, Inc. All rights reserved.\",\"authorEmail\":\"contact@kontentdesign.com\",\"authorUrl\":\"http:\\/\\/www.kontentdesign.com\",\"version\":\"1.7.0\",\"description\":\"TPL_BLUESTORK_XML_DESCRIPTION\",\"group\":\"\"}','{\"useRoundedCorners\":\"1\",\"showSiteName\":\"0\",\"textBig\":\"0\",\"highContrast\":\"0\"}','','',0,'0000-00-00 00:00:00',0,0),(503,'beez_20','template','beez_20','',0,1,1,0,'{\"legacy\":false,\"name\":\"beez_20\",\"type\":\"template\",\"creationDate\":\"25 November 2009\",\"author\":\"Angie Radtke\",\"copyright\":\"Copyright (C) 2005 - 2011 Open Source Matters, Inc. All rights reserved.\",\"authorEmail\":\"a.radtke@derauftritt.de\",\"authorUrl\":\"http:\\/\\/www.der-auftritt.de\",\"version\":\"1.7.0\",\"description\":\"TPL_BEEZ2_XML_DESCRIPTION\",\"group\":\"\"}','{\"wrapperSmall\":\"53\",\"wrapperLarge\":\"72\",\"sitetitle\":\"\",\"sitedescription\":\"\",\"navposition\":\"center\",\"templatecolor\":\"nature\"}','','',0,'0000-00-00 00:00:00',0,0),(504,'hathor','template','hathor','',1,1,1,0,'{\"legacy\":false,\"name\":\"hathor\",\"type\":\"template\",\"creationDate\":\"May 2010\",\"author\":\"Andrea Tarr\",\"copyright\":\"Copyright (C) 2005 - 2011 Open Source Matters, Inc. All rights reserved.\",\"authorEmail\":\"hathor@tarrconsulting.com\",\"authorUrl\":\"http:\\/\\/www.tarrconsulting.com\",\"version\":\"1.7.0\",\"description\":\"TPL_HATHOR_XML_DESCRIPTION\",\"group\":\"\"}','{\"showSiteName\":\"0\",\"colourChoice\":\"0\",\"boldText\":\"0\"}','','',0,'0000-00-00 00:00:00',0,0),(505,'beez5','template','beez5','',0,1,1,0,'{\"legacy\":false,\"name\":\"beez5\",\"type\":\"template\",\"creationDate\":\"21 May 2010\",\"author\":\"Angie Radtke\",\"copyright\":\"Copyright (C) 2005 - 2011 Open Source Matters, Inc. All rights reserved.\",\"authorEmail\":\"a.radtke@derauftritt.de\",\"authorUrl\":\"http:\\/\\/www.der-auftritt.de\",\"version\":\"1.7.0\",\"description\":\"TPL_BEEZ5_XML_DESCRIPTION\",\"group\":\"\"}','{\"wrapperSmall\":\"53\",\"wrapperLarge\":\"72\",\"sitetitle\":\"\",\"sitedescription\":\"\",\"navposition\":\"center\",\"html5\":\"0\"}','','',0,'0000-00-00 00:00:00',0,0),(600,'English (United Kingdom)','language','en-GB','',0,1,1,1,'{\"legacy\":false,\"name\":\"English (United Kingdom)\",\"type\":\"language\",\"creationDate\":\"2008-03-15\",\"author\":\"Joomla! Project\",\"copyright\":\"Copyright (C) 2005 - 2011 Open Source Matters. All rights reserved.\",\"authorEmail\":\"admin@joomla.org\",\"authorUrl\":\"www.joomla.org\",\"version\":\"1.7.1\",\"description\":\"en-GB site language\",\"group\":\"\"}','','','',0,'0000-00-00 00:00:00',0,0),(601,'English (United Kingdom)','language','en-GB','',1,1,1,1,'{\"legacy\":false,\"name\":\"English (United Kingdom)\",\"type\":\"language\",\"creationDate\":\"2008-03-15\",\"author\":\"Joomla! Project\",\"copyright\":\"Copyright (C) 2005 - 2011 Open Source Matters. All rights reserved.\",\"authorEmail\":\"admin@joomla.org\",\"authorUrl\":\"www.joomla.org\",\"version\":\"1.7.1\",\"description\":\"en-GB administrator language\",\"group\":\"\"}','','','',0,'0000-00-00 00:00:00',0,0),(604,'Español (Formal Internacional)','language','es-ES','',1,1,1,0,'{\"legacy\":false,\"name\":\"Espa\\u00f1ol (Formal Internacional)\",\"type\":\"language\",\"creationDate\":\"2011-09-16\",\"author\":\"Proyecto Joomla! Spanish\",\"copyright\":\"Copyright (C) 2005 - 2011 Open Source Matters. Todos los derechos reservados.\",\"authorEmail\":\"traductores16@joomlaspanish.org\",\"authorUrl\":\"www.joomlaspanish.org\",\"version\":\"1.7.1\",\"description\":\"es-ES idioma administrador\",\"group\":\"\"}','','','',0,'0000-00-00 00:00:00',0,0),(605,'Español (España)','language','es-ES','',0,1,1,0,'{\"legacy\":false,\"name\":\"Espa\\u00f1ol (Espa\\u00f1a)\",\"type\":\"language\",\"creationDate\":\"2011-07-28\",\"author\":\"Joomla!Spanish\",\"copyright\":\"Copyright (C) 2005 - 2011 Open Source Matters. All rights reserved.\",\"authorEmail\":\"traductores16@joomlaspanish.org\",\"authorUrl\":\"www.joomlaspanish.org\",\"version\":\"1.7.1\",\"description\":\"es-ES Idiomas parte frontend Joomla 1.7\",\"group\":\"\"}','','','',0,'0000-00-00 00:00:00',0,0),(700,'files_joomla','file','joomla','',0,1,1,1,'{\"legacy\":false,\"name\":\"files_joomla\",\"type\":\"file\",\"creationDate\":\"September 2011\",\"author\":\"Joomla!\",\"copyright\":\"(C) 2005 - 2011 Open Source Matters. All rights reserved\",\"authorEmail\":\"admin@joomla.org\",\"authorUrl\":\"www.joomla.org\",\"version\":\"1.7.1\",\"description\":\"FILES_JOOMLA_XML_DESCRIPTION\",\"group\":\"\"}','','','',0,'0000-00-00 00:00:00',0,0),(800,'PKG_JOOMLA','package','pkg_joomla','',0,1,1,1,'{\"legacy\":false,\"name\":\"PKG_JOOMLA\",\"type\":\"package\",\"creationDate\":\"2006\",\"author\":\"Joomla!\",\"copyright\":\"Copyright (C) 2005 - 2011 Open Source Matters. All rights reserved.\",\"authorEmail\":\"admin@joomla.org\",\"authorUrl\":\"http:\\/\\/www.joomla.org\",\"version\":\"1.7.0\",\"description\":\"PKG_JOOMLA_XML_DESCRIPTION\",\"group\":\"\"}','','','',0,'0000-00-00 00:00:00',0,0),(10000,'rt_afterburner_j16','template','rt_afterburner_j16','',0,1,1,0,'{\"legacy\":false,\"name\":\"rt_afterburner_j16\",\"type\":\"template\",\"creationDate\":\" May 17, 2011\",\"author\":\"RocketTheme, LLC\",\"copyright\":\"Copyright 2005-2011 - RocketTheme.com\",\"authorEmail\":\"support@rockettheme.com\",\"authorUrl\":\"http:\\/\\/www.rockettheme.com\",\"version\":\"1.6.0\",\"description\":\"Afterburner\",\"group\":\"\"}','{\"colorStyle\":\"light\",\"templateWidth\":\"962\",\"leftcolumnWidth\":\"210\",\"rightcolumnWidth\":\"210\",\"leftcolumnColor\":\"color2\",\"rightcolumnColor\":\"color1\",\"mootools_enabled\":\"1\",\"caption_enabled\":\"1\",\"rocketthemeLogo\":\"1\"}','','',0,'0000-00-00 00:00:00',0,0),(10001,'CB Login','module','mod_cblogin','',0,1,0,0,'{\"legacy\":true,\"name\":\"CB Login\",\"type\":\"module\",\"creationDate\":\"2011-07-31\",\"author\":\"Beat and JoomlaJoe\",\"copyright\":\"(C) 2005-2011 Joomlapolis.com. This module is released under the GNU\\/GPL v2 License\",\"authorEmail\":\"beat@joomlapolis.com\",\"authorUrl\":\"www.joomlapolis.com\",\"version\":\"1.7\",\"description\":\"Login module to be used with Community Builder instead of the Login module.\",\"group\":\"\"}','{\"moduleclass_sfx\":\"\",\"horizontal\":\"0\",\"compact\":\"0\",\"pretext\":\"\",\"logoutpretext\":\"\",\"login\":\"\",\"logout\":\"index.php\",\"show_lostpass\":\"1\",\"show_newaccount\":\"1\",\"show_username_pass_icons\":\"0\",\"name_lenght\":\"14\",\"pass_lenght\":\"14\",\"show_buttons_icons\":\"0\",\"show_remind_register_icons\":\"0\",\"login_message\":\"0\",\"logout_message\":\"0\",\"remember_enabled\":\"1\",\"greeting\":\"1\",\"name\":\"0\",\"show_avatar\":\"0\",\"avatar_position\":\"default\",\"text_show_profile\":\"\",\"text_edit_profile\":\"\",\"pms_type\":\"0\",\"show_pms\":\"0\",\"show_connection_notifications\":\"0\",\"https_post\":\"0\",\"cb_plugins\":\"0\"}','','',0,'0000-00-00 00:00:00',0,0),(10002,'comprofiler','component','com_comprofiler','',1,1,0,0,'{\"legacy\":false,\"name\":\"comprofiler\",\"type\":\"component\",\"creationDate\":\"2011-07-31\",\"author\":\"Beat\",\"copyright\":\"Copyright (C) 2004-2011 Joomlapolis.com. All rights reserved.\",\"authorEmail\":\"beat@joomlapolis.com\",\"authorUrl\":\"www.joomlapolis.com\",\"version\":\"1.7\",\"description\":\"Joomla\\/Mambo Community Builder 1.7 native for Joomla! 1.7.0, 1.6.0 - 1.6.6, 1.5.3 - 1.5.23, 1.0.0 - 1.0.15 and Mambo 4.5.0 - 4.6.5.\",\"group\":\"\"}','{}','','',0,'0000-00-00 00:00:00',0,0),(10003,'CB Workflows','module','mod_comprofilermoderator','',0,1,0,0,'{\"legacy\":true,\"name\":\"CB Workflows\",\"type\":\"module\",\"creationDate\":\"2011-07-31\",\"author\":\"Beat and JoomlaJoe\",\"copyright\":\"(C) 2005-2011 Joomlapolis.com. This module is released under the GNU\\/GPL v2 License\",\"authorEmail\":\"beat@joomlapolis.com\",\"authorUrl\":\"www.joomlapolis.com\",\"version\":\"1.7\",\"description\":\"Displays Notifications of pending actions for the moderator and connections functionality of Community Builder.\",\"group\":\"\"}','{\"moduleclass_sfx\":\"\",\"pretext\":\"\",\"posttext\":\"\"}','','',0,'0000-00-00 00:00:00',0,0),(10004,'CB Online','module','mod_comprofileronline','',0,1,0,0,'{\"legacy\":true,\"name\":\"CB Online\",\"type\":\"module\",\"creationDate\":\"2011-07-31\",\"author\":\"Beat and JoomlaJoe\",\"copyright\":\"(C) 2005-2011 Joomlapolis.com. This module is released under the GNU\\/GPL v2 License\",\"authorEmail\":\"beat@joomlapolis.com\",\"authorUrl\":\"www.joomlapolis.com\",\"version\":\"1.7\",\"description\":\"Displays a list of users logged in with a link to their profile.\",\"group\":\"\"}','{\"moduleclass_sfx\":\"\",\"pretext\":\"\"}','','',0,'0000-00-00 00:00:00',0,0),(10006,'Joomla 1.6 HTML Module','module','mod_j16html','',0,1,0,0,'{\"legacy\":false,\"name\":\"Joomla 1.6 HTML Module\",\"type\":\"module\",\"creationDate\":\"April 2011\",\"author\":\"DART Creations\",\"copyright\":\"(C) 2011 DART Creations\",\"authorEmail\":\"spam-me@dart-creations.com\",\"authorUrl\":\"http:\\/\\/www.dart-creations.com\",\"version\":\"1.6.0\",\"description\":\"This module allows you to add any html\\/javascript (within the document\'s body tag) to a module. It can be used to add affiliate code, copy and paste codes, google adsense etc. You can copy the module using Joomla\'s module copy feature, and create many diffrent html content. \",\"group\":\"\"}','{\"moduleclass_sfx\":\"\",\"cache\":\"0\",\"@spacer\":\"\",\"fwd_html\":\"HTML goes here\",\"clean_js\":\"1\",\"clean_css\":\"1\",\"clean_all\":\"1\"}','','',0,'0000-00-00 00:00:00',0,0);

--
-- Table structure for table `btdov_languages`
--

CREATE TABLE `btdov_languages` (
  `lang_id` int(11) unsigned NOT NULL AUTO_INCREMENT,
  `lang_code` char(7) NOT NULL,
  `title` varchar(50) NOT NULL,
  `title_native` varchar(50) NOT NULL,
  `sef` varchar(50) NOT NULL,
  `image` varchar(50) NOT NULL,
  `description` varchar(512) NOT NULL,
  `metakey` text NOT NULL,
  `metadesc` text NOT NULL,
  `published` int(11) NOT NULL DEFAULT '0',
  `ordering` int(11) NOT NULL DEFAULT '0',
  PRIMARY KEY (`lang_id`),
  UNIQUE KEY `idx_sef` (`sef`),
  KEY `idx_ordering` (`ordering`)
) ENGINE=MyISAM AUTO_INCREMENT=4 DEFAULT CHARSET=utf8;

--
-- Dumping data for table `btdov_languages`
--

INSERT INTO `btdov_languages` VALUES (1,'en-GB','English (UK)','English (UK)','en','en','','','',1,1),(3,'es-ES','Español (Formal Internacional) (ES)','Español (Formal Internacional) (ES)','es','es','','','',1,1);

--
-- Table structure for table `btdov_menu`
--

CREATE TABLE `btdov_menu` (
  `id` int(11) NOT NULL AUTO_INCREMENT,
  `menutype` varchar(24) NOT NULL COMMENT 'The type of menu this item belongs to. FK to #__menu_types.menutype',
  `title` varchar(255) NOT NULL COMMENT 'The display title of the menu item.',
  `alias` varchar(255) NOT NULL COMMENT 'The SEF alias of the menu item.',
  `note` varchar(255) NOT NULL DEFAULT '',
  `path` varchar(1024) NOT NULL COMMENT 'The computed path of the menu item based on the alias field.',
  `link` varchar(1024) NOT NULL COMMENT 'The actually link the menu item refers to.',
  `type` varchar(16) NOT NULL COMMENT 'The type of link: Component, URL, Alias, Separator',
  `published` tinyint(4) NOT NULL DEFAULT '0' COMMENT 'The published state of the menu link.',
  `parent_id` int(10) unsigned NOT NULL DEFAULT '1' COMMENT 'The parent menu item in the menu tree.',
  `level` int(10) unsigned NOT NULL DEFAULT '0' COMMENT 'The relative level in the tree.',
  `component_id` int(10) unsigned NOT NULL DEFAULT '0' COMMENT 'FK to #__extensions.id',
  `ordering` int(11) NOT NULL DEFAULT '0' COMMENT 'The relative ordering of the menu item in the tree.',
  `checked_out` int(10) unsigned NOT NULL DEFAULT '0' COMMENT 'FK to #__users.id',
  `checked_out_time` timestamp NOT NULL DEFAULT '0000-00-00 00:00:00' COMMENT 'The time the menu item was checked out.',
  `browserNav` tinyint(4) NOT NULL DEFAULT '0' COMMENT 'The click behaviour of the link.',
  `access` int(10) unsigned NOT NULL DEFAULT '0' COMMENT 'The access level required to view the menu item.',
  `img` varchar(255) NOT NULL COMMENT 'The image of the menu item.',
  `template_style_id` int(10) unsigned NOT NULL DEFAULT '0',
  `params` text NOT NULL COMMENT 'JSON encoded data for the menu item.',
  `lft` int(11) NOT NULL DEFAULT '0' COMMENT 'Nested set lft.',
  `rgt` int(11) NOT NULL DEFAULT '0' COMMENT 'Nested set rgt.',
  `home` tinyint(3) unsigned NOT NULL DEFAULT '0' COMMENT 'Indicates if this menu item is the home or default page.',
  `language` char(7) NOT NULL DEFAULT '',
  `client_id` tinyint(4) NOT NULL DEFAULT '0',
  PRIMARY KEY (`id`),
  UNIQUE KEY `idx_client_id_parent_id_alias` (`client_id`,`parent_id`,`alias`),
  KEY `idx_componentid` (`component_id`,`menutype`,`published`,`access`),
  KEY `idx_menutype` (`menutype`),
  KEY `idx_left_right` (`lft`,`rgt`),
  KEY `idx_alias` (`alias`),
  KEY `idx_path` (`path`(333)),
  KEY `idx_language` (`language`)
) ENGINE=MyISAM AUTO_INCREMENT=482 DEFAULT CHARSET=utf8;

--
-- Dumping data for table `btdov_menu`
--

INSERT INTO `btdov_menu` VALUES (1,'','Menu_Item_Root','root','','','','',1,0,0,0,0,0,'0000-00-00 00:00:00',0,0,'',0,'',0,311,0,'*',0),(2,'menu','com_banners','Banners','','Banners','index.php?option=com_banners','component',0,1,1,4,0,0,'0000-00-00 00:00:00',0,0,'class:banners',0,'',13,22,0,'*',1),(3,'menu','com_banners','Banners','','Banners/Banners','index.php?option=com_banners','component',0,2,2,4,0,0,'0000-00-00 00:00:00',0,0,'class:banners',0,'',14,15,0,'*',1),(4,'menu','com_banners_categories','Categories','','Banners/Categories','index.php?option=com_categories&extension=com_banners','component',0,2,2,6,0,0,'0000-00-00 00:00:00',0,0,'class:banners-cat',0,'',16,17,0,'*',1),(5,'menu','com_banners_clients','Clients','','Banners/Clients','index.php?option=com_banners&view=clients','component',0,2,2,4,0,0,'0000-00-00 00:00:00',0,0,'class:banners-clients',0,'',18,19,0,'*',1),(6,'menu','com_banners_tracks','Tracks','','Banners/Tracks','index.php?option=com_banners&view=tracks','component',0,2,2,4,0,0,'0000-00-00 00:00:00',0,0,'class:banners-tracks',0,'',20,21,0,'*',1),(7,'menu','com_contact','Contacts','','Contacts','index.php?option=com_contact','component',0,1,1,8,0,0,'0000-00-00 00:00:00',0,0,'class:contact',0,'',23,28,0,'*',1),(8,'menu','com_contact','Contacts','','Contacts/Contacts','index.php?option=com_contact','component',0,7,2,8,0,0,'0000-00-00 00:00:00',0,0,'class:contact',0,'',24,25,0,'*',1),(9,'menu','com_contact_categories','Categories','','Contacts/Categories','index.php?option=com_categories&extension=com_contact','component',0,7,2,6,0,0,'0000-00-00 00:00:00',0,0,'class:contact-cat',0,'',26,27,0,'*',1),(10,'menu','com_messages','Messaging','','Messaging','index.php?option=com_messages','component',0,1,1,15,0,0,'0000-00-00 00:00:00',0,0,'class:messages',0,'',29,34,0,'*',1),(11,'menu','com_messages_add','New Private Message','','Messaging/New Private Message','index.php?option=com_messages&task=message.add','component',0,10,2,15,0,0,'0000-00-00 00:00:00',0,0,'class:messages-add',0,'',30,31,0,'*',1),(12,'menu','com_messages_read','Read Private Message','','Messaging/Read Private Message','index.php?option=com_messages','component',0,10,2,15,0,0,'0000-00-00 00:00:00',0,0,'class:messages-read',0,'',32,33,0,'*',1),(13,'menu','com_newsfeeds','News Feeds','','News Feeds','index.php?option=com_newsfeeds','component',0,1,1,17,0,0,'0000-00-00 00:00:00',0,0,'class:newsfeeds',0,'',35,40,0,'*',1),(14,'menu','com_newsfeeds_feeds','Feeds','','News Feeds/Feeds','index.php?option=com_newsfeeds','component',0,13,2,17,0,0,'0000-00-00 00:00:00',0,0,'class:newsfeeds',0,'',36,37,0,'*',1),(15,'menu','com_newsfeeds_categories','Categories','','News Feeds/Categories','index.php?option=com_categories&extension=com_newsfeeds','component',0,13,2,6,0,0,'0000-00-00 00:00:00',0,0,'class:newsfeeds-cat',0,'',38,39,0,'*',1),(16,'menu','com_redirect','Redirect','','Redirect','index.php?option=com_redirect','component',0,1,1,24,0,0,'0000-00-00 00:00:00',0,0,'class:redirect',0,'',51,52,0,'*',1),(17,'menu','com_search','Search','','Search','index.php?option=com_search','component',0,1,1,19,0,0,'0000-00-00 00:00:00',0,0,'class:search',0,'',41,42,0,'*',1),(18,'menu','com_weblinks','Weblinks','','Weblinks','index.php?option=com_weblinks','component',0,1,1,21,0,0,'0000-00-00 00:00:00',0,0,'class:weblinks',0,'',45,50,0,'*',1),(19,'menu','com_weblinks_links','Links','','Weblinks/Links','index.php?option=com_weblinks','component',0,18,2,21,0,0,'0000-00-00 00:00:00',0,0,'class:weblinks',0,'',46,47,0,'*',1),(20,'menu','com_weblinks_categories','Categories','','Weblinks/Categories','index.php?option=com_categories&extension=com_weblinks','component',0,18,2,6,0,0,'0000-00-00 00:00:00',0,0,'class:weblinks-cat',0,'',48,49,0,'*',1),(233,'mainmenu','Acceso','login','','login','index.php?option=com_users&view=login','component',-2,1,1,25,-3,0,'0000-00-00 00:00:00',0,1,'',0,'{\"menu-anchor_title\":\"\",\"menu-anchor_css\":\"\",\"menu_image\":\"\",\"show_page_heading\":0,\"page_title\":\"\",\"page_heading\":\"\",\"pageclass_sfx\":\"\",\"menu-meta_description\":\"\",\"menu-meta_keywords\":\"\",\"robots\":\"\",\"secure\":0}',11,12,0,'*',0),(201,'usermenu','Editar Perfil','your-profile','','your-profile','index.php?option=com_comprofiler&task=userdetails','component',1,1,1,10002,0,42,'2013-02-22 22:35:22',0,2,'',0,'{\"menu-anchor_title\":\"\",\"menu-anchor_css\":\"\",\"menu_image\":\"\",\"menu_text\":1,\"page_title\":\"\",\"show_page_heading\":0,\"page_heading\":\"\",\"pageclass_sfx\":\"\",\"menu-meta_description\":\"\",\"menu-meta_keywords\":\"\",\"robots\":\"\",\"secure\":0}',231,232,0,'*',0),(238,'mainmenu','Sitios de ejemplo','sample-sites','','sample-sites','index.php?option=com_content&view=article&id=38','component',-2,1,1,22,0,0,'0000-00-00 00:00:00',0,1,'',0,'{\"show_noauth\":\"\",\"show_title\":\"\",\"link_titles\":\"\",\"show_intro\":\"\",\"show_category\":\"0\",\"link_category\":\"\",\"show_parent_category\":\"0\",\"link_parent_category\":\"\",\"show_author\":\"0\",\"link_author\":\"\",\"show_create_date\":\"0\",\"show_modify_date\":\"0\",\"show_publish_date\":\"0\",\"show_item_navigation\":\"0\",\"show_icons\":\"\",\"show_print_icon\":\"\",\"show_email_icon\":\"\",\"show_hits\":\"0\",\"robots\":\"\",\"rights\":\"\",\"menu-anchor_title\":\"\",\"menu-anchor_css\":\"\",\"menu_image\":\"\",\"show_page_heading\":0,\"page_title\":\"\",\"page_heading\":\"\",\"pageclass_sfx\":\"\",\"menu-meta_description\":\"\",\"menu-meta_keywords\":\"\",\"secure\":0}',259,264,0,'*',0),(468,'mainmenu','Predicas Audio','predica-audio','','audio/predica-audio','index.php?option=com_content&view=article&id=74','component',1,465,2,22,0,42,'2013-02-22 22:36:50',0,2,'',0,'{\"show_title\":\"\",\"link_titles\":\"\",\"show_intro\":\"\",\"show_category\":\"\",\"link_category\":\"\",\"show_parent_category\":\"\",\"link_parent_category\":\"\",\"show_author\":\"\",\"link_author\":\"\",\"show_create_date\":\"\",\"show_modify_date\":\"\",\"show_publish_date\":\"\",\"show_item_navigation\":\"\",\"show_vote\":\"\",\"show_icons\":\"\",\"show_print_icon\":\"\",\"show_email_icon\":\"\",\"show_hits\":\"\",\"show_noauth\":\"\",\"menu-anchor_title\":\"\",\"menu-anchor_css\":\"\",\"menu_image\":\"\",\"menu_text\":1,\"page_title\":\"\",\"show_page_heading\":0,\"page_heading\":\"\",\"pageclass_sfx\":\"\",\"menu-meta_description\":\"\",\"menu-meta_keywords\":\"\",\"robots\":\"\",\"secure\":0}',278,279,0,'*',0),(469,'mainmenu','Predicas Video','serie-actual','','material-video/serie-actual','index.php?option=com_content&view=article&id=75','component',1,466,2,22,0,42,'2012-10-12 01:07:33',0,2,'',0,'{\"show_title\":\"\",\"link_titles\":\"\",\"show_intro\":\"\",\"show_category\":\"\",\"link_category\":\"\",\"show_parent_category\":\"\",\"link_parent_category\":\"\",\"show_author\":\"\",\"link_author\":\"\",\"show_create_date\":\"\",\"show_modify_date\":\"\",\"show_publish_date\":\"\",\"show_item_navigation\":\"\",\"show_vote\":\"\",\"show_icons\":\"\",\"show_print_icon\":\"\",\"show_email_icon\":\"\",\"show_hits\":\"\",\"show_noauth\":\"\",\"menu-anchor_title\":\"\",\"menu-anchor_css\":\"\",\"menu_image\":\"\",\"menu_text\":1,\"page_title\":\"\",\"show_page_heading\":0,\"page_heading\":\"\",\"pageclass_sfx\":\"\",\"menu-meta_description\":\"\",\"menu-meta_keywords\":\"\",\"robots\":\"\",\"secure\":0}',284,285,0,'*',0),(470,'mainmenu','Notas de Vida','notas-de-vida','','audio/notas-de-vida','index.php?option=com_content&view=article&id=77','component',1,465,2,22,0,0,'0000-00-00 00:00:00',0,2,'',0,'{\"show_title\":\"\",\"link_titles\":\"\",\"show_intro\":\"\",\"show_category\":\"\",\"link_category\":\"\",\"show_parent_category\":\"\",\"link_parent_category\":\"\",\"show_author\":\"\",\"link_author\":\"\",\"show_create_date\":\"\",\"show_modify_date\":\"\",\"show_publish_date\":\"\",\"show_item_navigation\":\"\",\"show_vote\":\"\",\"show_icons\":\"\",\"show_print_icon\":\"\",\"show_email_icon\":\"\",\"show_hits\":\"\",\"show_noauth\":\"\",\"menu-anchor_title\":\"\",\"menu-anchor_css\":\"\",\"menu_image\":\"\",\"menu_text\":1,\"page_title\":\"\",\"show_page_heading\":0,\"page_heading\":\"\",\"pageclass_sfx\":\"\",\"menu-meta_description\":\"\",\"menu-meta_keywords\":\"\",\"robots\":\"\",\"secure\":0}',280,281,0,'*',0),(471,'main','COM_COMPROFILER','comcomprofiler','','comcomprofiler','index.php?option=com_comprofiler','component',0,1,1,10002,0,0,'0000-00-00 00:00:00',0,1,'../components/com_comprofiler/plugin/templates/luna/images/header/icon-16-cb.png',0,'',289,304,0,'',1),(472,'main','COM_COMPROFILER_SHOWUSERS','comcomprofilershowusers','','comcomprofiler/comcomprofilershowusers','index.php?option=com_comprofiler&task=showusers&view=showusers','component',0,471,2,10002,0,0,'0000-00-00 00:00:00',0,1,'class:user',0,'',290,291,0,'',1),(473,'main','COM_COMPROFILER_SHOWTAB','comcomprofilershowtab','','comcomprofiler/comcomprofilershowtab','index.php?option=com_comprofiler&task=showTab&view=showTab','component',0,471,2,10002,0,0,'0000-00-00 00:00:00',0,1,'class:themes',0,'',292,293,0,'',1),(474,'main','COM_COMPROFILER_SHOWFIELD','comcomprofilershowfield','','comcomprofiler/comcomprofilershowfield','index.php?option=com_comprofiler&task=showField&view=showField','component',0,471,2,10002,0,0,'0000-00-00 00:00:00',0,1,'class:content',0,'',294,295,0,'',1),(475,'main','COM_COMPROFILER_SHOWLISTS','comcomprofilershowlists','','comcomprofiler/comcomprofilershowlists','index.php?option=com_comprofiler&task=showLists&view=showLists','component',0,471,2,10002,0,0,'0000-00-00 00:00:00',0,1,'class:search',0,'',296,297,0,'',1),(476,'main','COM_COMPROFILER_SHOWPLUGINS','comcomprofilershowplugins','','comcomprofiler/comcomprofilershowplugins','index.php?option=com_comprofiler&task=showPlugins&view=showPlugins','component',0,471,2,10002,0,0,'0000-00-00 00:00:00',0,1,'class:plugin',0,'',298,299,0,'',1),(477,'main','COM_COMPROFILER_TOOLS','comcomprofilertools','','comcomprofiler/comcomprofilertools','index.php?option=com_comprofiler&task=tools&view=tools','component',0,471,2,10002,0,0,'0000-00-00 00:00:00',0,1,'class:maintenance',0,'',300,301,0,'',1),(478,'main','COM_COMPROFILER_SHOWCONFIG','comcomprofilershowconfig','','comcomprofiler/comcomprofilershowconfig','index.php?option=com_comprofiler&task=showconfig&view=showconfig','component',0,471,2,10002,0,0,'0000-00-00 00:00:00',0,1,'class:config',0,'',302,303,0,'',1),(479,'mainmenu','CCI CHANNEL','cci-channel','','cci-channel','index.php?option=com_content&view=article&id=79','component',1,1,1,22,0,42,'2013-04-19 02:26:32',0,2,'',0,'{\"show_title\":\"\",\"link_titles\":\"\",\"show_intro\":\"\",\"show_category\":\"\",\"link_category\":\"\",\"show_parent_category\":\"\",\"link_parent_category\":\"\",\"show_author\":\"\",\"link_author\":\"\",\"show_create_date\":\"\",\"show_modify_date\":\"\",\"show_publish_date\":\"\",\"show_item_navigation\":\"\",\"show_vote\":\"\",\"show_icons\":\"\",\"show_print_icon\":\"\",\"show_email_icon\":\"\",\"show_hits\":\"\",\"show_noauth\":\"\",\"menu-anchor_title\":\"\",\"menu-anchor_css\":\"\",\"menu_image\":\"\",\"menu_text\":1,\"page_title\":\"\",\"show_page_heading\":0,\"page_heading\":\"\",\"pageclass_sfx\":\"\",\"menu-meta_description\":\"\",\"menu-meta_keywords\":\"\",\"robots\":\"\",\"secure\":0}',305,306,0,'*',0),(480,'mainmenu','Faro del Caribe','faro-del-caribe','','faro-del-caribe','index.php?option=com_content&view=article&id=78','component',1,1,1,22,0,0,'0000-00-00 00:00:00',0,2,'',0,'{\"show_title\":\"\",\"link_titles\":\"\",\"show_intro\":\"\",\"show_category\":\"\",\"link_category\":\"\",\"show_parent_category\":\"\",\"link_parent_category\":\"\",\"show_author\":\"\",\"link_author\":\"\",\"show_create_date\":\"\",\"show_modify_date\":\"\",\"show_publish_date\":\"\",\"show_item_navigation\":\"\",\"show_vote\":\"\",\"show_icons\":\"\",\"show_print_icon\":\"\",\"show_email_icon\":\"\",\"show_hits\":\"\",\"show_noauth\":\"\",\"menu-anchor_title\":\"\",\"menu-anchor_css\":\"\",\"menu_image\":\"\",\"menu_text\":1,\"page_title\":\"\",\"show_page_heading\":0,\"page_heading\":\"\",\"pageclass_sfx\":\"\",\"menu-meta_description\":\"\",\"menu-meta_keywords\":\"\",\"robots\":\"\",\"secure\":0}',307,308,0,'*',0),(481,'mainmenu','Nunca  es Tarde','nunca-es-tarde','','nunca-es-tarde','index.php?option=com_content&view=article&id=80','component',1,1,1,22,0,0,'0000-00-00 00:00:00',0,1,'',0,'{\"show_title\":\"\",\"link_titles\":\"\",\"show_intro\":\"\",\"show_category\":\"\",\"link_category\":\"\",\"show_parent_category\":\"\",\"link_parent_category\":\"\",\"show_author\":\"\",\"link_author\":\"\",\"show_create_date\":\"\",\"show_modify_date\":\"\",\"show_publish_date\":\"\",\"show_item_navigation\":\"\",\"show_vote\":\"\",\"show_icons\":\"\",\"show_print_icon\":\"\",\"show_email_icon\":\"\",\"show_hits\":\"\",\"show_noauth\":\"\",\"menu-anchor_title\":\"\",\"menu-anchor_css\":\"\",\"menu_image\":\"\",\"menu_text\":1,\"page_title\":\"\",\"show_page_heading\":0,\"page_heading\":\"\",\"pageclass_sfx\":\"\",\"menu-meta_description\":\"\",\"menu-meta_keywords\":\"\",\"robots\":\"\",\"secure\":0}',309,310,0,'*',0),(290,'mainmenu','Articles','articles','','site-map/articles','index.php?option=com_content&view=categories&id=0','component',-2,294,2,22,0,0,'0000-00-00 00:00:00',0,1,'',0,'{\"categories_description\":\"\",\"maxLevel\":\"-1\",\"show_empty_categories\":\"\",\"show_description\":\"\",\"show_description_image\":\"\",\"show_cat_num_articles\":\"\",\"display_num\":\"\",\"category_layout\":\"\",\"show_headings\":\"\",\"show_date\":\"\",\"date_format\":\"\",\"filter_field\":\"\",\"num_leading_articles\":\"1\",\"num_intro_articles\":\"4\",\"num_columns\":\"2\",\"num_links\":\"4\",\"multi_column_order\":\"\",\"orderby_pri\":\"\",\"orderby_sec\":\"\",\"order_date\":\"\",\"show_pagination\":\"\",\"show_noauth\":\"\",\"show_title\":\"\",\"link_titles\":\"\",\"show_intro\":\"\",\"show_category\":\"\",\"link_category\":\"\",\"show_parent_category\":\"\",\"link_parent_category\":\"\",\"show_author\":\"\",\"link_author\":\"\",\"show_create_date\":\"\",\"show_modify_date\":\"\",\"show_publish_date\":\"\",\"show_item_navigation\":\"\",\"show_readmore\":\"\",\"show_icons\":\"\",\"show_print_icon\":\"\",\"show_email_icon\":\"\",\"show_hits\":\"\",\"article-allow_ratings\":\"\",\"article-allow_comments\":\"\",\"show_feed_link\":\"\",\"feed_summary\":\"\",\"menu-anchor_title\":\"\",\"menu-anchor_css\":\"\",\"menu_image\":\"\",\"show_page_heading\":0,\"page_title\":\"\",\"page_heading\":\"\",\"pageclass_sfx\":\"\",\"menu-meta_description\":\"\",\"menu-meta_keywords\":\"\",\"robots\":\"\",\"secure\":0}',4,5,0,'*',0),(294,'mainmenu','Mapa del sitio','site-map','','site-map','index.php?option=com_content&view=article&id=42','component',-2,1,1,22,-4,0,'0000-00-00 00:00:00',0,1,'',0,'{\"show_noauth\":\"\",\"show_title\":\"\",\"link_titles\":\"\",\"show_intro\":\"\",\"show_category\":\"0\",\"link_category\":\"\",\"show_parent_category\":\"0\",\"link_parent_category\":\"\",\"show_author\":\"0\",\"link_author\":\"\",\"show_create_date\":\"0\",\"show_modify_date\":\"0\",\"show_publish_date\":\"0\",\"show_item_navigation\":\"0\",\"show_icons\":\"\",\"show_print_icon\":\"\",\"show_email_icon\":\"\",\"show_hits\":\"0\",\"robots\":\"\",\"rights\":\"\",\"menu-anchor_title\":\"\",\"menu-anchor_css\":\"\",\"menu_image\":\"\",\"show_page_heading\":0,\"page_title\":\"\",\"page_heading\":\"\",\"pageclass_sfx\":\"\",\"menu-meta_description\":\"\",\"menu-meta_keywords\":\"\",\"secure\":0}',3,10,0,'*',0),(445,'mainmenu','Parks','parks','','sample-sites/parks','index.php?Itemid=','alias',-2,238,2,0,0,0,'0000-00-00 00:00:00',0,1,'',0,'{\"aliasoptions\":\"243\",\"menu-anchor_title\":\"\",\"menu-anchor_css\":\"\",\"menu_image\":\"\"}',260,261,0,'*',0),(435,'mainmenu','Inicio','homepage','','homepage','index.php?option=com_content&view=article&id=68','component',1,1,1,22,-5,0,'0000-00-00 00:00:00',0,1,'',0,'{\"show_title\":\"1\",\"link_titles\":\"\",\"show_intro\":\"\",\"show_category\":\"0\",\"link_category\":\"0\",\"show_parent_category\":\"0\",\"link_parent_category\":\"0\",\"show_author\":\"0\",\"link_author\":\"0\",\"show_create_date\":\"0\",\"show_modify_date\":\"0\",\"show_publish_date\":\"0\",\"show_item_navigation\":\"0\",\"show_vote\":\"\",\"show_icons\":\"0\",\"show_print_icon\":\"0\",\"show_email_icon\":\"0\",\"show_hits\":\"0\",\"show_noauth\":\"\",\"menu-anchor_title\":\"\",\"menu-anchor_css\":\"\",\"menu_image\":\"\",\"menu_text\":1,\"page_title\":\"\",\"show_page_heading\":0,\"page_heading\":\"\",\"pageclass_sfx\":\"\",\"menu-meta_description\":\"\",\"menu-meta_keywords\":\"\",\"robots\":\"\",\"secure\":0}',1,2,1,'*',0),(465,'mainmenu','Material Audio','audio','','audio','index.php?option=com_content&view=article&id=69','component',1,1,1,22,0,0,'0000-00-00 00:00:00',0,2,'',0,'{\"show_title\":\"1\",\"link_titles\":\"0\",\"show_intro\":\"\",\"show_category\":\"0\",\"link_category\":\"0\",\"show_parent_category\":\"0\",\"link_parent_category\":\"0\",\"show_author\":\"0\",\"link_author\":\"0\",\"show_create_date\":\"0\",\"show_modify_date\":\"0\",\"show_publish_date\":\"0\",\"show_item_navigation\":\"0\",\"show_vote\":\"\",\"show_icons\":\"0\",\"show_print_icon\":\"0\",\"show_email_icon\":\"0\",\"show_hits\":\"0\",\"show_noauth\":\"\",\"menu-anchor_title\":\"\",\"menu-anchor_css\":\"\",\"menu_image\":\"\",\"menu_text\":1,\"page_title\":\"\",\"show_page_heading\":0,\"page_heading\":\"\",\"pageclass_sfx\":\"\",\"menu-meta_description\":\"\",\"menu-meta_keywords\":\"\",\"robots\":\"\",\"secure\":0}',277,282,0,'*',0),(466,'mainmenu','Material Video','material-video','','material-video','index.php?option=com_content&view=article&id=70','component',1,1,1,22,0,42,'2013-09-14 04:24:42',0,2,'',0,'{\"show_title\":\"\",\"link_titles\":\"\",\"show_intro\":\"\",\"show_category\":\"\",\"link_category\":\"\",\"show_parent_category\":\"\",\"link_parent_category\":\"\",\"show_author\":\"\",\"link_author\":\"\",\"show_create_date\":\"\",\"show_modify_date\":\"\",\"show_publish_date\":\"\",\"show_item_navigation\":\"\",\"show_vote\":\"\",\"show_icons\":\"\",\"show_print_icon\":\"\",\"show_email_icon\":\"\",\"show_hits\":\"\",\"show_noauth\":\"\",\"menu-anchor_title\":\"\",\"menu-anchor_css\":\"\",\"menu_image\":\"\",\"menu_text\":1,\"page_title\":\"\",\"show_page_heading\":0,\"page_heading\":\"\",\"pageclass_sfx\":\"\",\"menu-meta_description\":\"\",\"menu-meta_keywords\":\"\",\"robots\":\"\",\"secure\":0}',283,286,0,'*',0),(467,'mainmenu','Inicio','inicio','','inicio','index.php?option=com_content&view=featured','component',-2,1,1,22,0,0,'0000-00-00 00:00:00',0,2,'',0,'{\"featured_categories\":[\"80\"],\"layout_type\":\"blog\",\"num_leading_articles\":\"1\",\"num_intro_articles\":\"2\",\"num_columns\":\"2\",\"num_links\":\"0\",\"multi_column_order\":\"\",\"orderby_pri\":\"\",\"orderby_sec\":\"\",\"order_date\":\"\",\"show_pagination\":\"\",\"show_pagination_results\":\"\",\"show_title\":\"\",\"link_titles\":\"\",\"show_intro\":\"\",\"show_category\":\"\",\"link_category\":\"\",\"show_parent_category\":\"\",\"link_parent_category\":\"\",\"show_author\":\"\",\"link_author\":\"\",\"show_create_date\":\"\",\"show_modify_date\":\"\",\"show_publish_date\":\"\",\"show_item_navigation\":\"\",\"show_vote\":\"\",\"show_readmore\":\"\",\"show_readmore_title\":\"\",\"show_icons\":\"\",\"show_print_icon\":\"\",\"show_email_icon\":\"\",\"show_hits\":\"\",\"show_noauth\":\"\",\"show_feed_link\":\"\",\"feed_summary\":\"\",\"menu-anchor_title\":\"\",\"menu-anchor_css\":\"\",\"menu_image\":\"\",\"menu_text\":1,\"page_title\":\"\",\"show_page_heading\":0,\"page_heading\":\"\",\"pageclass_sfx\":\"\",\"menu-meta_description\":\"\",\"menu-meta_keywords\":\"\",\"robots\":\"\",\"secure\":0}',287,288,0,'*',0),(455,'mainmenu','Ejemplo de paginas','example-pages','','example-pages','index.php?Itemid=','alias',-2,1,1,0,0,0,'0000-00-00 00:00:00',0,1,'',0,'{\"aliasoptions\":\"268\",\"menu-anchor_title\":\"\",\"menu-anchor_css\":\"\",\"menu_image\":\"\"}',271,272,0,'*',0),(438,'mainmenu','Enlaces web','weblinks','','site-map/weblinks','index.php?option=com_weblinks&view=categories&id=0','component',-2,294,2,21,0,0,'0000-00-00 00:00:00',0,1,'',0,'{\"categories_description\":\"\",\"maxLevel\":\"-1\",\"show_empty_categories\":\"\",\"show_description\":\"\",\"show_description_image\":\"\",\"show_cat_num_articles\":\"\",\"display_num\":\"\",\"show_headings\":\"\",\"orderby_pri\":\"\",\"show_pagination\":\"\",\"show_noauth\":\"\",\"article-allow_ratings\":\"\",\"article-allow_comments\":\"\",\"show_feed_link\":\"\",\"feed_summary\":\"\",\"menu-anchor_title\":\"\",\"menu-anchor_css\":\"\",\"menu_image\":\"\",\"show_page_heading\":0,\"page_title\":\"\",\"page_heading\":\"\",\"pageclass_sfx\":\"\",\"menu-meta_description\":\"\",\"menu-meta_keywords\":\"\",\"robots\":\"\",\"secure\":0}',6,7,0,'*',0),(439,'mainmenu','Contactos','contacts','','site-map/contacts','index.php?option=com_contact&view=categories&id=0','component',-2,294,2,8,0,0,'0000-00-00 00:00:00',0,1,'',0,'{\"categories_description\":\"\",\"maxLevel\":\"-1\",\"show_empty_categories\":\"\",\"show_description\":\"\",\"show_description_image\":\"\",\"show_cat_num_articles\":\"\",\"display_num\":\"\",\"show_headings\":\"\",\"filter_field\":\"\",\"show_pagination\":\"\",\"show_noauth\":\"\",\"show_name\":\"\",\"show_position\":\"\",\"show_email\":\"\",\"show_street_address\":\"\",\"show_suburb\":\"\",\"show_state\":\"\",\"show_postcode\":\"\",\"show_country\":\"\",\"show_telephone\":\"\",\"show_mobile\":\"\",\"show_fax\":\"\",\"show_webpage\":\"\",\"show_misc\":\"\",\"show_image\":\"\",\"allow_vcard\":\"\",\"show_articles\":\"\",\"show_links\":\"1\",\"linka_name\":\"\",\"linkb_name\":\"\",\"linkc_name\":\"\",\"linkd_name\":\"\",\"linke_name\":\"\",\"show_email_form\":\"\",\"show_email_copy\":\"\",\"banned_email\":\"\",\"banned_subject\":\"\",\"banned_text\":\"\",\"validate_session\":\"\",\"custom_reply\":\"\",\"redirect\":\"\",\"article-allow_ratings\":\"\",\"article-allow_comments\":\"\",\"show_feed_link\":\"\",\"feed_summary\":\"\",\"menu-anchor_title\":\"\",\"menu-anchor_css\":\"\",\"menu_image\":\"\",\"show_page_heading\":0,\"page_title\":\"\",\"page_heading\":\"\",\"pageclass_sfx\":\"\",\"menu-meta_description\":\"\",\"menu-meta_keywords\":\"\",\"robots\":\"\",\"secure\":0}',8,9,0,'*',0),(446,'mainmenu','Shop','shop','','sample-sites/shop','index.php?Itemid=','alias',-2,238,2,0,0,0,'0000-00-00 00:00:00',0,1,'',0,'{\"aliasoptions\":\"429\",\"menu-anchor_title\":\"\",\"menu-anchor_css\":\"\",\"menu_image\":\"\"}',262,263,0,'*',0),(448,'mainmenu','Administrador del sitio','site-administrator','','site-administrator','administrator','url',-2,1,1,0,0,0,'0000-00-00 00:00:00',1,1,'',0,'{\"menu-anchor_title\":\"\",\"menu-anchor_css\":\"\",\"menu_image\":\"\"}',265,266,0,'*',0),(449,'usermenu','Submit an Article','submit-an-article','','submit-an-article','index.php?option=com_content&view=form&layout=edit','component',-2,1,1,22,0,0,'0000-00-00 00:00:00',0,3,'',0,'{\"menu-anchor_title\":\"\",\"menu-anchor_css\":\"\",\"menu_image\":\"\",\"menu_text\":1,\"page_title\":\"\",\"show_page_heading\":0,\"page_heading\":\"\",\"pageclass_sfx\":\"\",\"menu-meta_description\":\"\",\"menu-meta_keywords\":\"\",\"robots\":\"\",\"secure\":0}',267,268,0,'*',0),(450,'usermenu','Submit a Web Link','submit-a-web-link','','submit-a-web-link','index.php?option=com_weblinks&view=form&layout=edit','component',-2,1,1,21,0,0,'0000-00-00 00:00:00',0,3,'',0,'{\"menu-anchor_title\":\"\",\"menu-anchor_css\":\"\",\"menu_image\":\"\",\"menu_text\":1,\"page_title\":\"\",\"show_page_heading\":0,\"page_heading\":\"\",\"pageclass_sfx\":\"\",\"menu-meta_description\":\"\",\"menu-meta_keywords\":\"\",\"robots\":\"\",\"secure\":0}',269,270,0,'*',0);

--
-- Table structure for table `btdov_menu_types`
--

CREATE TABLE `btdov_menu_types` (
  `id` int(10) unsigned NOT NULL AUTO_INCREMENT,
  `menutype` varchar(24) NOT NULL,
  `title` varchar(48) NOT NULL,
  `description` varchar(255) NOT NULL DEFAULT '',
  PRIMARY KEY (`id`),
  UNIQUE KEY `idx_menutype` (`menutype`)
) ENGINE=MyISAM AUTO_INCREMENT=8 DEFAULT CHARSET=utf8;

--
-- Dumping data for table `btdov_menu_types`
--

INSERT INTO `btdov_menu_types` VALUES (2,'usermenu','Menu Usuario','Un menu para los usuarios registrados'),(6,'mainmenu','Menu Principal','Menu de Inicio');

--
-- Table structure for table `btdov_messages`
--

CREATE TABLE `btdov_messages` (
  `message_id` int(10) unsigned NOT NULL AUTO_INCREMENT,
  `user_id_from` int(10) unsigned NOT NULL DEFAULT '0',
  `user_id_to` int(10) unsigned NOT NULL DEFAULT '0',
  `folder_id` tinyint(3) unsigned NOT NULL DEFAULT '0',
  `date_time` datetime NOT NULL DEFAULT '0000-00-00 00:00:00',
  `state` tinyint(1) NOT NULL DEFAULT '0',
  `priority` tinyint(1) unsigned NOT NULL DEFAULT '0',
  `subject` varchar(255) NOT NULL DEFAULT '',
  `message` text NOT NULL,
  PRIMARY KEY (`message_id`),
  KEY `useridto_state` (`user_id_to`,`state`)
) ENGINE=MyISAM AUTO_INCREMENT=2 DEFAULT CHARSET=utf8;

--
-- Dumping data for table `btdov_messages`
--


--
-- Table structure for table `btdov_messages_cfg`
--

CREATE TABLE `btdov_messages_cfg` (
  `user_id` int(10) unsigned NOT NULL DEFAULT '0',
  `cfg_name` varchar(100) NOT NULL DEFAULT '',
  `cfg_value` varchar(255) NOT NULL DEFAULT '',
  UNIQUE KEY `idx_user_var_name` (`user_id`,`cfg_name`)
) ENGINE=MyISAM DEFAULT CHARSET=utf8;

--
-- Dumping data for table `btdov_messages_cfg`
--


--
-- Table structure for table `btdov_modules`
--

CREATE TABLE `btdov_modules` (
  `id` int(11) NOT NULL AUTO_INCREMENT,
  `title` varchar(100) NOT NULL DEFAULT '',
  `note` varchar(255) NOT NULL DEFAULT '',
  `content` text NOT NULL,
  `ordering` int(11) NOT NULL DEFAULT '0',
  `position` varchar(50) NOT NULL DEFAULT '',
  `checked_out` int(10) unsigned NOT NULL DEFAULT '0',
  `checked_out_time` datetime NOT NULL DEFAULT '0000-00-00 00:00:00',
  `publish_up` datetime NOT NULL DEFAULT '0000-00-00 00:00:00',
  `publish_down` datetime NOT NULL DEFAULT '0000-00-00 00:00:00',
  `published` tinyint(1) NOT NULL DEFAULT '0',
  `module` varchar(50) DEFAULT NULL,
  `access` int(10) unsigned NOT NULL DEFAULT '0',
  `showtitle` tinyint(3) unsigned NOT NULL DEFAULT '1',
  `params` text NOT NULL,
  `client_id` tinyint(4) NOT NULL DEFAULT '0',
  `language` char(7) NOT NULL,
  PRIMARY KEY (`id`),
  KEY `published` (`published`,`access`),
  KEY `newsfeeds` (`module`,`published`),
  KEY `idx_language` (`language`)
) ENGINE=MyISAM AUTO_INCREMENT=87 DEFAULT CHARSET=utf8;

--
-- Dumping data for table `btdov_modules`
--

INSERT INTO `btdov_modules` VALUES (1,'Menú Principal','','',1,'position-7',0,'0000-00-00 00:00:00','0000-00-00 00:00:00','0000-00-00 00:00:00',1,'mod_menu',1,1,'{\"menutype\":\"mainmenu\",\"startLevel\":\"1\",\"endLevel\":\"0\",\"showAllChildren\":\"0\",\"tag_id\":\"\",\"class_sfx\":\"\",\"window_open\":\"\",\"layout\":\"_:default\",\"moduleclass_sfx\":\"_menu\",\"cache\":\"1\",\"cache_time\":\"900\",\"cachemode\":\"itemid\"}',0,'*'),(2,'Acceso','','',1,'login',0,'0000-00-00 00:00:00','0000-00-00 00:00:00','0000-00-00 00:00:00',1,'mod_login',1,1,'',1,'*'),(3,'Artículos populares','','',3,'cpanel',0,'0000-00-00 00:00:00','0000-00-00 00:00:00','0000-00-00 00:00:00',1,'mod_popular',3,1,'{\"count\":\"5\",\"catid\":\"\",\"user_id\":\"0\",\"layout\":\"\",\"moduleclass_sfx\":\"\",\"cache\":\"0\"}',1,'*'),(4,'Últimos artículos añadidos','','',4,'cpanel',0,'0000-00-00 00:00:00','0000-00-00 00:00:00','0000-00-00 00:00:00',1,'mod_latest',3,1,'{\"count\":\"5\",\"ordering\":\"c_dsc\",\"catid\":\"\",\"user_id\":\"0\",\"layout\":\"\",\"moduleclass_sfx\":\"\",\"cache\":\"0\"}',1,'*'),(8,'Barra de herramientas','','',1,'toolbar',0,'0000-00-00 00:00:00','0000-00-00 00:00:00','0000-00-00 00:00:00',1,'mod_toolbar',3,1,'',1,'*'),(9,'Iconos rápidos','','',1,'icon',0,'0000-00-00 00:00:00','0000-00-00 00:00:00','0000-00-00 00:00:00',1,'mod_quickicon',3,1,'',1,'*'),(10,'Usuarios conectados','','',2,'cpanel',0,'0000-00-00 00:00:00','0000-00-00 00:00:00','0000-00-00 00:00:00',1,'mod_logged',3,1,'',1,'*'),(12,'Menú Administrador','','',1,'menu',0,'0000-00-00 00:00:00','0000-00-00 00:00:00','0000-00-00 00:00:00',1,'mod_menu',3,1,'{\"layout\":\"\",\"moduleclass_sfx\":\"\",\"shownew\":\"1\",\"showhelp\":\"1\",\"cache\":\"0\"}',1,'*'),(13,'Submenú Administrador','','',1,'submenu',0,'0000-00-00 00:00:00','0000-00-00 00:00:00','0000-00-00 00:00:00',1,'mod_submenu',3,1,'',1,'*'),(14,'Estado usuarios','','',1,'status',0,'0000-00-00 00:00:00','0000-00-00 00:00:00','0000-00-00 00:00:00',1,'mod_status',3,1,'',1,'*'),(15,'Título','','',1,'title',0,'0000-00-00 00:00:00','0000-00-00 00:00:00','0000-00-00 00:00:00',1,'mod_title',3,1,'',1,'*'),(16,'Formulario de acceso','','',7,'position-7',0,'0000-00-00 00:00:00','0000-00-00 00:00:00','0000-00-00 00:00:00',1,'mod_login',1,1,'{\"greeting\":\"1\",\"name\":\"0\"}',0,'*'),(17,'Ruta','','',1,'position-2',0,'0000-00-00 00:00:00','0000-00-00 00:00:00','0000-00-00 00:00:00',-2,'mod_breadcrumbs',1,1,'{\"moduleclass_sfx\":\"\",\"showHome\":\"1\",\"homeText\":\"Inicio\",\"showComponent\":\"1\",\"separator\":\"\",\"cache\":\"1\",\"cache_time\":\"900\",\"cachemode\":\"itemid\"}',0,'*'),(18,'Tienda de libros','','',1,'position-10',0,'0000-00-00 00:00:00','0000-00-00 00:00:00','0000-00-00 00:00:00',-2,'mod_banners',1,0,'{\"target\":\"1\",\"count\":\"1\",\"cid\":\"3\",\"catid\":[\"\"],\"tag_search\":\"0\",\"ordering\":\"0\",\"header_text\":\"\",\"footer_text\":\"Books!\",\"layout\":\"_:default\",\"moduleclass_sfx\":\"\",\"cache\":\"1\",\"cache_time\":\"900\"}',0,'*'),(79,'Estatus Multilanguaje','','',1,'status',0,'0000-00-00 00:00:00','0000-00-00 00:00:00','0000-00-00 00:00:00',0,'mod_multilangstatus',3,1,'{\"layout\":\"_:default\",\"moduleclass_sfx\":\"\",\"cache\":\"0\"}',1,'*'),(19,'Menu Usuario','','',1,'position-5',0,'0000-00-00 00:00:00','0000-00-00 00:00:00','0000-00-00 00:00:00',1,'mod_menu',2,1,'{\"menutype\":\"usermenu\",\"startLevel\":\"1\",\"endLevel\":\"0\",\"showAllChildren\":\"0\",\"tag_id\":\"\",\"class_sfx\":\"\",\"window_open\":\"\",\"layout\":\"_:default\",\"moduleclass_sfx\":\"_menu\",\"cache\":\"1\",\"cache_time\":\"900\",\"cachemode\":\"itemid\"}',0,'*'),(80,'Formulario de Acceso','','',1,'position-7',0,'0000-00-00 00:00:00','0000-00-00 00:00:00','0000-00-00 00:00:00',0,'mod_cblogin',1,1,'{\"moduleclass_sfx\":\"\",\"horizontal\":\"0\",\"compact\":\"0\",\"pretext\":\"\",\"posttext\":\"\",\"logoutpretext\":\"\",\"logoutposttext\":\"\",\"login\":\"\",\"logout\":\"index.php\",\"show_lostpass\":\"1\",\"show_newaccount\":\"1\",\"show_username_pass_icons\":\"0\",\"name_lenght\":\"14\",\"pass_lenght\":\"14\",\"show_buttons_icons\":\"0\",\"show_remind_register_icons\":\"0\",\"login_message\":\"0\",\"logout_message\":\"0\",\"remember_enabled\":\"1\",\"greeting\":\"1\",\"name\":\"0\",\"show_avatar\":\"0\",\"avatar_position\":\"default\",\"text_show_profile\":\"\",\"text_edit_profile\":\"\",\"pms_type\":\"0\",\"show_pms\":\"0\",\"show_connection_notifications\":\"0\",\"https_post\":\"0\",\"cb_plugins\":\"0\"}',0,'*'),(81,'CB Workflows','','',0,'',0,'0000-00-00 00:00:00','0000-00-00 00:00:00','0000-00-00 00:00:00',-2,'mod_comprofilermoderator',1,1,'',0,'*'),(82,'CB Online','','',0,'',0,'0000-00-00 00:00:00','0000-00-00 00:00:00','0000-00-00 00:00:00',-2,'mod_comprofileronline',1,1,'',0,'*'),(68,'Sobre Parques','','<p>El sitio de muestra de Parques está diseñado como un sitio simple que puede ser actualizado sistemáticamente desde la parte delantera (frontend) de Joomla!.</p><p>As a site, it is largely focused on a blog which can be updated using the front end article submission.</p><p>New weblinks can also be added through the front end.</p><p>A simple image gallery uses com_content with thumbnails displayed in a blog layout and full size images shown in article layout.</p><p>The Parks site features the language switch module. All of the content and modules are tagged as English (en-GB). If a second language pack is added with sample data this can be filtered using the language switch.</p><p>Parks uses HTML5 which is a major web standard (along with XHTML which is used in other areas of sample data).</p>',2,'position-4',0,'0000-00-00 00:00:00','0000-00-00 00:00:00','0000-00-00 00:00:00',-2,'mod_custom',1,1,'{\"prepare_content\":\"1\",\"layout\":\"\",\"moduleclass_sfx\":\"\",\"cache\":\"1\",\"cache_time\":\"900\",\"cachemode\":\"static\"}',0,'*'),(85,'Video','','<p><param name=\"movie\" value=\"http://www.youtube.com/v/pM6k00aiH98?version=3&amp;hl=es_ES\" /><param name=\"allowFullScreen\" value=\"true\" /><param name=\"allowscriptaccess\" value=\"always\" /></p>',1,'',0,'0000-00-00 00:00:00','0000-00-00 00:00:00','0000-00-00 00:00:00',-2,'mod_custom',1,1,'{\"prepare_content\":\"1\",\"backgroundimage\":\"\",\"layout\":\"_:default\",\"moduleclass_sfx\":\"\",\"cache\":\"1\",\"cache_time\":\"900\",\"cachemode\":\"static\"}',0,'*'),(25,'Mapa del Sitio','','',1,'sitemapload',42,'2013-02-22 16:53:36','0000-00-00 00:00:00','0000-00-00 00:00:00',-2,'mod_menu',1,0,'{\"menutype\":\"mainmenu\",\"startLevel\":\"2\",\"endLevel\":\"3\",\"showAllChildren\":\"1\",\"tag_id\":\"\",\"class_sfx\":\"sitemap\",\"window_open\":\"\",\"layout\":\"\",\"moduleclass_sfx\":\"\",\"cache\":\"0\",\"cache_time\":\"900\",\"cachemode\":\"itemid\"}',0,'*'),(26,'Este Sitio','','',5,'position-7',0,'0000-00-00 00:00:00','0000-00-00 00:00:00','0000-00-00 00:00:00',-2,'mod_menu',1,1,'{\"menutype\":\"mainmenu\",\"startLevel\":\"1\",\"endLevel\":\"1\",\"showAllChildren\":\"0\",\"tag_id\":\"\",\"class_sfx\":\"\",\"window_open\":\"\",\"layout\":\"\",\"moduleclass_sfx\":\"_menu\",\"cache\":\"0\",\"cache_time\":\"900\",\"cachemode\":\"itemid\"}',0,'*'),(27,'Articulos Archivados','','',1,'archiveload',0,'0000-00-00 00:00:00','0000-00-00 00:00:00','0000-00-00 00:00:00',-2,'mod_articles_archive',1,1,'{\"count\":\"10\",\"layout\":\"\",\"moduleclass_sfx\":\"\",\"cache\":\"1\",\"cache_time\":\"900\",\"cachemode\":\"static\"}',0,'*'),(28,'Ultimas Noticias','','',1,'articleslatestload',0,'0000-00-00 00:00:00','0000-00-00 00:00:00','0000-00-00 00:00:00',-2,'mod_articles_latest',1,1,'{\"catid\":[\"19\"],\"count\":\"5\",\"ordering\":\"c_dsc\",\"user_id\":\"0\",\"show_featured\":\"\",\"layout\":\"\",\"moduleclass_sfx\":\"\",\"cache\":\"1\",\"cache_time\":\"900\",\"cachemode\":\"static\"}',0,'*'),(29,'Contenido Mas Leido','','',1,'articlespopularload',0,'0000-00-00 00:00:00','0000-00-00 00:00:00','0000-00-00 00:00:00',-2,'mod_articles_popular',1,1,'{\"show_front\":\"1\",\"count\":\"5\",\"catid\":[\"26\",\"29\"],\"layout\":\"\",\"moduleclass_sfx\":\"\",\"cache\":\"1\",\"cache_time\":\"900\",\"cachemode\":\"static\"}',0,'*'),(30,'Mostrar Feeds (hilos)','','',1,'feeddisplayload',0,'0000-00-00 00:00:00','0000-00-00 00:00:00','0000-00-00 00:00:00',-2,'mod_feed',1,1,'{\"rssurl\":\"http:\\/\\/community.joomla.org\\/blogs\\/community.feed?type=rss\",\"rssrtl\":\"0\",\"rsstitle\":\"1\",\"rssdesc\":\"1\",\"rssimage\":\"1\",\"rssitems\":\"3\",\"rssitemdesc\":\"1\",\"word_count\":\"0\",\"layout\":\"\",\"moduleclass_sfx\":\"\",\"cache\":\"1\",\"cache_time\":\"900\"}',0,'*'),(31,'Noticias Ultima Hora: Ultimas','','',1,'newsflashload',0,'0000-00-00 00:00:00','0000-00-00 00:00:00','0000-00-00 00:00:00',-2,'mod_articles_news',1,1,'{\"catid\":[\"20\"],\"image\":\"0\",\"item_title\":\"0\",\"link_titles\":\"\",\"item_heading\":\"h4\",\"showLastSeparator\":\"1\",\"readmore\":\"1\",\"count\":\"1\",\"ordering\":\"a.publish_up\",\"layout\":\"horizontal\",\"moduleclass_sfx\":\"\",\"cache\":\"1\",\"cache_time\":\"900\",\"cachemode\":\"itemid\"}',0,'*'),(33,'Imagen Aleatoria','','',1,'randomimageload',0,'0000-00-00 00:00:00','0000-00-00 00:00:00','0000-00-00 00:00:00',-2,'mod_random_image',1,1,'{\"type\":\"jpg\",\"folder\":\"images\\/sampledata\\/parks\\/animals\",\"link\":\"\",\"width\":\"180\",\"height\":\"\",\"layout\":\"\",\"moduleclass_sfx\":\"\",\"cache\":\"0\"}',0,'*'),(34,'Elementos Articulos Relacionados','','',1,'relateditemsload',0,'0000-00-00 00:00:00','0000-00-00 00:00:00','0000-00-00 00:00:00',-2,'mod_related_items',1,1,'{\"showDate\":\"0\",\"layout\":\"\",\"moduleclass_sfx\":\"\",\"owncache\":\"1\"}',0,'*'),(35,'Buscar','','',1,'searchload',0,'0000-00-00 00:00:00','0000-00-00 00:00:00','0000-00-00 00:00:00',-2,'mod_search',1,1,'{\"width\":\"20\",\"text\":\"\",\"button\":\"\",\"button_pos\":\"right\",\"imagebutton\":\"\",\"button_text\":\"\",\"set_itemid\":\"\",\"layout\":\"\",\"moduleclass_sfx\":\"\",\"cache\":\"1\",\"cache_time\":\"900\",\"cachemode\":\"itemid\"}',0,'*'),(36,'Estadisticas','','',1,'statisticsload',0,'0000-00-00 00:00:00','0000-00-00 00:00:00','0000-00-00 00:00:00',-2,'mod_stats',1,1,'{\"serverinfo\":\"1\",\"siteinfo\":\"1\",\"counter\":\"1\",\"increase\":\"0\",\"layout\":\"\",\"moduleclass_sfx\":\"\",\"cache\":\"1\",\"cache_time\":\"900\",\"cachemode\":\"static\"}',0,'*'),(37,'Noticias externas','','',1,'syndicateload',0,'0000-00-00 00:00:00','0000-00-00 00:00:00','0000-00-00 00:00:00',-2,'mod_syndicate',1,1,'{\"text\":\"Feed Entries\",\"format\":\"rss\",\"layout\":\"\",\"moduleclass_sfx\":\"\",\"cache\":\"0\"}',0,'*'),(38,'Ultimos Usuarios','','',1,'userslatestload',0,'0000-00-00 00:00:00','0000-00-00 00:00:00','0000-00-00 00:00:00',-2,'mod_users_latest',1,1,'{\"shownumber\":\"5\",\"linknames\":\"0\",\"linktowhat\":\"0\",\"layout\":\"\",\"moduleclass_sfx\":\"\",\"cache\":\"0\",\"cache_time\":\"900\",\"cachemode\":\"static\"}',0,'*'),(39,'Quien esta en Linea','','',1,'whosonlineload',0,'0000-00-00 00:00:00','0000-00-00 00:00:00','0000-00-00 00:00:00',-2,'mod_whosonline',1,1,'{\"showmode\":\"2\",\"linknames\":\"0\",\"linktowhat\":\"0\",\"layout\":\"\",\"moduleclass_sfx\":\"\",\"cache\":\"0\"}',0,'*'),(40,'Wrapper','','',1,'wrapperload',42,'2015-02-27 18:09:07','0000-00-00 00:00:00','0000-00-00 00:00:00',1,'mod_wrapper',1,1,'{\"url\":\"http:\\/\\/fsf.org\",\"add\":\"1\",\"scrolling\":\"auto\",\"width\":\"100%\",\"height\":\"200\",\"height_auto\":\"1\",\"target\":\"\",\"layout\":\"\",\"moduleclass_sfx\":\"\",\"cache\":\"1\",\"cache_time\":\"900\",\"cachemode\":\"static\"}',0,'*'),(41,'Pie de Pagina','','',1,'footerload',0,'0000-00-00 00:00:00','0000-00-00 00:00:00','0000-00-00 00:00:00',-2,'mod_footer',1,1,'{\"layout\":\"\",\"moduleclass_sfx\":\"\",\"cache\":\"1\",\"cache_time\":\"900\",\"cachemode\":\"static\"}',0,'*'),(44,'Acceso','','',1,'right',0,'0000-00-00 00:00:00','0000-00-00 00:00:00','0000-00-00 00:00:00',0,'mod_login',1,1,'{\"pretext\":\"\",\"posttext\":\"\",\"login\":\"\",\"logout\":\"\",\"greeting\":\"1\",\"name\":\"0\",\"usesecure\":\"0\",\"layout\":\"_:default\",\"moduleclass_sfx\":\"\",\"cache\":\"0\"}',0,'*'),(45,'Menu','','',1,'menuload',0,'0000-00-00 00:00:00','0000-00-00 00:00:00','0000-00-00 00:00:00',1,'mod_menu',1,1,'{\"menutype\":\"mainmenu\",\"startLevel\":\"1\",\"endLevel\":\"0\",\"showAllChildren\":\"0\",\"tag_id\":\"\",\"class_sfx\":\"\",\"window_open\":\"\",\"layout\":\"\",\"moduleclass_sfx\":\"\",\"cache\":\"0\",\"cache_time\":\"900\",\"cachemode\":\"itemid\"}',0,'*'),(47,'Ultimos Blogs Parques','','',6,'position-7',0,'0000-00-00 00:00:00','0000-00-00 00:00:00','0000-00-00 00:00:00',-2,'mod_articles_latest',1,1,'{\"count\":\"5\",\"ordering\":\"c_dsc\",\"user_id\":\"0\",\"show_front\":\"1\",\"catid\":\"35\",\"layout\":\"\",\"moduleclass_sfx\":\"\",\"cache\":\"1\",\"cache_time\":\"900\"}',0,'en-GB'),(48,'Video','','<div style=\"color: #333333; font-family: Tahoma, Helvetica, Arial, sans-serif; font-size: 76%; background-image: initial; background-attachment: initial; background-origin: initial; background-clip: initial; background-color: #ffffff; line-height: 1.3em; background-position: initial initial; background-repeat: initial initial; margin: 8px;\">\r\n<p> <span class=\"Apple-style-span\" style=\"color: #454545; font-family: Arial, Helvetica, sans-serif; line-height: normal;\">&lt;iframe width=\"425\" height=\"349\" src=\"&lt;a id=&quot;yui_3_2_0_1_1318898507222154\" href=\"http://www.youtube.com/embed/pM6k00aiH98?hl=es&amp;fs=1\" target=\"_blank\" rel=\"nofollow\" style=\"color: #234786; text-decoration: underline; outline-style: none; outline-width: initial; outline-color: initial;&quot;&gt;http://www.youtube.com/embed/pM6k00aiH98?hl=es&amp;fs=1\" frameborder=\"0\" allowfullscreen&gt;&lt;/iframe&gt;</span></p>\r\n</div>',1,'position-14',0,'0000-00-00 00:00:00','0000-00-00 00:00:00','0000-00-00 00:00:00',-2,'mod_custom',1,0,'{\"prepare_content\":\"1\",\"backgroundimage\":\"\",\"layout\":\"_:default\",\"moduleclass_sfx\":\"\",\"cache\":\"1\",\"cache_time\":\"900\",\"cachemode\":\"static\"}',0,'*'),(49,'Enlaces Web','','',1,'weblinksload',0,'0000-00-00 00:00:00','0000-00-00 00:00:00','0000-00-00 00:00:00',-2,'mod_weblinks',1,1,'{\"catid\":\"32\",\"count\":\"5\",\"ordering\":\"title\",\"direction\":\"asc\",\"target\":\"3\",\"description\":\"0\",\"hits\":\"0\",\"count_clicks\":\"0\",\"layout\":\"\",\"moduleclass_sfx\":\"\",\"cache\":\"1\",\"cache_time\":\"900\",\"cachemode\":\"static\"}',0,'*'),(52,'Ruta','','',1,'breadcrumbsload',0,'0000-00-00 00:00:00','0000-00-00 00:00:00','0000-00-00 00:00:00',1,'mod_breadcrumbs',1,1,'{\"showHome\":\"1\",\"homeText\":\"Home\",\"showLast\":\"1\",\"separator\":\"\",\"layout\":\"\",\"moduleclass_sfx\":\"\",\"cache\":\"0\",\"cache_time\":\"900\",\"cachemode\":\"itemid\"}',0,'*'),(61,'Articulos Categorias','','',1,'articlescategoriesload',0,'0000-00-00 00:00:00','0000-00-00 00:00:00','0000-00-00 00:00:00',-2,'mod_articles_categories',1,1,'{\"parent\":\"29\",\"show_description\":\"0\",\"show_children\":\"0\",\"maxlevel\":\"0\",\"count\":\"0\",\"layout\":\"\",\"moduleclass_sfx\":\"\",\"owncache\":\"1\",\"cache_time\":\"900\"}',0,'*'),(56,'Anuncios','','',1,'bannersload',0,'0000-00-00 00:00:00','0000-00-00 00:00:00','0000-00-00 00:00:00',-2,'mod_banners',1,1,'{\"target\":\"1\",\"count\":\"1\",\"cid\":\"1\",\"catid\":[\"15\"],\"tag_search\":\"0\",\"ordering\":\"random\",\"header_text\":\"\",\"footer_text\":\"\",\"layout\":\"\",\"moduleclass_sfx\":\"\",\"cache\":\"1\",\"cache_time\":\"900\"}',0,'*'),(58,'Especial','','<h1>&iexcl;Esta semana tenemos en especial a mitad de precio las deliciosas naranjas!</h1><div>&iexcl;Sólo para nuestros clientes especiales!</div><div>Utilice el código: Joomla! when ordering</div><p><em>Este módulo sólo puede ser visto por la gente en el grupo de clientes o superior.</em></p>',1,'position-12',0,'0000-00-00 00:00:00','0000-00-00 00:00:00','0000-00-00 00:00:00',-2,'mod_custom',4,1,'{\"prepare_content\":\"1\",\"layout\":\"\",\"moduleclass_sfx\":\"\",\"cache\":\"1\",\"cache_time\":\"900\",\"cachemode\":\"static\"}',0,'*'),(62,'Conmutar Idioma','','',3,'position-4',0,'0000-00-00 00:00:00','0000-00-00 00:00:00','0000-00-00 00:00:00',-2,'mod_languages',1,1,'{\"header_text\":\"\",\"footer_text\":\"\",\"image\":\"1\",\"layout\":\"\",\"moduleclass_sfx\":\"\",\"cache\":\"1\",\"cache_time\":\"900\",\"cachemode\":\"static\"}',0,'*'),(63,'Buscar','','',1,'position-0',0,'0000-00-00 00:00:00','0000-00-00 00:00:00','0000-00-00 00:00:00',-2,'mod_search',1,1,'{\"width\":\"20\",\"text\":\"\",\"button\":\"\",\"button_pos\":\"right\",\"imagebutton\":\"1\",\"button_text\":\"\",\"set_itemid\":\"\",\"layout\":\"\",\"moduleclass_sfx\":\"\",\"cache\":\"1\",\"cache_time\":\"900\",\"cachemode\":\"itemid\"}',0,'*'),(64,'Conmutar Idioma','','',1,'languageswitcherload',0,'0000-00-00 00:00:00','0000-00-00 00:00:00','0000-00-00 00:00:00',-2,'mod_languages',1,1,'{\"header_text\":\"\",\"footer_text\":\"\",\"image\":\"1\",\"layout\":\"\",\"moduleclass_sfx\":\"\",\"cache\":\"1\",\"cache_time\":\"900\",\"cachemode\":\"static\"}',0,'*'),(65,'Sobre Tienda de Frutas','','<p>El sitio de la Tienda de Frutas muestra una serie de características de Joomla!.</p><p>La plantilla utiliza clases de hojas de estilo en cascada para cambiar el diseño de los elementos, como la creación de la lista alfabética horizontal en la Enciclopedia de Frutas.</p><p> </p>',1,'position-4',0,'0000-00-00 00:00:00','0000-00-00 00:00:00','0000-00-00 00:00:00',-2,'mod_custom',1,1,'{\"prepare_content\":\"1\",\"layout\":\"\",\"moduleclass_sfx\":\"\",\"cache\":\"1\",\"cache_time\":\"900\",\"cachemode\":\"static\"}',0,'*'),(69,'Articulos Categoria','','',1,'articlescategoryload',0,'0000-00-00 00:00:00','0000-00-00 00:00:00','0000-00-00 00:00:00',-2,'mod_articles_category',1,1,'{\"mode\":\"normal\",\"show_on_article_page\":\"1\",\"show_front\":\"show\",\"count\":\"0\",\"category_filtering_type\":\"1\",\"catid\":[\"72\"],\"show_child_category_articles\":\"0\",\"levels\":\"1\",\"author_filtering_type\":\"1\",\"created_by\":[\"\"],\"author_alias_filtering_type\":\"1\",\"created_by_alias\":[\"\"],\"excluded_articles\":\"\",\"date_filtering\":\"off\",\"date_field\":\"a.created\",\"start_date_range\":\"\",\"end_date_range\":\"\",\"relative_date\":\"30\",\"article_ordering\":\"a.title\",\"article_ordering_direction\":\"ASC\",\"article_grouping\":\"none\",\"article_grouping_direction\":\"ksort\",\"month_year_format\":\"F Y\",\"item_heading\":\"4\",\"show_date\":\"0\",\"show_date_field\":\"created\",\"show_date_format\":\"Y-m-d H:i:s\",\"show_category\":\"0\",\"show_hits\":\"0\",\"show_author\":\"0\",\"show_introtext\":\"0\",\"introtext_limit\":\"100\",\"layout\":\"\",\"moduleclass_sfx\":\"\",\"owncache\":\"1\",\"cache_time\":\"900\"}',0,'*'),(70,'Buscar (Plantilla Atomic)','','',1,'atomic-search',0,'0000-00-00 00:00:00','0000-00-00 00:00:00','0000-00-00 00:00:00',1,'mod_search',1,0,'{\"width\":\"20\",\"text\":\"\",\"button\":\"\",\"button_pos\":\"right\",\"imagebutton\":\"\",\"button_text\":\"\",\"set_itemid\":\"\",\"layout\":\"\",\"moduleclass_sfx\":\"\",\"cache\":\"1\",\"cache_time\":\"900\",\"cachemode\":\"itemid\"}',0,'*'),(86,'Video','','',1,'position-12',0,'0000-00-00 00:00:00','0000-00-00 00:00:00','0000-00-00 00:00:00',0,'mod_j16html',1,0,'{\"moduleclass_sfx\":\"\",\"cache\":\"0\",\"fwd_html\":\"<object width=\\\"480\\\" height=\\\"360\\\"><param name=\\\"movie\\\" value=\\\"http:\\/\\/www.youtube.com\\/v\\/pM6k00aiH98?version=3&amp;hl=es_ES\\\"><\\/param><param name=\\\"allowFullScreen\\\" value=\\\"true\\\"><\\/param><param name=\\\"allowscriptaccess\\\" value=\\\"always\\\"><\\/param><embed src=\\\"http:\\/\\/www.youtube.com\\/v\\/pM6k00aiH98?version=3&amp;hl=es_ES\\\" type=\\\"application\\/x-shockwave-flash\\\" width=\\\"480\\\" height=\\\"360\\\" allowscriptaccess=\\\"always\\\" allowfullscreen=\\\"true\\\"><\\/embed><\\/object>\",\"clean_js\":\"1\",\"clean_css\":\"1\",\"clean_all\":\"1\"}',0,'*'),(72,'Cita Superior (Plantilla Atomic)','','<hr />\r\n<h2 class=\"alt\">Gestión de Contenidos de gran alcance y un framework extensible simple.</h2>\r\n<hr />',1,'atomic-topquote',42,'2015-05-26 23:32:06','0000-00-00 00:00:00','0000-00-00 00:00:00',1,'mod_custom',1,0,'{\"prepare_content\":\"1\",\"layout\":\"\",\"moduleclass_sfx\":\"\",\"cache\":\"1\",\"cache_time\":\"900\",\"cachemode\":\"static\"}',0,'*'),(73,'Columna Inferior Izquierda (Plantilla Atomic)','','<h6>Esta es una columna anidada</h6>\r\n<p>Lorem ipsum dolor sit amet, consectetur adipisicing elit, sed do eiusmod tempor incididunt ut labore et dolore magna aliqua. Ut enim ad minim veniam, quis nostrud exercitation ullamco laboris nisi ut aliquip ex ea commodo consequat. Duis aute irure dolor in reprehenderit in voluptate velit esse cillum dolore eu fugiat nulla pariatur.</p>',1,'atomic-bottomleft',0,'0000-00-00 00:00:00','0000-00-00 00:00:00','0000-00-00 00:00:00',1,'mod_custom',1,0,'{\"prepare_content\":\"1\",\"layout\":\"\",\"moduleclass_sfx\":\"\",\"cache\":\"1\",\"cache_time\":\"900\",\"cachemode\":\"static\"}',0,'*'),(74,'Columna Inferior Centro (Plantilla Atomic)','','<h6>Esta es otra columna anidada</h6>\r\n<p>Lorem ipsum dolor sit amet, consectetur adipisicing elit, sed do eiusmod tempor incididunt ut labore et dolore magna aliqua. Ut enim ad minim veniam, quis nostrud exercitation ullamco laboris nisi ut aliquip ex ea commodo consequat. Duis aute irure dolor in reprehenderit in voluptate velit esse cillum dolore eu fugiat nulla pariatur.</p>',1,'atomic-bottommiddle',0,'0000-00-00 00:00:00','0000-00-00 00:00:00','0000-00-00 00:00:00',1,'mod_custom',1,0,'{\"prepare_content\":\"1\",\"layout\":\"\",\"moduleclass_sfx\":\"\",\"cache\":\"1\",\"cache_time\":\"900\",\"cachemode\":\"static\"}',0,'*'),(75,'Barra lateral (Plantilla Atomic)','','<h3>A <span class=\"alt\">Simple</span> barra lateral</h3>\r\n<p>Vestibulum ante ipsum primis in faucibus orci luctus et ultrices posuere cubilia Curae; Cras ornare mattis nunc. Mauris venenatis, pede sed aliquet vehicula, lectus tellus pulvinar neque, non cursus sem nisi vel augue.</p>\r\n<p class=\"quiet\">Vestibulum ante ipsum primis in faucibus orci luctus et ultrices posuere cubilia Curae; Cras ornare mattis nunc. Mauris venenatis, pede sed aliquet vehicula, lectus tellus pulvinar neque, non cursus sem nisi vel augue.</p>\r\n<h5>Incremental leading</h5>\r\n<p class=\"incr\">Vestibulum ante ipsum primis in faucibus orci luctus vestibulum ante ipsum primis in faucibus orci luctus et ultrices posuere cubilia Curae; Cras ornare mattis nunc. Mauris venenatis, pede sed aliquet vehicula, lectus tellus pulvinar neque, non cursus sem nisi vel augue. sed aliquet vehicula, lectus tellus.</p>\r\n<p class=\"incr\">Vestibulum ante ipsum primis in faucibus orci luctus et ultrices posuere cubilia Curae; Cras ornare mattis nunc. Mauris venenatis, pede sed aliquet vehicula, lectus tellus pulvinar neque, non cursus sem nisi vel augue. sed aliquet vehicula, lectus tellus pulvinar neque, non cursus sem nisi vel augue. ipsum primis in faucibus orci luctus et ultrices posuere cubilia Curae; Cras ornare mattis nunc. Mauris venenatis, pede sed aliquet vehicula, lectus tellus pulvinar neque, non cursus sem nisi vel augue. sed aliquet vehicula, lectus tellus pulvinar neque, non cursus sem nisi vel augue.</p>',1,'atomic-sidebar',0,'0000-00-00 00:00:00','0000-00-00 00:00:00','0000-00-00 00:00:00',1,'mod_custom',1,0,'{\"prepare_content\":\"1\",\"layout\":\"\",\"moduleclass_sfx\":\"\",\"cache\":\"1\",\"cache_time\":\"900\",\"cachemode\":\"static\"}',0,'*'),(76,'Acceso (Plantilla Atomic)','','',2,'atomic-sidebar',0,'0000-00-00 00:00:00','0000-00-00 00:00:00','0000-00-00 00:00:00',1,'mod_login',1,0,'{\"pretext\":\"\",\"posttext\":\"\",\"login\":\"\",\"logout\":\"\",\"greeting\":\"1\",\"name\":\"0\",\"usesecure\":\"0\",\"layout\":\"\",\"moduleclass_sfx\":\"\",\"cache\":\"0\"}',0,'*'),(77,'Diseño y Hosting Joomla!','','',1,'position-11',0,'0000-00-00 00:00:00','0000-00-00 00:00:00','0000-00-00 00:00:00',-2,'mod_banners',1,0,'{\"target\":\"1\",\"count\":\"1\",\"cid\":\"2\",\"catid\":[\"15\"],\"tag_search\":\"0\",\"ordering\":\"0\",\"header_text\":\"\",\"footer_text\":\"Dise\\u00f1o y Hosting Joomla!\",\"layout\":\"_:default\",\"moduleclass_sfx\":\"\",\"cache\":\"1\",\"cache_time\":\"900\"}',0,'*'),(78,'Joomla Spanish','','',1,'position-9',0,'0000-00-00 00:00:00','0000-00-00 00:00:00','0000-00-00 00:00:00',-2,'mod_banners',1,0,'{\"target\":\"1\",\"count\":\"1\",\"cid\":\"1\",\"catid\":[\"15\"],\"tag_search\":\"0\",\"ordering\":\"0\",\"header_text\":\"\",\"footer_text\":\"Joomla! en tu idioma\",\"layout\":\"_:default\",\"moduleclass_sfx\":\"\",\"cache\":\"1\",\"cache_time\":\"900\"}',0,'*');

--
-- Table structure for table `btdov_modules_menu`
--

CREATE TABLE `btdov_modules_menu` (
  `moduleid` int(11) NOT NULL DEFAULT '0',
  `menuid` int(11) NOT NULL DEFAULT '0',
  PRIMARY KEY (`moduleid`,`menuid`)
) ENGINE=MyISAM DEFAULT CHARSET=utf8;

--
-- Dumping data for table `btdov_modules_menu`
--

INSERT INTO `btdov_modules_menu` VALUES (1,0),(2,0),(3,0),(4,0),(6,0),(7,0),(8,0),(9,0),(10,0),(12,0),(13,0),(14,0),(15,0),(16,205),(16,435),(17,0),(18,0),(19,0),(20,0),(22,231),(22,234),(22,238),(22,242),(22,243),(22,244),(22,296),(22,399),(22,400),(23,-463),(23,-462),(23,-433),(23,-432),(23,-431),(23,-430),(23,-429),(23,-427),(23,-400),(23,-399),(23,-296),(23,-244),(23,-243),(23,-242),(23,-238),(23,-234),(25,294),(26,-463),(26,-462),(26,-433),(26,-432),(26,-431),(26,-430),(26,-429),(26,-427),(26,-400),(26,-399),(26,-296),(26,-244),(26,-243),(26,-242),(26,-238),(26,-234),(27,325),(28,310),(29,302),(30,410),(31,309),(32,309),(33,307),(34,326),(35,306),(36,304),(37,311),(38,300),(39,301),(40,313),(41,324),(45,303),(47,231),(47,234),(47,242),(47,243),(47,244),(47,296),(47,399),(47,400),(48,435),(49,417),(52,416),(56,305),(57,238),(57,427),(57,429),(57,430),(57,431),(57,432),(57,433),(57,462),(57,463),(58,427),(58,429),(58,430),(58,431),(58,432),(58,433),(58,462),(58,463),(61,443),(62,231),(62,234),(62,242),(62,243),(62,244),(62,296),(62,399),(62,400),(63,0),(64,447),(65,427),(65,429),(65,430),(65,431),(65,432),(65,433),(65,462),(65,463),(68,243),(69,459),(70,285),(70,316),(71,285),(71,316),(72,285),(72,316),(73,285),(73,316),(74,285),(74,316),(75,285),(75,316),(76,285),(76,316),(77,0),(78,0),(79,0),(80,435),(85,0),(86,435);

--
-- Table structure for table `btdov_newsfeeds`
--

CREATE TABLE `btdov_newsfeeds` (
  `catid` int(11) NOT NULL DEFAULT '0',
  `id` int(10) unsigned NOT NULL AUTO_INCREMENT,
  `name` varchar(100) NOT NULL DEFAULT '',
  `alias` varchar(100) NOT NULL DEFAULT '',
  `link` varchar(200) NOT NULL DEFAULT '',
  `filename` varchar(200) DEFAULT NULL,
  `published` tinyint(1) NOT NULL DEFAULT '0',
  `numarticles` int(10) unsigned NOT NULL DEFAULT '1',
  `cache_time` int(10) unsigned NOT NULL DEFAULT '3600',
  `checked_out` int(10) unsigned NOT NULL DEFAULT '0',
  `checked_out_time` datetime NOT NULL DEFAULT '0000-00-00 00:00:00',
  `ordering` int(11) NOT NULL DEFAULT '0',
  `rtl` tinyint(4) NOT NULL DEFAULT '0',
  `access` int(10) unsigned NOT NULL DEFAULT '0',
  `language` char(7) NOT NULL DEFAULT '',
  `params` text NOT NULL,
  `created` datetime NOT NULL DEFAULT '0000-00-00 00:00:00',
  `created_by` int(10) unsigned NOT NULL DEFAULT '0',
  `created_by_alias` varchar(255) NOT NULL DEFAULT '',
  `modified` datetime NOT NULL DEFAULT '0000-00-00 00:00:00',
  `modified_by` int(10) unsigned NOT NULL DEFAULT '0',
  `metakey` text NOT NULL,
  `metadesc` text NOT NULL,
  `metadata` text NOT NULL,
  `xreference` varchar(50) NOT NULL COMMENT 'Una referencia para los vínculos a datos externos conjuntos.',
  `publish_up` datetime NOT NULL DEFAULT '0000-00-00 00:00:00',
  `publish_down` datetime NOT NULL DEFAULT '0000-00-00 00:00:00',
  PRIMARY KEY (`id`),
  KEY `idx_access` (`access`),
  KEY `idx_checkout` (`checked_out`),
  KEY `idx_state` (`published`),
  KEY `idx_catid` (`catid`),
  KEY `idx_createdby` (`created_by`),
  KEY `idx_language` (`language`),
  KEY `idx_xreference` (`xreference`)
) ENGINE=MyISAM AUTO_INCREMENT=5 DEFAULT CHARSET=utf8;

--
-- Dumping data for table `btdov_newsfeeds`
--

INSERT INTO `btdov_newsfeeds` VALUES (17,1,'Joomla! Anuncios','joomla-announcements','http://www.joomla.org/announcements.feed?type=rss',NULL,1,5,3600,0,'0000-00-00 00:00:00',1,0,1,'en-GB','{\"show_feed_image\":\"\",\"show_feed_description\":\"\",\"show_item_description\":\"\",\"feed_character_count\":\"0\"}','0000-00-00 00:00:00',0,'','2010-07-10 23:40:09',42,'','','{\"robots\":\"\",\"author\":\"\",\"rights\":\"\"}','','0000-00-00 00:00:00','0000-00-00 00:00:00'),(17,2,'Joomla! Nuevas Extensiones','new-joomla-extensions','http://feeds.joomla.org/JoomlaExtensions',NULL,1,5,3600,0,'0000-00-00 00:00:00',4,0,1,'en-GB','{\"show_feed_image\":\"\",\"show_feed_description\":\"\",\"show_item_description\":\"\",\"feed_character_count\":\"0\"}','0000-00-00 00:00:00',0,'','2010-08-23 02:49:21',42,'','','{\"robots\":\"\",\"author\":\"\",\"rights\":\"\"}','','0000-00-00 00:00:00','0000-00-00 00:00:00'),(17,3,'Joomla! Noticias de Seguridad','joomla-security-news','http://feeds.joomla.org/JoomlaSecurityNews',NULL,1,5,3600,0,'0000-00-00 00:00:00',2,0,1,'en-GB','{\"show_feed_image\":\"\",\"show_feed_description\":\"\",\"show_item_description\":\"\",\"feed_character_count\":\"0\"}','0000-00-00 00:00:00',0,'','2010-08-23 02:49:21',42,'','','{\"robots\":\"\",\"author\":\"\",\"rights\":\"\"}','','0000-00-00 00:00:00','0000-00-00 00:00:00'),(17,4,'Joomla! Conectar','joomla-connect','http://feeds.joomla.org/JoomlaConnect',NULL,1,5,3600,0,'0000-00-00 00:00:00',3,0,1,'en-GB','{\"show_feed_image\":\"\",\"show_feed_description\":\"\",\"show_item_description\":\"\",\"feed_character_count\":\"0\"}','0000-00-00 00:00:00',0,'','2010-08-23 02:49:21',42,'','','{\"robots\":\"\",\"author\":\"\",\"rights\":\"\"}','','0000-00-00 00:00:00','0000-00-00 00:00:00');

--
-- Table structure for table `btdov_redirect_links`
--

CREATE TABLE `btdov_redirect_links` (
  `id` int(10) unsigned NOT NULL AUTO_INCREMENT,
  `old_url` varchar(255) NOT NULL,
  `new_url` varchar(255) NOT NULL,
  `referer` varchar(150) NOT NULL,
  `comment` varchar(255) NOT NULL,
  `published` tinyint(4) NOT NULL,
  `created_date` datetime NOT NULL DEFAULT '0000-00-00 00:00:00',
  `modified_date` datetime NOT NULL DEFAULT '0000-00-00 00:00:00',
  PRIMARY KEY (`id`),
  UNIQUE KEY `idx_link_old` (`old_url`),
  KEY `idx_link_modifed` (`modified_date`)
) ENGINE=MyISAM AUTO_INCREMENT=140 DEFAULT CHARSET=utf8;

--
-- Dumping data for table `btdov_redirect_links`
--



--
-- Table structure for table `btdov_schemas`
--

CREATE TABLE `btdov_schemas` (
  `extension_id` int(11) NOT NULL,
  `version_id` varchar(20) NOT NULL,
  PRIMARY KEY (`extension_id`,`version_id`)
) ENGINE=MyISAM DEFAULT CHARSET=utf8;

--
-- Dumping data for table `btdov_schemas`
--

INSERT INTO `btdov_schemas` VALUES (700,'1.7.1-2011-09-20');

--
-- Table structure for table `btdov_session`
--

CREATE TABLE `btdov_session` (
  `session_id` varchar(200) NOT NULL DEFAULT '',
  `client_id` tinyint(3) unsigned NOT NULL DEFAULT '0',
  `guest` tinyint(4) unsigned DEFAULT '1',
  `time` varchar(14) DEFAULT '',
  `data` mediumtext,
  `userid` int(11) DEFAULT '0',
  `username` varchar(150) DEFAULT '',
  `usertype` varchar(50) DEFAULT '',
  PRIMARY KEY (`session_id`),
  KEY `whosonline` (`guest`,`usertype`),
  KEY `userid` (`userid`),
  KEY `time` (`time`)
) ENGINE=MyISAM DEFAULT CHARSET=utf8;

--
-- Dumping data for table `btdov_session`
--

INSERT INTO `btdov_session` VALUES ('b0775a6e1ca35a7f85531d7f0b0d50f6',1,1,'1620751841','__default|a:8:{s:15:\"session.counter\";i:10;s:19:\"session.timer.start\";i:1620750819;s:18:\"session.timer.last\";i:1620751000;s:17:\"session.timer.now\";i:1620751841;s:22:\"session.client.browser\";s:130:\"Mozilla/5.0 (Windows NT 10.0; Win64; x64) AppleWebKit/537.36 (KHTML, like Gecko) Chrome/90.0.4430.93 Safari/537.36 Edg/90.0.818.56\";s:8:\"registry\";O:9:\"JRegistry\":1:{s:7:\"\0*\0data\";O:8:\"stdClass\":1:{s:5:\"Array\";a:1:{i:0;O:8:\"stdClass\":1:{s:5:\"Array\";a:1:{i:1;s:0:\"\";}}}}}s:4:\"user\";O:5:\"JUser\":23:{s:9:\"\0*\0isRoot\";N;s:2:\"id\";i:0;s:4:\"name\";N;s:8:\"username\";N;s:5:\"email\";N;s:8:\"password\";N;s:14:\"password_clear\";s:0:\"\";s:8:\"usertype\";N;s:5:\"block\";N;s:9:\"sendEmail\";i:0;s:12:\"registerDate\";N;s:13:\"lastvisitDate\";N;s:10:\"activation\";N;s:6:\"params\";N;s:6:\"groups\";a:0:{}s:5:\"guest\";i:1;s:10:\"\0*\0_params\";O:9:\"JRegistry\":1:{s:7:\"\0*\0data\";O:8:\"stdClass\":0:{}}s:14:\"\0*\0_authGroups\";N;s:14:\"\0*\0_authLevels\";a:2:{i:0;i:1;i:1;i:1;}s:15:\"\0*\0_authActions\";N;s:12:\"\0*\0_errorMsg\";N;s:10:\"\0*\0_errors\";a:0:{}s:3:\"aid\";i:0;}s:13:\"session.token\";s:32:\"d0ea6f65f51853937dd45de2411e7fb1\";}',0,'','');

--
-- Table structure for table `btdov_template_styles`
--

CREATE TABLE `btdov_template_styles` (
  `id` int(10) unsigned NOT NULL AUTO_INCREMENT,
  `template` varchar(50) NOT NULL DEFAULT '',
  `client_id` tinyint(1) unsigned NOT NULL DEFAULT '0',
  `home` char(7) NOT NULL DEFAULT '0',
  `title` varchar(255) NOT NULL DEFAULT '',
  `params` text NOT NULL,
  PRIMARY KEY (`id`),
  KEY `idx_template` (`template`),
  KEY `idx_home` (`home`)
) ENGINE=MyISAM AUTO_INCREMENT=117 DEFAULT CHARSET=utf8;

--
-- Dumping data for table `btdov_template_styles`
--

INSERT INTO `btdov_template_styles` VALUES (2,'bluestork',1,'1','Bluestork - Defecto','{\"useRoundedCorners\":\"1\",\"showSiteName\":\"0\"}'),(3,'atomic',0,'0','Atomic - Defecto','{}'),(4,'beez_20',0,'1','Beez2 - Defecto','{\"wrapperSmall\":53,\"wrapperLarge\":72,\"logo\":\"http:\\/\\/vida.cr\\/images\\/logo-vac.png\",\"sitetitle\":\"Recursos Vida Abundante\",\"sitedescription\":\"\",\"navposition\":\"left\",\"templatecolor\":\"personal\"}'),(5,'hathor',1,'0','Hathor - Defecto','{\"showSiteName\":\"0\",\"highContrast\":\"0\",\"boldText\":\"0\",\"altMenu\":\"0\"}'),(6,'beez5',0,'0','Beez5 - Tienda de Frutas - Defecto','{\"wrapperSmall\":\"53\",\"wrapperLarge\":\"72\",\"logo\":\"images\\/sampledata\\/fruitshop\\/fruits.gif\",\"sitetitle\":\"Mercado Matuna \",\"sitedescription\":\"Sitio de muestra de Tienda de Frutas\",\"navposition\":\"left\",\"html5\":\"0\"}'),(114,'beez_20',0,'0','Beez2 - Parks Sitio','{\"wrapperSmall\":\"53\",\"wrapperLarge\":\"72\",\"logo\":\"\",\"sitetitle\":\"Australian Parks\",\"sitedescription\":\"Parks Sample Site\",\"navposition\":\"center\",\"templatecolor\":\"nature\"}'),(116,'rt_afterburner_j16',0,'0','rt_afterburner_j16 - Defecto','{\"colorStyle\":\"dark2\",\"templateWidth\":\"962\",\"leftcolumnWidth\":\"210\",\"rightcolumnWidth\":\"210\",\"leftcolumnColor\":\"color2\",\"rightcolumnColor\":\"color1\",\"mootools_enabled\":\"1\",\"caption_enabled\":\"1\",\"rocketthemeLogo\":\"1\"}');

--
-- Table structure for table `btdov_update_categories`
--

CREATE TABLE `btdov_update_categories` (
  `categoryid` int(11) NOT NULL AUTO_INCREMENT,
  `name` varchar(20) DEFAULT '',
  `description` text NOT NULL,
  `parent` int(11) DEFAULT '0',
  `updatesite` int(11) DEFAULT '0',
  PRIMARY KEY (`categoryid`)
) ENGINE=MyISAM DEFAULT CHARSET=utf8 COMMENT='Actualizar Categorías';

--
-- Dumping data for table `btdov_update_categories`
--


--
-- Table structure for table `btdov_update_sites`
--

CREATE TABLE `btdov_update_sites` (
  `update_site_id` int(11) NOT NULL AUTO_INCREMENT,
  `name` varchar(100) DEFAULT '',
  `type` varchar(20) DEFAULT '',
  `location` text NOT NULL,
  `enabled` int(11) DEFAULT '0',
  PRIMARY KEY (`update_site_id`)
) ENGINE=MyISAM AUTO_INCREMENT=3 DEFAULT CHARSET=utf8 COMMENT='Actualizar Sitios';

--
-- Dumping data for table `btdov_update_sites`
--

INSERT INTO `btdov_update_sites` VALUES (1,'Joomla Core','collection','http://update.joomla.org/core/list.xml',1),(2,'Joomla Directorio de Extensiones','collection','http://update.joomla.org/jed/list.xml',1);

--
-- Table structure for table `btdov_update_sites_extensions`
--

CREATE TABLE `btdov_update_sites_extensions` (
  `update_site_id` int(11) NOT NULL DEFAULT '0',
  `extension_id` int(11) NOT NULL DEFAULT '0',
  PRIMARY KEY (`update_site_id`,`extension_id`)
) ENGINE=MyISAM DEFAULT CHARSET=utf8 COMMENT='Sitios de enlaces de extensiones para actualizar';

--
-- Dumping data for table `btdov_update_sites_extensions`
--

INSERT INTO `btdov_update_sites_extensions` VALUES (1,700),(2,700);

--
-- Table structure for table `btdov_updates`
--

CREATE TABLE `btdov_updates` (
  `update_id` int(11) NOT NULL AUTO_INCREMENT,
  `update_site_id` int(11) DEFAULT '0',
  `extension_id` int(11) DEFAULT '0',
  `categoryid` int(11) DEFAULT '0',
  `name` varchar(100) DEFAULT '',
  `description` text NOT NULL,
  `element` varchar(100) DEFAULT '',
  `type` varchar(20) DEFAULT '',
  `folder` varchar(20) DEFAULT '',
  `client_id` tinyint(3) DEFAULT '0',
  `version` varchar(10) DEFAULT '',
  `data` text NOT NULL,
  `detailsurl` text NOT NULL,
  PRIMARY KEY (`update_id`)
) ENGINE=MyISAM DEFAULT CHARSET=utf8 COMMENT='Actualizaciones disponibles';

--
-- Dumping data for table `btdov_updates`
--


--
-- Table structure for table `btdov_user_profiles`
--

CREATE TABLE `btdov_user_profiles` (
  `user_id` int(11) NOT NULL,
  `profile_key` varchar(100) NOT NULL,
  `profile_value` varchar(255) NOT NULL,
  `ordering` int(11) NOT NULL DEFAULT '0',
  UNIQUE KEY `idx_user_id_profile_key` (`user_id`,`profile_key`)
) ENGINE=MyISAM DEFAULT CHARSET=utf8 COMMENT='Tabla para almacenar el perfil de usuario';

--
-- Dumping data for table `btdov_user_profiles`
--


--
-- Table structure for table `btdov_user_usergroup_map`
--

CREATE TABLE `btdov_user_usergroup_map` (
  `user_id` int(10) unsigned NOT NULL DEFAULT '0' COMMENT 'Clave externa a #__users.id',
  `group_id` int(10) unsigned NOT NULL DEFAULT '0' COMMENT 'Clave externa a #__usergroups.id',
  PRIMARY KEY (`user_id`,`group_id`)
) ENGINE=MyISAM DEFAULT CHARSET=utf8;

--
-- Dumping data for table `btdov_user_usergroup_map`
--

INSERT INTO `btdov_user_usergroup_map` VALUES (42,8),(48,2),(57,2),(75,2),(96,2),(96,8),(97,2);

--
-- Table structure for table `btdov_usergroups`
--

CREATE TABLE `btdov_usergroups` (
  `id` int(10) unsigned NOT NULL AUTO_INCREMENT COMMENT 'Clave primaria',
  `parent_id` int(10) unsigned NOT NULL DEFAULT '0' COMMENT 'ID Lista de referencia adyacente',
  `lft` int(11) NOT NULL DEFAULT '0' COMMENT 'Anidadas conjunto lft.',
  `rgt` int(11) NOT NULL DEFAULT '0' COMMENT 'Anidadas conjunto rgt.',
  `title` varchar(100) NOT NULL DEFAULT '',
  PRIMARY KEY (`id`),
  UNIQUE KEY `idx_usergroup_parent_title_lookup` (`parent_id`,`title`),
  KEY `idx_usergroup_title_lookup` (`title`),
  KEY `idx_usergroup_adjacency_lookup` (`parent_id`),
  KEY `idx_usergroup_nested_set_lookup` (`lft`,`rgt`) USING BTREE
) ENGINE=MyISAM AUTO_INCREMENT=13 DEFAULT CHARSET=utf8;

--
-- Dumping data for table `btdov_usergroups`
--

INSERT INTO `btdov_usergroups` VALUES (1,0,1,20,'Publico'),(2,1,6,17,'Registrado'),(3,2,7,14,'Autor'),(4,3,8,11,'Editor'),(5,4,9,10,'Publicador'),(6,1,2,5,'Gestor'),(7,6,3,4,'Administrador'),(8,1,18,19,'Super Usuarios'),(12,2,15,16,'Grupo Atencion al Cliente (Ejemplo)'),(10,3,12,13,'Proveedores Tienda (Ejemplo)');

--
-- Table structure for table `btdov_users`
--

CREATE TABLE `btdov_users` (
  `id` int(11) NOT NULL AUTO_INCREMENT,
  `name` varchar(255) NOT NULL DEFAULT '',
  `username` varchar(150) NOT NULL DEFAULT '',
  `email` varchar(100) NOT NULL DEFAULT '',
  `password` varchar(100) NOT NULL DEFAULT '',
  `usertype` varchar(25) NOT NULL DEFAULT '',
  `block` tinyint(4) NOT NULL DEFAULT '0',
  `sendEmail` tinyint(4) DEFAULT '0',
  `registerDate` datetime NOT NULL DEFAULT '0000-00-00 00:00:00',
  `lastvisitDate` datetime NOT NULL DEFAULT '0000-00-00 00:00:00',
  `activation` varchar(100) NOT NULL DEFAULT '',
  `params` text NOT NULL,
  PRIMARY KEY (`id`),
  KEY `usertype` (`usertype`),
  KEY `idx_name` (`name`),
  KEY `idx_block` (`block`),
  KEY `username` (`username`),
  KEY `email` (`email`)
) ENGINE=MyISAM AUTO_INCREMENT=98 DEFAULT CHARSET=utf8;

--
-- Dumping data for table `btdov_users`
--

INSERT INTO `btdov_users` VALUES (42,'Super User','admin','asolano@vida.cr','d2064d358136996bd22421584a7cb33e:trd7TvKHx6dMeoMmBVxYmg0vuXEA4199','deprecated',0,1,'2011-10-10 21:54:41','2020-12-22 15:14:45','','{\"admin_style\":\"\",\"admin_language\":\"\",\"language\":\"\",\"editor\":\"\",\"helpsite\":\"\",\"timezone\":\"America\\/Costa_Rica\"}'),(48,'CCI  CHANNEL','CCI Channel','tecnologia@vida.cr','9dbde0e24c5fb788419ed49505a36c28:hqxXWYvYxQK13wrcTPNCuZIBNfiDl3wM','',0,0,'2011-10-14 21:56:27','2015-08-05 16:14:57','','{\"admin_style\":\"\",\"admin_language\":\"es-ES\",\"language\":\"es-ES\",\"editor\":\"\",\"helpsite\":\"\",\"timezone\":\"\"}'),(57,'Faro del Caribe','farodelcaribe','jefaturaderadio@farodelcaribe.org','54e6d08a41d074e2cfaf9f7e39d6938c:3IfCSJpa9ojZUbPQgGCvN7d17xIlDWfy','',0,0,'2012-03-09 20:21:43','2021-02-08 13:30:11','','{}'),(75,'Ebenezer Television','German ','directortv@ebenezer.hn','09dc925be7e814480b284745e50b0283:w2caVvNnR0fsehaPSezTxL3M3ahtkDp1','',0,0,'2013-04-03 21:14:44','2013-04-04 18:26:28','','{}'),(96,'Rodolfo Edo. Flores M','rflores ','rflores@vida.cr','bd8716eda91fed5da61f2d3e53cc1e72:aI629D4hh1X4h14sFAF8oWVu2qkY7zRh','',0,0,'2015-06-24 17:52:59','2017-10-30 15:51:54','','{\"admin_style\":\"\",\"admin_language\":\"\",\"language\":\"\",\"editor\":\"\",\"helpsite\":\"\",\"timezone\":\"\"}'),(97,'Comunidad Redentor ','Cattaneo','cattaneo@comunidadredentor.org','84148aecc375efc66e311fe2520dab21:kqIgsngSGqT27QB879Cd30gk8Sef17Fc','',0,1,'2017-03-24 20:25:25','2017-04-03 17:43:32','','{\"admin_style\":\"\",\"admin_language\":\"\",\"language\":\"\",\"editor\":\"\",\"helpsite\":\"\",\"timezone\":\"\"}');

--
-- Table structure for table `btdov_viewlevels`
--

CREATE TABLE `btdov_viewlevels` (
  `id` int(10) unsigned NOT NULL AUTO_INCREMENT COMMENT 'Clave primaria',
  `title` varchar(100) NOT NULL DEFAULT '',
  `ordering` int(11) NOT NULL DEFAULT '0',
  `rules` varchar(5120) NOT NULL COMMENT 'Control de acceso codificado de JSON.',
  PRIMARY KEY (`id`),
  UNIQUE KEY `idx_assetgroup_title_lookup` (`title`)
) ENGINE=MyISAM AUTO_INCREMENT=5 DEFAULT CHARSET=utf8;

--
-- Dumping data for table `btdov_viewlevels`
--

INSERT INTO `btdov_viewlevels` VALUES (1,'Publico',0,'[1]'),(2,'Registrado',1,'[6,2,8]'),(3,'Especial',2,'[6,3,8]'),(4,'Nivel Acceso Clientes (Ejemplo)',3,'[6,3,12]');

--
-- Table structure for table `btdov_weblinks`
--

CREATE TABLE `btdov_weblinks` (
  `id` int(10) unsigned NOT NULL AUTO_INCREMENT,
  `catid` int(11) NOT NULL DEFAULT '0',
  `sid` int(11) NOT NULL DEFAULT '0',
  `title` varchar(250) NOT NULL DEFAULT '',
  `alias` varchar(255) NOT NULL DEFAULT '',
  `url` varchar(250) NOT NULL DEFAULT '',
  `description` text NOT NULL,
  `date` datetime NOT NULL DEFAULT '0000-00-00 00:00:00',
  `hits` int(11) NOT NULL DEFAULT '0',
  `state` tinyint(1) NOT NULL DEFAULT '0',
  `checked_out` int(11) NOT NULL DEFAULT '0',
  `checked_out_time` datetime NOT NULL DEFAULT '0000-00-00 00:00:00',
  `ordering` int(11) NOT NULL DEFAULT '0',
  `archived` tinyint(1) NOT NULL DEFAULT '0',
  `approved` tinyint(1) NOT NULL DEFAULT '1',
  `access` int(11) NOT NULL DEFAULT '1',
  `params` text NOT NULL,
  `language` char(7) NOT NULL DEFAULT '',
  `created` datetime NOT NULL DEFAULT '0000-00-00 00:00:00',
  `created_by` int(10) unsigned NOT NULL DEFAULT '0',
  `created_by_alias` varchar(255) NOT NULL DEFAULT '',
  `modified` datetime NOT NULL DEFAULT '0000-00-00 00:00:00',
  `modified_by` int(10) unsigned NOT NULL DEFAULT '0',
  `metakey` text NOT NULL,
  `metadesc` text NOT NULL,
  `metadata` text NOT NULL,
  `featured` tinyint(3) unsigned NOT NULL DEFAULT '0' COMMENT 'Establecer si el link aparece.',
  `xreference` varchar(50) NOT NULL COMMENT 'Una referencia para activar vínculos a datos externos conjuntos.',
  `publish_up` datetime NOT NULL DEFAULT '0000-00-00 00:00:00',
  `publish_down` datetime NOT NULL DEFAULT '0000-00-00 00:00:00',
  PRIMARY KEY (`id`),
  KEY `idx_access` (`access`),
  KEY `idx_checkout` (`checked_out`),
  KEY `idx_state` (`state`),
  KEY `idx_catid` (`catid`),
  KEY `idx_createdby` (`created_by`),
  KEY `idx_featured_catid` (`featured`,`catid`),
  KEY `idx_language` (`language`),
  KEY `idx_xreference` (`xreference`)
) ENGINE=MyISAM AUTO_INCREMENT=10 DEFAULT CHARSET=utf8;

--
-- Dumping data for table `btdov_weblinks`
--

INSERT INTO `btdov_weblinks` VALUES (1,32,0,'Joomla!','joomla','http://www.joomla.org','<p>Home of Joomla!</p>','0000-00-00 00:00:00',3,1,0,'0000-00-00 00:00:00',1,0,1,1,'{\"target\":\"0\",\"count_clicks\":\"\"}','en-GB','2011-01-01 00:00:01',0,'','2011-01-01 00:00:01',42,'','','{\"robots\":\"\",\"author\":\"\",\"rights\":\"\"}',0,'','0000-00-00 00:00:00','0000-00-00 00:00:00'),(2,33,0,'php.net','php','http://www.php.net','<p>The language that Joomla! is developed in</p>','0000-00-00 00:00:00',6,1,0,'0000-00-00 00:00:00',1,0,1,1,'{\"target\":\"\",\"count_clicks\":\"\"}','en-GB','2011-01-01 00:00:01',0,'','2011-01-01 00:00:01',42,'','','{\"robots\":\"\",\"author\":\"\",\"rights\":\"\"}',0,'','0000-00-00 00:00:00','0000-00-00 00:00:00'),(3,33,0,'MySQL','mysql','http://www.mysql.com','<p>The database that Joomla! uses</p>','0000-00-00 00:00:00',1,1,0,'0000-00-00 00:00:00',2,0,1,1,'{\"target\":\"\",\"count_clicks\":\"\"}','en-GB','2011-01-01 00:00:01',0,'','2011-01-01 00:00:01',42,'','','{\"robots\":\"\",\"author\":\"\",\"rights\":\"\"}',0,'','0000-00-00 00:00:00','0000-00-00 00:00:00'),(4,32,0,'OpenSourceMatters','opensourcematters','http://www.opensourcematters.org','<p>Home of OSM</p>','0000-00-00 00:00:00',11,1,0,'0000-00-00 00:00:00',3,0,1,1,'{\"target\":\"0\",\"count_clicks\":\"\"}','en-GB','2011-01-01 00:00:01',0,'','2011-01-01 00:00:01',42,'','','{\"robots\":\"\",\"author\":\"\",\"rights\":\"\"}',0,'','0000-00-00 00:00:00','0000-00-00 00:00:00'),(5,32,0,'Joomla! - Forums','joomla-forums','http://forum.joomla.org','<p>Joomla! Forums</p>','0000-00-00 00:00:00',4,1,0,'0000-00-00 00:00:00',2,0,1,1,'{\"target\":\"0\",\"count_clicks\":\"\"}','en-GB','2011-01-01 00:00:01',0,'','2011-01-01 00:00:01',42,'','','{\"robots\":\"\",\"author\":\"\",\"rights\":\"\"}',0,'','0000-00-00 00:00:00','0000-00-00 00:00:00'),(6,33,0,'Ohloh Tracking of Joomla!','ohloh-tracking-of-joomla','http://www.ohloh.net/projects/20','<p>Objective reports from Ohloh about Joomla\'s development activity. Joomla! has some star developers with serious kudos.</p>','0000-00-00 00:00:00',1,1,0,'0000-00-00 00:00:00',3,0,1,1,'{\"target\":\"0\",\"count_clicks\":\"\"}','en-GB','2011-01-01 00:00:01',0,'','2011-01-01 00:00:01',42,'','','{\"robots\":\"\",\"author\":\"\",\"rights\":\"\"}',0,'','0000-00-00 00:00:00','0000-00-00 00:00:00'),(7,31,0,'Baw Baw National Park','baw-baw-national-park','http://www.parkweb.vic.gov.au/1park_display.cfm?park=44','<p>Park of the Austalian Alps National Parks system, Baw Baw  features sub alpine vegetation, beautiful views, and opportunities for hiking, skiing and other outdoor activities.</p>','0000-00-00 00:00:00',0,1,0,'0000-00-00 00:00:00',1,0,1,1,'{\"target\":\"0\",\"count_clicks\":\"\"}','en-GB','2011-01-01 00:00:01',0,'','2011-01-01 00:00:01',42,'','','{\"robots\":\"\",\"author\":\"\",\"rights\":\"\"}',0,'','0000-00-00 00:00:00','0000-00-00 00:00:00'),(8,31,0,'Kakadu','kakadu','http://www.environment.gov.au/parks/kakadu/index.html','<p>Kakadu is known for both its cultural heritage and its natural features. It is one of a small number of places listed as World Heritage Places for both reasons. Extensive rock art is found there.</p>','0000-00-00 00:00:00',0,1,0,'0000-00-00 00:00:00',2,0,1,1,'{\"target\":\"0\",\"count_clicks\":\"\"}','en-GB','2011-01-01 00:00:01',0,'','2011-01-01 00:00:01',42,'','','{\"robots\":\"\",\"author\":\"\",\"rights\":\"\"}',0,'','0000-00-00 00:00:00','0000-00-00 00:00:00'),(9,31,0,'Pulu Keeling','pulu-keeling','http://www.environment.gov.au/parks/cocos/index.html','<p>Located on an atoll 2000 kilometers north of Perth, Pulu Keeling is Australia\'s smallest national park.</p>','0000-00-00 00:00:00',0,1,0,'0000-00-00 00:00:00',3,0,1,1,'{\"target\":\"0\",\"count_clicks\":\"\"}','en-GB','2011-01-01 00:00:01',0,'','2011-01-01 00:00:01',42,'','','{\"robots\":\"\",\"author\":\"\",\"rights\":\"\"}',0,'','2010-07-10 23:44:03','0000-00-00 00:00:00');


